031
CXUS54 KFWD 010730
CF6GLE
PRELIMINARY LOCAL CLIMATOLOGICAL DATA (WS FORM: F-6)
STATION: GAINESVILLE
MONTH: JULY
YEAR: 2020
LATITUDE: 33 39 N
LONGITUDE: 97 12 W
TEMPERATURE IN F: :PCPN: SNOW: WIND :SUNSHINE: SKY :PK WND
================================================================================
1 2 3 4 5 6A 6B 7 8 9 10 11 12 13 14 15 16 17 18
12Z AVG MX 2MIN
DY MAX MIN AVG DEP HDD CDD WTR SNW DPTH SPD SPD DIR MIN PSBL S-S WX SPD DR
================================================================================
1 93 76 85 4 0 20 0.00 0.0 0 11.3 18 200 M M 3 23 190
2 94 74 84 3 0 19 0.01 0.0 0 6.5 12 240 M M 3 21 30
3 96 72 84 3 0 19 0.00 0.0 0 3.5 10 140 M M 1 1 M M
4 91 71 81 0 0 16 0.00 0.0 0 5.4 13 100 M M 1 18 100
5 90 74 82 0 0 17 0.01 0.0 0 3.8 9 70 M M 3 M M
6 85 73 79 -3 0 14 0.42 0.0 0 5.4 14 40 M M 5 17 40
7 88 71 80 -2 0 15 0.00 0.0 0 3.6 8 80 M M 4 1 10 120
8 92 73 83 1 0 18 0.00 0.0 0 7.0 16 150 M M 2 17 160
9 95 75 85 3 0 20 0.00 0.0 0 9.9 18 160 M M 1 24 160
10 93 75 84 2 0 19 0.00 0.0 0 8.0 20 140 M M 1 27 60
11 99 75 87 5 0 22 0.00 0.0 0 6.3 12 200 M M 0 M M
12 94 70 82 0 0 17 0.06 0.0 0 6.1 24 50 M M 2 3 39 50
13 100 77 89 6 0 24 0.00 0.0 0 8.6 14 190 M M 0 20 190
14 98 79 89 6 0 24 0.00 0.0 0 13.2 20 160 M M 0 25 200
15 94 76 85 2 0 20 0.00 0.0 0 11.1 23 180 M M 0 28 180
16 97 77 87 4 0 22 0.00 0.0 0 7.9 13 170 M M 0 17 160
17 97 74 86 3 0 21 0.00 0.0 0 7.3 15 140 M M 1 16 140
18 92 76 84 1 0 19 0.00 0.0 0 9.0 16 160 M M 0 23 150
19 94 74 84 1 0 19 0.00 0.0 0 7.1 14 170 M M 1 16 160
20 95 73 84 0 0 19 0.00 0.0 0 6.7 13 150 M M 0 16 150
21 92 73 83 -1 0 18 0.00 0.0 0 7.9 12 120 M M 4 17 160
22 92 73 83 -1 0 18 0.02 0.0 0 6.7 13 90 M M 2 16 90
23 94 74 84 0 0 19 0.00 0.0 0 7.6 12 130 M M 3 17 130
24 95 74 85 1 0 20 0.00 0.0 0 6.8 14 90 M M 2 18 70
25 90 74 82 -2 0 17 0.00 0.0 0 6.5 12 120 M M 5 16 110
26 92 73 83 -1 0 18 0.00 0.0 0 4.3 7 140 M M 4 M M
27 90 73 82 -2 0 17 0.00 0.0 0 6.0 9 120 M M 2 9 200
28 81 72 77 -7 0 12 1.35 0.0 0 5.9 12 210 M M 6 M M
29 90 74 82 -2 0 17 0.32 0.0 0 7.3 14 190 M M 4 20 190
30 96 71 84 0 0 19 0.53 0.0 0 10.2 20 360 M M 2 3 31 360
31 87 71 79 -5 0 14 0.05 0.0 0 7.3 15 340 M M 4 20 330
================================================================================
SM 2876 2287 0 573 2.77 0.0 224.2 M 66
================================================================================
AV 92.8 73.8 7.2 FASTST M M 2 MAX(MPH)
MISC ----> # 24 50 # 39 50
================================================================================
NOTES:
# LAST OF SEVERAL OCCURRENCES
COLUMN 17 PEAK WIND IN M.P.H.
PRELIMINARY LOCAL CLIMATOLOGICAL DATA (WS FORM: F-6) , PAGE 2
STATION: GAINESVILLE
MONTH: JULY
YEAR: 2020
LATITUDE: 33 39 N
LONGITUDE: 97 12 W
[TEMPERATURE DATA] [PRECIPITATION DATA] SYMBOLS USED IN COLUMN 16
AVERAGE MONTHLY: 83.3 TOTAL FOR MONTH: 2.77 1 = FOG OR MIST
DPTR FM NORMAL: 0.4 DPTR FM NORMAL: 0.19 2 = FOG REDUCING VISIBILITY
HIGHEST: 100 ON 13 GRTST 24HR 1.35 ON 28-28 TO 1/4 MILE OR LESS
LOWEST: 70 ON 12 3 = THUNDER
SNOW, ICE PELLETS, HAIL 4 = ICE PELLETS
TOTAL MONTH: 0.0 INCH 5 = HAIL
GRTST 24HR 0.0 6 = FREEZING RAIN OR DRIZZLE
GRTST DEPTH: 0 7 = DUSTSTORM OR SANDSTORM:
VSBY 1/2 MILE OR LESS
8 = SMOKE OR HAZE
[NO. OF DAYS WITH] [WEATHER - DAYS WITH] 9 = BLOWING SNOW
X = TORNADO
MAX 32 OR BELOW: 0 0.01 INCH OR MORE: 9
MAX 90 OR ABOVE: 27 0.10 INCH OR MORE: 4
MIN 32 OR BELOW: 0 0.50 INCH OR MORE: 2
MIN 0 OR BELOW: 0 1.00 INCH OR MORE: 1
[HDD (BASE 65) ]
TOTAL THIS MO. 0 CLEAR (SCALE 0-3) 23
DPTR FM NORMAL 0 PTCLDY (SCALE 4-7) 8
TOTAL FM JUL 1 0 CLOUDY (SCALE 8-10) 0
DPTR FM NORMAL 0
[CDD (BASE 65) ]
TOTAL THIS MO. 573
DPTR FM NORMAL 18 [PRESSURE DATA]
TOTAL FM JAN 1 1261 HIGHEST SLP M ON M
DPTR FM NORMAL 53 LOWEST SLP M ON M
[REMARKS]
#FINAL-07-20#