000
CXUS54 KJAN 022129
CF6GLH
PRELIMINARY LOCAL CLIMATOLOGICAL DATA (WS FORM: F-6)
STATION: GREENVILLE
MONTH: SEPTEMBER
YEAR: 2023
LATITUDE: 33 29 N
LONGITUDE: 90 59 W
TEMPERATURE IN F: :PCPN: SNOW: WIND :SUNSHINE: SKY :PK WND
================================================================================
1 2 3 4 5 6A 6B 7 8 9 10 11 12 13 14 15 16 17 18
12Z AVG MX 2MIN
DY MAX MIN AVG DEP HDD CDD WTR SNW DPTH SPD SPD DIR MIN PSBL S-S WX SPD DR
================================================================================
1 92 65 79 -1 0 14 0.00 0.0 0 6.2 14 20 M M 0 21 10
2 95 69 82 3 0 17 T 0.0 0 6.1 13 90 M M 3 19 50
3 95 73 84 5 0 19 0.01 0.0 0 5.4 13 100 M M 1 17 100
4 96 72 84 5 0 19 0.80 0.0 0 8.6 25 260 M M 2 13 37 250
5 94 71 83 4 0 18 0.06 0.0 0 6.7 15 270 M M 3 3 23 260
6 97 74 86 7 0 21 T 0.0 0 5.9 26 300 M M 2 3 38 310
7 93 67 80 2 0 15 0.02 0.0 0 5.0 15 60 M M 1 19 60
8 88 62 75 -3 0 10 0.00 0.0 0 4.4 21 160 M M 0 31 160
9 89 63 76 -2 0 11 0.00 0.0 0 7.6 16 350 M M 0 23 340
10 86 58 72 -6 0 7 0.00 0.0 0 7.3 16 350 M M 2 24 340
11 92 62 77 -1 0 12 0.00 0.0 0 4.3 16 300 M M 1 29 330
12 88 66 77 0 0 12 T 0.0 0 6.2 16 330 M M 2 21 320
13 85 68 77 0 0 12 0.13 0.0 0 5.0 10 40 M M 6 14 30
14 81 64 73 -4 0 8 0.26 0.0 0 6.5 14 30 M M 9 1 17 20
15 89 64 77 1 0 12 0.00 0.0 0 6.5 13 340 M M 5 18 300
16 90 60 75 -1 0 10 0.00 0.0 0 5.0 16 310 M M 1 23 310
17 90 60 75 -1 0 10 0.00 0.0 0 4.6 18 330 M M 1 28 300
18 89 55 72 -4 0 7 0.00 0.0 0 4.6 17 350 M M 0 23 340
19 91 54 73 -2 0 8 0.00 0.0 0 5.1 13 200 M M 0 8 18 190
20 90 63 77 2 0 12 0.00 0.0 0 7.0 16 200 M M 1 20 200
21 94 64 79 4 0 14 0.00 0.0 0 5.8 13 160 M M 1 8 19 160
22 92 69 81 7 0 16 0.00 0.0 0 5.1 13 280 M M 3 8 17 270
23 96 61 79 5 0 14 T 0.0 0 2.4 12 140 M M 0 8 15 150
24 79 68 74 0 0 9 0.05 0.0 0 4.4 13 140 M M 6 123 17 150
25 92 69 81 8 0 16 0.00 0.0 0 3.7 13 340 M M 6 12 17 350
26 93 67 80 7 0 15 T 0.0 0 2.7 15 270 M M 1 123 22 60
27 95 64 80 7 0 15 0.00 0.0 0 4.8 14 150 M M 0 8 18 150
28 92 65 79 7 0 14 0.00 0.0 0 6.5 13 150 M M 0 18 17 140
29 94 59 77 5 0 12 0.00 0.0 0 4.8 13 100 M M 0 12 18 80
30 96 59 78 6 0 13 0.00 0.0 0 4.0 14 60 M M 0 8 21 50
================================================================================
SM 2733 1935 0 392 1.33 0.0 162.2 M 57
================================================================================
AV 91.1 64.5 5.4 FASTST M M 2 MAX(MPH)
MISC ----> 26 300 38 310
================================================================================
NOTES:
# LAST OF SEVERAL OCCURRENCES
COLUMN 17 PEAK WIND IN M.P.H.
PRELIMINARY LOCAL CLIMATOLOGICAL DATA (WS FORM: F-6) , PAGE 2
STATION: GREENVILLE
MONTH: SEPTEMBER
YEAR: 2023
LATITUDE: 33 29 N
LONGITUDE: 90 59 W
[TEMPERATURE DATA] [PRECIPITATION DATA] SYMBOLS USED IN COLUMN 16
AVERAGE MONTHLY: 77.8 TOTAL FOR MONTH: 1.33 1 = FOG OR MIST
DPTR FM NORMAL: 1.8 DPTR FM NORMAL: -2.29 2 = FOG REDUCING VISIBILITY
HIGHEST: 97 ON 6 GRTST 24HR 0.86 ON 4- 5 TO 1/4 MILE OR LESS
LOWEST: 54 ON 19 3 = THUNDER
SNOW, ICE PELLETS, HAIL 4 = ICE PELLETS
TOTAL MONTH: 0.0 INCH 5 = HAIL
GRTST 24HR 0.0 6 = FREEZING RAIN OR DRIZZLE
GRTST DEPTH: 0 7 = DUSTSTORM OR SANDSTORM:
VSBY 1/2 MILE OR LESS
8 = SMOKE OR HAZE
[NO. OF DAYS WITH] [WEATHER - DAYS WITH] 9 = BLOWING SNOW
X = TORNADO
MAX 32 OR BELOW: 0 0.01 INCH OR MORE: 7
MAX 90 OR ABOVE: 21 0.10 INCH OR MORE: 3
MIN 32 OR BELOW: 0 0.50 INCH OR MORE: 1
MIN 0 OR BELOW: 0 1.00 INCH OR MORE: 0
[HDD (BASE 65) ]
TOTAL THIS MO. 0 CLEAR (SCALE 0-3) 25
DPTR FM NORMAL -4 PTCLDY (SCALE 4-7) 4
TOTAL FM JUL 1 0 CLOUDY (SCALE 8-10) 1
DPTR FM NORMAL -2
[CDD (BASE 65) ]
TOTAL THIS MO. 392
DPTR FM NORMAL 58 [PRESSURE DATA]
TOTAL FM JAN 1 2360 HIGHEST SLP 30.17 ON 30
DPTR FM NORMAL 189 LOWEST SLP 29.84 ON 4
[REMARKS]
#FINAL-09-23#