000
CXUS54 KHGX 012248
CLMGLS
CLIMATE REPORT
NATIONAL WEATHER SERVICE HOUSTON/GALVESTON TX
548 PM CDT TUE AUG 01 2023
...................................
...THE GALVESTON CLIMATE SUMMARY FOR THE MONTH OF JULY 2023...
CLIMATE NORMAL PERIOD: 1991 TO 2020
CLIMATE RECORD PERIOD: 1874 TO 2023
WEATHER OBSERVED NORMAL DEPART LAST YEAR`S
VALUE DATE(S) VALUE FROM VALUE DATE(S)
NORMAL
................................................................
TEMPERATURE (F)
RECORD
HIGH 101 07/16/1932
LOW 66 07/19/1910
HIGHEST 94 07/02 MM MM 96 07/10
07/31
LOWEST 74 07/22 MM MM 75 07/14
AVG. MAXIMUM 91.7 91.3 0.4 93.0
AVG. MINIMUM 81.2 1.5
MEAN 86.5 85.5 1.0 88.6
DAYS MAX >= 90 29 20.1 8.9 30
DAYS MAX <= 32 0 0.0 0.0 0
DAYS MIN <= 32 0 0.0 0.0 0
DAYS MIN <= 0 0 0.0 0.0 0
PRECIPITATION (INCHES)
RECORD
MAXIMUM 18.74 1900
TOTALS 1.99 3.41 -1.42 4.14
DAILY AVG. 0.06 0.11 -0.05 0.13
DAYS >= .01 6 8.7 -2.7 8
DAYS >= .10 3 5.5 -2.5 5
DAYS >= .50 1 2.7 -1.7 2
DAYS >= 1.00 1 1.2 -0.2 2
GREATEST
24 HR. TOTAL 1.37 07/22 TO 07/22 2.28 07/14 TO 07/14
SNOWFALL (INCHES)
RECORDS
TOTAL MM MM
TOTALS 0.0
SINCE 7/1 0.0
LIQUID 7/1 0.00
DAYS >= TRACE 0
GREATEST
24 HR TOTAL 0.0
DEGREE DAYS
HEATING TOTAL 0 0 0
SINCE 7/1 0 0 0
COOLING TOTAL 675 636 39
SINCE 1/1 2148 1937 211
................................................................
WIND (MPH)
AVERAGE WIND SPEED 10.1
HIGHEST WIND SPEED/DIRECTION 38/010 DATE 07/22
HIGHEST GUST SPEED/DIRECTION 50/010 DATE 07/22
SKY COVER
AVERAGE SKY COVER 0.14
AVERAGE RH (PERCENT) 77
WEATHER CONDITIONS. NUMBER OF DAYS WITH
THUNDERSTORM 6 MIXED PRECIP 0
HEAVY RAIN 1 RAIN 5
LIGHT RAIN 10 FREEZING RAIN 0
LT FREEZING RAIN 0 HAIL 0
HEAVY SNOW 0 SNOW 0
LIGHT SNOW 0 SLEET 0
FOG 8 FOG W/VIS <= 1/4 MILE 0
HAZE 6
- INDICATES NEGATIVE NUMBERS.
R INDICATES RECORD WAS SET OR TIED.
MM INDICATES DATA IS MISSING.
T INDICATES TRACE AMOUNT.
$$