000
CXUS54 KMAF 011110
CF6GNC
PRELIMINARY LOCAL CLIMATOLOGICAL DATA (WS FORM: F-6)
STATION: GAINES COUNTY AIRPORT
MONTH: SEPTEMBER
YEAR: 2021
LATITUDE: 32 40 N
LONGITUDE: 102 39 W
TEMPERATURE IN F: :PCPN: SNOW: WIND :SUNSHINE: SKY :PK WND
================================================================================
1 2 3 4 5 6A 6B 7 8 9 10 11 12 13 14 15 16 17 18
12Z AVG MX 2MIN
DY MAX MIN AVG DEP HDD CDD WTR SNW DPTH SPD SPD DIR MIN PSBL S-S WX SPD DR
================================================================================
1 96 69 83 M 0 18 M M M 6.2 16 170 M M 3 36 160
2 94 70 82 M 0 17 0.01 M M 6.7 22 150 M M 4 28 150
3 94 72 83 M 0 18 M M M 7.0 24 180 M M 3 8 31 180
4 94 67 81 M 0 16 M M M 6.6 20 250 M M 2 24 250
5 83 69 76 M 0 11 M M M 4.7 12 100 M M 3 M M
6 91 65 78 M 0 13 M M M 2.8 8 150 M M 0 16 300
7 96 65 81 M 0 16 M M M 5.0 10 90 M M 0 M M
8 93 67 80 M 0 15 M M M 4.9 10 110 M M 1 8 16 40
9 95 65 80 M 0 15 M M M 4.2 8 150 M M 0 8 M M
10 97 59 78 M 0 13 M M M 6.0 13 240 M M 1 8 17 230
11 96 62 79 M 0 14 M M M 6.3 15 140 M M 5 8 21 140
12 90 61 76 M 0 11 M M M 7.0 13 120 M M 2 8 20 120
13 90 60 75 M 0 10 M M M 6.0 12 150 M M 3 8 20 150
14 92 61 77 M 0 12 M M M 6.4 13 140 M M 0 17 170
15 87 65 76 M 0 11 M M M 7.2 10 120 M M 1 17 150
16 92 61 77 M 0 12 M M M 7.4 13 160 M M 0 21 160
17 97 59 78 M 0 13 M M M 4.4 9 190 M M 0 M M
18 92 65 79 M 0 14 M M M 7.1 16 130 M M 0 22 130
19 95 60 78 M 0 13 M M M 5.7 10 170 M M 0 18 280
20 99 66 83 M 0 18 M M M 7.7 13 280 M M 0 21 260
21 78 58 68 M 0 3 M M M 13.8 26 50 M M 0 36 50
22 80 48 64 M 1 0 M M M 4.5 10 130 M M 0 20 90
23 87 49 68 M 0 3 M M M 7.5 15 180 M M 0 22 200
24 88 54 71 M 0 6 M M M 6.2 14 150 M M 0 20 150
25 87 53 70 M 0 5 M M M 4.4 12 150 M M 0 18 160
26 88 54 71 M 0 6 M M M 6.8 13 170 M M 0 18 170
27 89 65 77 M 0 12 M M M 8.4 14 250 M M 2 22 270
28 89 61 75 M 0 10 M M M 9.8 18 220 M M 1 24 240
29 90 57 74 M 0 9 M M M 7.6 14 250 M M 0 22 270
30 77 59 68 M 0 3 M M M 9.5 18 360 M M 3 28 350
================================================================================
SM 2716 1846 1 337 0.01 M 197.8 M 34
================================================================================
AV 90.5 61.5 6.6 FASTST M M 1 MAX(MPH)
MISC ----> 26 50 # 36 160
================================================================================
NOTES:
# LAST OF SEVERAL OCCURRENCES
COLUMN 17 PEAK WIND IN M.P.H.
PRELIMINARY LOCAL CLIMATOLOGICAL DATA (WS FORM: F-6) , PAGE 2
STATION: GAINES COUNTY AIRPORT
MONTH: SEPTEMBER
YEAR: 2021
LATITUDE: 32 40 N
LONGITUDE: 102 39 W
[TEMPERATURE DATA] [PRECIPITATION DATA] SYMBOLS USED IN COLUMN 16
AVERAGE MONTHLY: 76.0 TOTAL FOR MONTH: 0.01 1 = FOG OR MIST
DPTR FM NORMAL: 0.0 DPTR FM NORMAL: M 2 = FOG REDUCING VISIBILITY
HIGHEST: 99 ON 20 GRTST 24HR 0.01 ON 2- 2 TO 1/4 MILE OR LESS
LOWEST: 48 ON 22 3 = THUNDER
SNOW, ICE PELLETS, HAIL 4 = ICE PELLETS
TOTAL MONTH: M 5 = HAIL
GRTST 24HR M ON M 6 = FREEZING RAIN OR DRIZZLE
GRTST DEPTH: M ON M 7 = DUSTSTORM OR SANDSTORM:
VSBY 1/2 MILE OR LESS
8 = SMOKE OR HAZE
[NO. OF DAYS WITH] [WEATHER - DAYS WITH] 9 = BLOWING SNOW
X = TORNADO
MAX 32 OR BELOW: 0 0.01 INCH OR MORE: 1
MAX 90 OR ABOVE: 19 0.10 INCH OR MORE: 0
MIN 32 OR BELOW: 0 0.50 INCH OR MORE: 0
MIN 0 OR BELOW: 0 1.00 INCH OR MORE: 0
[HDD (BASE 65) ]
TOTAL THIS MO. 1 CLEAR (SCALE 0-3) 26
DPTR FM NORMAL M PTCLDY (SCALE 4-7) 4
TOTAL FM JUL 1 1 CLOUDY (SCALE 8-10) 0
DPTR FM NORMAL M
[CDD (BASE 65) ]
TOTAL THIS MO. 337
DPTR FM NORMAL M [PRESSURE DATA]
TOTAL FM JAN 1 1907 HIGHEST SLP M ON M
DPTR FM NORMAL M LOWEST SLP M ON M
[REMARKS]
#FINAL-09-21#