000
CXUS52 KJAX 011536
CF6GNV
PRELIMINARY LOCAL CLIMATOLOGICAL DATA (WS FORM: F-6)
STATION: GAINESVILLE
MONTH: SEPTEMBER
YEAR: 2021
LATITUDE: 29 40 N
LONGITUDE: 82 16 W
TEMPERATURE IN F: :PCPN: SNOW: WIND :SUNSHINE: SKY :PK WND
================================================================================
1 2 3 4 5 6A 6B 7 8 9 10 11 12 13 14 15 16 17 18
12Z AVG MX 2MIN
DY MAX MIN AVG DEP HDD CDD WTR SNW DPTH SPD SPD DIR MIN PSBL S-S WX SPD DR
================================================================================
1 78 73 76 -5 0 11 1.70 0.0 0 6.5 17 190 M M 4 1 29 280
2 88 72 80 0 0 15 0.07 0.0 0 4.7 21 240 M M 5 13 27 240
3 89 72 81 1 0 16 0.00 0.0 0 4.5 14 50 M M 5 12 20 100
4 89 68 79 -1 0 14 0.00 0.0 0 4.5 12 30 M M 1 23 80
5 90 67 79 -1 0 14 0.00 0.0 0 3.4 12 360 M M 3 12 17 340
6 89 71 80 0 0 15 0.01 0.0 0 2.8 18 260 M M 2 1 25 260
7 87 73 80 0 0 15 0.08 0.0 0 2.4 15 280 M M 3 13 22 280
8 88 72 80 0 0 15 0.25 0.0 0 3.2 14 140 M M 4 13 17 130
9 86 73 80 0 0 15 0.15 0.0 0 6.7 15 240 M M 3 13 24 200
10 88 73 81 1 0 16 T 0.0 0 2.6 14 50 M M 3 13 21 50
11 86 73 80 0 0 15 0.00 0.0 0 5.0 18 60 M M 1 26 80
12 89 71 80 1 0 15 0.00 0.0 0 6.6 16 80 M M 1 24 80
13 90 69 80 1 0 15 0.00 0.0 0 3.8 10 60 M M 0 11 70
14 91 70 81 2 0 16 1.54 0.0 0 3.3 12 160 M M 3 13 23 160
15 90 71 81 2 0 16 0.53 0.0 0 3.6 13 80 M M 4 13 22 100
16 89 73 81 2 0 16 0.72 0.0 0 3.7 10 160 M M 3 13 15 160
17 87 72 80 1 0 15 0.00 0.0 0 2.8 14 240 M M 4 13 21 230
18 90 72 81 2 0 16 1.18 0.0 0 2.6 13 40 M M 7 123 18 30
19 87 72 80 2 0 15 1.97 0.0 0 2.5 18 50 M M 7 13 24 40
20 84 74 79 1 0 14 0.07 0.0 0 3.0 15 230 M M 6 1 21 220
21 89 72 81 3 0 16 0.40 0.0 0 2.5 16 260 M M 4 13 20 260
22 88 71 80 2 0 15 0.00 0.0 0 3.7 10 240 M M 3 1 18 200
23 85 63 74 -4 0 9 0.00 0.0 0 5.5 13 360 M M 4 19 360
24 87 61 74 -4 0 9 0.00 0.0 0 4.8 14 70 M M 4 18 60
25 88 66 77 0 0 12 0.00 0.0 0 3.5 10 360 M M 4 15 40
26 87 66 77 0 0 12 0.00 0.0 0 2.9 10 10 M M 3 13 10
27 87 61 74 -3 0 9 0.00 0.0 0 2.6 12 60 M M 1 16 60
28 87 63 75 -2 0 10 0.00 0.0 0 1.7 9 80 M M 2 13 120
29 88 64 76 0 0 11 0.00 0.0 0 1.3 8 70 M M 1 13 10
30 88 63 76 0 0 11 0.00 0.0 0 2.7 13 60 M M 1 16 50
================================================================================
SM 2629 2081 0 413 8.67 0.0 109.4 M 96
================================================================================
AV 87.6 69.4 3.6 FASTST M M 3 MAX(MPH)
MISC ----> 21 240 29 280
================================================================================
NOTES:
# LAST OF SEVERAL OCCURRENCES
COLUMN 17 PEAK WIND IN M.P.H.
PRELIMINARY LOCAL CLIMATOLOGICAL DATA (WS FORM: F-6) , PAGE 2
STATION: GAINESVILLE
MONTH: SEPTEMBER
YEAR: 2021
LATITUDE: 29 40 N
LONGITUDE: 82 16 W
[TEMPERATURE DATA] [PRECIPITATION DATA] SYMBOLS USED IN COLUMN 16
AVERAGE MONTHLY: 78.5 TOTAL FOR MONTH: 8.67 1 = FOG OR MIST
DPTR FM NORMAL: -0.3 DPTR FM NORMAL: 3.62 2 = FOG REDUCING VISIBILITY
HIGHEST: 91 ON 14 GRTST 24HR 3.11 ON 18-19 TO 1/4 MILE OR LESS
LOWEST: 61 ON 27,24 3 = THUNDER
SNOW, ICE PELLETS, HAIL 4 = ICE PELLETS
TOTAL MONTH: 0.0 INCH 5 = HAIL
GRTST 24HR 0.0 6 = FREEZING RAIN OR DRIZZLE
GRTST DEPTH: 0 7 = DUSTSTORM OR SANDSTORM:
VSBY 1/2 MILE OR LESS
8 = SMOKE OR HAZE
[NO. OF DAYS WITH] [WEATHER - DAYS WITH] 9 = BLOWING SNOW
X = TORNADO
MAX 32 OR BELOW: 0 0.01 INCH OR MORE: 13
MAX 90 OR ABOVE: 5 0.10 INCH OR MORE: 9
MIN 32 OR BELOW: 0 0.50 INCH OR MORE: 6
MIN 0 OR BELOW: 0 1.00 INCH OR MORE: 4
[HDD (BASE 65) ]
TOTAL THIS MO. 0 CLEAR (SCALE 0-3) 15
DPTR FM NORMAL 0 PTCLDY (SCALE 4-7) 15
TOTAL FM JUL 1 0 CLOUDY (SCALE 8-10) 0
DPTR FM NORMAL 0
[CDD (BASE 65) ]
TOTAL THIS MO. 413
DPTR FM NORMAL 1 [PRESSURE DATA]
TOTAL FM JAN 1 2462 HIGHEST SLP 30.28 ON 12
DPTR FM NORMAL 33 LOWEST SLP 29.85 ON 22
[REMARKS]
#FINAL-09-21#