000
CXUS54 KLIX 010810
CF6GPT
PRELIMINARY LOCAL CLIMATOLOGICAL DATA (WS FORM: F-6)
STATION: GULFPORT
MONTH: AUGUST
YEAR: 2022
LATITUDE: 30 23 N
LONGITUDE: 89 4 W
TEMPERATURE IN F: :PCPN: SNOW: WIND :SUNSHINE: SKY :PK WND
================================================================================
1 2 3 4 5 6A 6B 7 8 9 10 11 12 13 14 15 16 17 18
12Z AVG MX 2MIN
DY MAX MIN AVG DEP HDD CDD WTR SNW DPTH SPD SPD DIR MIN PSBL S-S WX SPD DR
================================================================================
1 90 74 82 -1 0 17 0.05 M M 4.5 13 160 M M 3 138 16 180
2 87 74 81 -2 0 16 0.08 M M 3.6 16 270 M M 3 13 25 260
3 89 75 82 -1 0 17 T M M 3.1 16 270 M M 4 3 23 260
4 88 75 82 -1 0 17 0.12 M M 6.4 15 130 M M 3 13 20 140
5 90 78 84 1 0 19 0.01 M M 9.1 18 130 M M 2 23 140
6 90 77 84 1 0 19 0.06 M M 4.6 20 170 M M 2 13 27 160
7 91 76 84 1 0 19 0.00 M M 3.7 15 150 M M 1 3 20 150
8 88 73 81 -2 0 16 2.61 0.0 M 3.3 18 160 M M 2 123 26 150
9 87 74 81 -2 0 16 0.01 M M 4.6 17 140 M M 2 3 20 140
10 86 74 80 -3 0 15 0.06 0.0 M 6.4 16 130 M M 4 1 20 120
11 86 76 81 -2 0 16 0.01 0.0 M 3.9 14 160 M M 2 1 17 170
12 87 75 81 -2 0 16 0.19 0.0 M 5.6 16 160 M M 5 1 20 180
13 88 75 82 -1 0 17 0.18 M M 2.1 14 310 M M 2 1 17 310
14 92 75 84 1 0 19 0.00 0.0 M 3.4 12 230 M M 2 17 230
15 95 76 86 3 0 21 0.00 M M 4.1 12 200 M M 1 17 200
16 96 75 86 3 0 21 0.72 M M 7.4 18 70 M M 2 13 24 70
17 94 74 84 1 0 19 0.08 0.0 M 4.5 14 310 M M 2 1 19 160
18 87 75 81 -2 0 16 0.54 0.0 M 4.3 17 340 M M 3 1 23 340
19 86 74 80 -3 0 15 0.89 0.0 M 3.7 20 140 M M 2 13 25 140
20 90 75 83 0 0 18 0.05 M M 3.8 18 200 M M 3 13 30 170
21 90 74 82 -1 0 17 0.05 0.0 M 2.2 20 330 M M 1 3 24 330
22 89 75 82 0 0 17 0.59 M M 4.4 14 140 M M 3 13 18 150
23 85 72 79 -3 0 14 1.28 M M 5.2 18 190 M M 5 138 28 180
24 87 74 81 -1 0 16 2.02 M M 7.3 23 260 M M 5 123 35 260
25 87 75 81 -1 0 16 1.46 M M 5.0 21 130 M M 7 13 36 190
26 88 75 82 0 0 17 T M M 2.9 12 160 M M 3 14 140
27 88 75 82 0 0 17 0.00 M M 3.2 12 160 M M 2 15 160
28 90 76 83 1 0 18 0.00 M M 4.5 18 150 M M 2 25 140
29 93 77 85 3 0 20 0.00 M M 2.3 12 140 M M 1 3 14 200
30 93 75 84 2 0 19 0.41 M M 4.8 22 40 M M 1 13 31 50
31 96 74 85 3 0 20 0.00 0.0 M 4.3 12 30 M M 1 15 10
================================================================================
SM 2773 2322 0 540 11.47 0.0 138.2 M 81
================================================================================
AV 89.5 74.9 4.5 FASTST M M 3 MAX(MPH)
MISC ----> 23 260 36 190
================================================================================
NOTES:
# LAST OF SEVERAL OCCURRENCES
COLUMN 17 PEAK WIND IN M.P.H.
PRELIMINARY LOCAL CLIMATOLOGICAL DATA (WS FORM: F-6) , PAGE 2
STATION: GULFPORT
MONTH: AUGUST
YEAR: 2022
LATITUDE: 30 23 N
LONGITUDE: 89 4 W
[TEMPERATURE DATA] [PRECIPITATION DATA] SYMBOLS USED IN COLUMN 16
AVERAGE MONTHLY: 82.2 TOTAL FOR MONTH: 11.47 1 = FOG OR MIST
DPTR FM NORMAL: -0.4 DPTR FM NORMAL: 4.94 2 = FOG REDUCING VISIBILITY
HIGHEST: 96 ON 31,16 GRTST 24HR 2.76 ON 23-24 TO 1/4 MILE OR LESS
LOWEST: 72 ON 23 3 = THUNDER
SNOW, ICE PELLETS, HAIL 4 = ICE PELLETS
TOTAL MONTH: 0.0 INCH 5 = HAIL
GRTST 24HR 0.0 6 = FREEZING RAIN OR DRIZZLE
GRTST DEPTH: M ON M 7 = DUSTSTORM OR SANDSTORM:
VSBY 1/2 MILE OR LESS
8 = SMOKE OR HAZE
[NO. OF DAYS WITH] [WEATHER - DAYS WITH] 9 = BLOWING SNOW
X = TORNADO
MAX 32 OR BELOW: 0 0.01 INCH OR MORE: 22
MAX 90 OR ABOVE: 14 0.10 INCH OR MORE: 12
MIN 32 OR BELOW: 0 0.50 INCH OR MORE: 8
MIN 0 OR BELOW: 0 1.00 INCH OR MORE: 4
[HDD (BASE 65) ]
TOTAL THIS MO. 0 CLEAR (SCALE 0-3) 21
DPTR FM NORMAL 0 PTCLDY (SCALE 4-7) 10
TOTAL FM JUL 1 0 CLOUDY (SCALE 8-10) 0
DPTR FM NORMAL 0
[CDD (BASE 65) ]
TOTAL THIS MO. 540
DPTR FM NORMAL -7 [PRESSURE DATA]
TOTAL FM JAN 1 2359 HIGHEST SLP M ON M
DPTR FM NORMAL 283 LOWEST SLP 29.87 ON 15
[REMARKS]
#FINAL-08-22#