000
CXUS53 KIWX 010810
CF6GSH
PRELIMINARY LOCAL CLIMATOLOGICAL DATA (WS FORM: F-6)
STATION: GOSHEN
MONTH: MARCH
YEAR: 2022
LATITUDE: 41 31 N
LONGITUDE: 85 47 W
TEMPERATURE IN F: :PCPN: SNOW: WIND :SUNSHINE: SKY :PK WND
================================================================================
1 2 3 4 5 6A 6B 7 8 9 10 11 12 13 14 15 16 17 18
12Z AVG MX 2MIN
DY MAX MIN AVG DEP HDD CDD WTR SNW DPTH SPD SPD DIR MIN PSBL S-S WX SPD DR
================================================================================
1 48 30 39 7 26 0 T M M 8.5 17 300 M M 5 22 230
2 54 24 39 7 26 0 T M M 7.0 24 350 M M 5 18 30 360
3 35 25 30 -3 35 0 0.00 M M 8.2 16 10 M M 1 18 20 20
4 43 22 33 0 32 0 0.00 M M 7.2 14 130 M M 1 20 120
5 70 36 53 19 12 0 T M M 15.2 26 210 M M 2 39 200
6 65 34 50 16 15 0 T M M 17.8 36 210 M M 2 54 200
7 38 32 35 1 30 0 0.55 M M 11.7 28 320 M M 10 18 36 310
8 36 26 31 -4 34 0 0.00 M M 6.9 15 200 M M 7 22 210
9 48 24 36 1 29 0 0.00 M M 7.1 20 250 M M 1 1 26 250
10 39 26 33 -3 32 0 T M M 6.6 17 350 M M 6 1 21 350
11 30 21 26 -10 39 0 0.07 M M 10.9 25 280 M M 7 1 33 280
12 22 13 18 -18 47 0 T M M 14.7 26 320 M M 6 18 36 330
13 48 15 32 -5 33 0 T M M 13.4 24 260 M M 4 37 220
14 60 30 45 8 20 0 0.00 M M 10.3 22 230 M M 1 29 200
15 60 37 49 12 16 0 0.00 M M 6.5 15 250 M M 3 18 21 240
16 69 35 52 14 13 0 0.00 M M 7.0 20 230 M M 2 18 27 220
17 72 38 55 17 10 0 0.00 M M 5.8 17 230 M M 2 23 220
18 63 45 54 16 11 0 0.49 M M 7.6 17 70 M M 7 13 25 60
19 51 37 44 5 21 0 0.35 M M 12.4 24 290 M M 10 12 32 300
20 59 32 46 7 19 0 0.00 M M 6.6 16 270 M M 2 1 22 250
21 71 35 53 13 12 0 0.00 M M 7.9 25 230 M M 1 34 220
22 52 43 48 8 17 0 0.43 M M 15.1 29 110 M M 7 1 40 120
23 63 46 55 15 10 0 0.61 M M 14.0 29 260 M M 10 138 41 260
24 48 40 44 3 21 0 0.07 M M 15.8 25 220 M M 10 1 35 220
25 47 33 40 -1 25 0 0.09 M M 13.6 32 260 M M 10 1 43 260
26 35 27 31 -11 34 0 T M M 17.3 25 320 M M 10 18 34 320
27 31 19 25 -17 40 0 T M M 14.2 24 310 M M 7 1 32 300
28 35 18 27 -15 38 0 0.00 M M 9.1 18 340 M M 2 27 10
29 42 20 31 -12 34 0 0.00 M M 11.3 23 130 M M 6 33 130
30 70 40 55 12 10 0 0.23 M M 13.7 23 140 M M 8 1 34 120
31 59 33 46 3 19 0 0.13 M M 17.8 41 230 M M 10 1 57 220
================================================================================
SM 1563 936 760 0 3.02 M 341.2 M 165
================================================================================
AV 50.4 30.2 11.0 FASTST M M 5 MAX(MPH)
MISC ----> 41 230 57 220
================================================================================
NOTES:
# LAST OF SEVERAL OCCURRENCES
COLUMN 17 PEAK WIND IN M.P.H.
PRELIMINARY LOCAL CLIMATOLOGICAL DATA (WS FORM: F-6) , PAGE 2
STATION: GOSHEN
MONTH: MARCH
YEAR: 2022
LATITUDE: 41 31 N
LONGITUDE: 85 47 W
[TEMPERATURE DATA] [PRECIPITATION DATA] SYMBOLS USED IN COLUMN 16
AVERAGE MONTHLY: 40.3 TOTAL FOR MONTH: 3.02 1 = FOG OR MIST
DPTR FM NORMAL: 2.6 DPTR FM NORMAL: 1.00 2 = FOG REDUCING VISIBILITY
HIGHEST: 72 ON 17 GRTST 24HR 0.88 ON 22-23 TO 1/4 MILE OR LESS
LOWEST: 13 ON 12 3 = THUNDER
SNOW, ICE PELLETS, HAIL 4 = ICE PELLETS
TOTAL MONTH: M 5 = HAIL
GRTST 24HR M ON M 6 = FREEZING RAIN OR DRIZZLE
GRTST DEPTH: M ON M 7 = DUSTSTORM OR SANDSTORM:
VSBY 1/2 MILE OR LESS
8 = SMOKE OR HAZE
[NO. OF DAYS WITH] [WEATHER - DAYS WITH] 9 = BLOWING SNOW
X = TORNADO
MAX 32 OR BELOW: 3 0.01 INCH OR MORE: 10
MAX 90 OR ABOVE: 0 0.10 INCH OR MORE: 7
MIN 32 OR BELOW: 17 0.50 INCH OR MORE: 2
MIN 0 OR BELOW: 0 1.00 INCH OR MORE: 0
[HDD (BASE 65) ]
TOTAL THIS MO. 760 CLEAR (SCALE 0-3) 11
DPTR FM NORMAL -86 PTCLDY (SCALE 4-7) 12
TOTAL FM JUL 1 4993 CLOUDY (SCALE 8-10) 8
DPTR FM NORMAL -470
[CDD (BASE 65) ]
TOTAL THIS MO. 0
DPTR FM NORMAL -2 [PRESSURE DATA]
TOTAL FM JAN 1 0 HIGHEST SLP 30.49 ON 4
DPTR FM NORMAL -2 LOWEST SLP 29.07 ON 31
[REMARKS]
#FINAL-03-22#