000
CXUS56 KTFX 011110
CF6GTF
PRELIMINARY LOCAL CLIMATOLOGICAL DATA (WS FORM: F-6)
STATION: GREAT FALLS MT
MONTH: JUNE
YEAR: 2020
LATITUDE: 47 28 N
LONGITUDE: 111 22 W
TEMPERATURE IN F: :PCPN: SNOW: WIND :SUNSHINE: SKY :PK WND
================================================================================
1 2 3 4 5 6A 6B 7 8 9 10 11 12 13 14 15 16 17 18
12Z AVG MX 2MIN
DY MAX MIN AVG DEP HDD CDD WTR SNW DPTH SPD SPD DIR MIN PSBL S-S WX SPD DR
================================================================================
1 74 46 60 4 5 0 T 0.0 0 11.6 20 260 M M 3 26 270
2 76 41 59 3 6 0 0.00 0.0 0 13.0 22 230 M M 0 29 240
3 76 52 64 8 1 0 0.00 0.0 0 13.4 26 260 M M 0 39 250
4 72 48 60 3 5 0 0.00 0.0 0 6.9 16 330 M M 4 21 10
5 79 43 61 4 4 0 0.00 0.0 0 7.5 21 90 M M 1 27 90
6 73 48 61 4 4 0 0.52 0.0 0 11.0 25 270 M M 5 1 37 290
7 67 47 57 -1 8 0 0.22 0.0 0 12.3 23 220 M M 6 13 33 210
8 56 41 49 -9 16 0 0.31 0.0 0 7.9 17 330 M M 9 13 25 340
9 63 39 51 -7 14 0 0.00 0.0 0 15.7 26 240 M M 1 36 240
10 73 45 59 1 6 0 0.00 0.0 0 13.7 25 270 M M 2 33 240
11 80 43 62 4 3 0 0.00 0.0 0 9.2 18 190 M M 0 23 180
12 89 56 73 14 0 8 T 0.0 0 8.1 15 170 M M 0 23 180
13 85 49 67 8 0 2 0.00 0.0 0 12.0 29 270 M M 0 41 220
14 66 40 53 -6 12 0 0.00 0.0 0 19.9 37 210 M M 2 48 220
15 71 43 57 -3 8 0 0.01 0.0 0 17.6 32 230 M M 3 43 230
16 59 46 53 -7 12 0 0.03 0.0 0 7.1 13 340 M M 8 17 330
17 61 49 55 -5 10 0 0.39 0.0 0 10.2 26 360 M M 10 13 38 360
18 61 47 54 -6 11 0 0.25 0.0 0 10.4 22 340 M M 9 1 32 330
19 71 49 60 -1 5 0 0.08 0.0 0 9.6 29 350 M M 6 13 37 350
20 77 48 63 2 2 0 0.04 0.0 0 10.9 24 250 M M 3 33 260
21 78 54 66 5 0 1 0.00 0.0 0 10.8 18 260 M M 6 25 270
22 79 49 64 3 1 0 0.00 0.0 0 7.2 14 220 M M 1 20 220
23 86 52 69 7 0 4 0.00 0.0 0 8.5 16 270 M M 0 25 250
24 87 53 70 8 0 5 0.09 0.0 0 7.2 36 230 M M 1 3 49 220
25 78 53 66 4 0 1 0.04 0.0 0 6.3 16 310 M M 4 1 21 300
26 86 51 69 7 0 4 0.00 0.0 0 10.3 20 200 M M 0 29 240
27 82 56 69 6 0 4 0.02 0.0 0 12.8 24 320 M M 4 3 34 320
28 63 46 55 -8 10 0 0.68 0.0 0 5.2 22 130 M M 7 13 31 140
29 53 49 51 -12 14 0 2.05 0.0 0 9.7 18 10 M M 10 1 26 10
30 66 43 55 -9 10 0 T 0.0 0 15.1 26 250 M M 3 35 250
================================================================================
SM 2187 1426 167 29 4.73 0.0 321.1 M 108
================================================================================
AV 72.9 47.5 10.7 FASTST M M 4 MAX(MPH)
MISC ----> 37 210 49 220
================================================================================
NOTES:
# LAST OF SEVERAL OCCURRENCES
COLUMN 17 PEAK WIND IN M.P.H.
PRELIMINARY LOCAL CLIMATOLOGICAL DATA (WS FORM: F-6) , PAGE 2
STATION: GREAT FALLS MT
MONTH: JUNE
YEAR: 2020
LATITUDE: 47 28 N
LONGITUDE: 111 22 W
[TEMPERATURE DATA] [PRECIPITATION DATA] SYMBOLS USED IN COLUMN 16
AVERAGE MONTHLY: 60.2 TOTAL FOR MONTH: 4.73 1 = FOG OR MIST
DPTR FM NORMAL: 0.5 DPTR FM NORMAL: 2.20 2 = FOG REDUCING VISIBILITY
HIGHEST: 89 ON 12 GRTST 24HR 2.23 ON 28-29 TO 1/4 MILE OR LESS
LOWEST: 39 ON 9 3 = THUNDER
SNOW, ICE PELLETS, HAIL 4 = ICE PELLETS
TOTAL MONTH: 0.0 INCH 5 = HAIL
GRTST 24HR 0.0 6 = FREEZING RAIN OR DRIZZLE
GRTST DEPTH: 0 7 = DUSTSTORM OR SANDSTORM:
VSBY 1/2 MILE OR LESS
8 = SMOKE OR HAZE
[NO. OF DAYS WITH] [WEATHER - DAYS WITH] 9 = BLOWING SNOW
X = TORNADO
MAX 32 OR BELOW: 0 0.01 INCH OR MORE: 14
MAX 90 OR ABOVE: 0 0.10 INCH OR MORE: 7
MIN 32 OR BELOW: 0 0.50 INCH OR MORE: 3
MIN 0 OR BELOW: 0 1.00 INCH OR MORE: 1
[HDD (BASE 65) ]
TOTAL THIS MO. 167 CLEAR (SCALE 0-3) 16
DPTR FM NORMAL -24 PTCLDY (SCALE 4-7) 10
TOTAL FM JUL 1 7847 CLOUDY (SCALE 8-10) 4
DPTR FM NORMAL 121
[CDD (BASE 65) ]
TOTAL THIS MO. 29
DPTR FM NORMAL -3 [PRESSURE DATA]
TOTAL FM JAN 1 30 HIGHEST SLP 30.24 ON 18
DPTR FM NORMAL -9 LOWEST SLP 29.42 ON 6
[REMARKS]
#FINAL-06-20#