000
CXGM50 PGUM 010030
CF6GUM
PRELIMINARY LOCAL CLIMATOLOGICAL DATA (WS FORM: F-6)
STATION: GUAM INTERNATIONAL AIRPORT
MONTH: NOVEMBER
YEAR: 2022
LATITUDE: 13 29 N
LONGITUDE: 144-48 E
TEMPERATURE IN F: :PCPN: SNOW: WIND :SUNSHINE: SKY :PK WND
================================================================================
1 2 3 4 5 6A 6B 7 8 9 10 11 12 13 14 15 16 17 18
12Z AVG MX 2MIN
DY MAX MIN AVG DEP HDD CDD WTR SNW DPTH SPD SPD DIR MIN PSBL S-S WX SPD DR
================================================================================
1 87 78 83 1 0 18 0.05 0.0 0 6.2 16 60 M M 2 18 70
2 86 75 81 -1 0 16 0.15 0.0 0 1.7 12 90 M M 2 15 90
3 85 75 80 -2 0 15 1.20 0.0 0 5.3 16 20 M M 5 22 40
4 85 76 81 -1 0 16 0.10 0.0 0 6.5 14 360 M M 5 3 17 350
5 86 76 81 -1 0 16 0.30 0.0 0 7.2 17 20 M M 6 3 21 10
6 87 77 82 0 0 17 0.04 0.0 0 6.0 16 70 M M 5 19 80
7 88 76 82 0 0 17 0.01 0.0 0 7.7 17 70 M M 1 26 100
8 87 79 83 1 0 18 0.05 0.0 0 10.4 20 60 M M 2 23 70
9 88 79 84 2 0 19 0.28 0.0 0 10.0 24 60 M M 3 31 50
10 88 79 84 2 0 19 0.15 0.0 0 11.2 21 80 M M 4 3 25 90
11 85 76 81 -1 0 16 0.52 0.0 0 8.5 21 40 M M 3 3 26 60
12 86 76 81 -1 0 16 0.42 0.0 0 8.9 17 80 M M 4 22 80
13 86 78 82 0 0 17 0.04 0.0 0 6.9 15 90 M M 3 22 110
14 87 76 82 0 0 17 0.06 0.0 0 6.9 14 50 M M 2 16 110
15 89 78 84 2 0 19 0.08 0.0 0 11.7 20 80 M M 4 24 80
16 88 78 83 1 0 18 T 0.0 0 12.7 23 60 M M 3 28 60
17 88 77 83 1 0 18 0.20 0.0 0 14.7 28 80 M M 4 36 90
18 87 77 82 0 0 17 0.09 0.0 0 11.7 21 80 M M 3 27 80
19 87 78 83 1 0 18 0.04 0.0 0 10.4 20 60 M M 4 25 90
20 87 77 82 0 0 17 T 0.0 0 10.5 18 80 M M 3 22 80
21 87 76 82 0 0 17 0.07 0.0 0 7.8 17 90 M M 3 23 90
22 88 77 83 1 0 18 T 0.0 0 8.8 17 30 M M 2 21 20
23 87 74 81 -1 0 16 0.00 0.0 0 8.2 16 50 M M 1 21 60
24 87 76 82 0 0 17 0.09 0.0 0 10.1 20 70 M M 2 25 60
25 87 77 82 0 0 17 0.08 0.0 0 9.2 17 100 M M 4 22 90
26 87 78 83 1 0 18 0.10 0.0 0 9.6 18 90 M M 3 23 70
27 88 77 83 1 0 18 0.10 0.0 0 12.1 21 90 M M 2 28 100
28 88 77 83 1 0 18 0.57 0.0 0 12.6 22 50 M M 3 31 70
29 87 78 83 1 0 18 0.08 0.0 0 11.7 22 70 M M 3 28 60
30 87 75 81 -1 0 16 0.79 0.0 0 8.9 18 80 M M 4 3 24 80
================================================================================
SM 2610 2306 0 517 5.66 0.0 274.1 M 95
================================================================================
AV 87.0 76.9 9.1 FASTST M M 3 MAX(MPH)
MISC ----> 28 80 36 90
================================================================================
NOTES:
# LAST OF SEVERAL OCCURRENCES
COLUMN 17 PEAK WIND IN M.P.H.
PRELIMINARY LOCAL CLIMATOLOGICAL DATA (WS FORM: F-6) , PAGE 2
STATION: GUAM INTERNATIONAL AIRPORT
MONTH: NOVEMBER
YEAR: 2022
LATITUDE: 13 29 N
LONGITUDE: 144-48 E
[TEMPERATURE DATA] [PRECIPITATION DATA] SYMBOLS USED IN COLUMN 16
AVERAGE MONTHLY: 81.9 TOTAL FOR MONTH: 5.66 1 = FOG OR MIST
DPTR FM NORMAL: -0.3 DPTR FM NORMAL: -2.63 2 = FOG REDUCING VISIBILITY
HIGHEST: 89 ON 15 GRTST 24HR 1.22 ON 3- 3 TO 1/4 MILE OR LESS
LOWEST: 74 ON 23 3 = THUNDER
SNOW, ICE PELLETS, HAIL 4 = ICE PELLETS
TOTAL MONTH: 0.0 INCH 5 = HAIL
GRTST 24HR 0.0 6 = FREEZING RAIN OR DRIZZLE
GRTST DEPTH: 0 7 = DUSTSTORM OR SANDSTORM:
VSBY 1/2 MILE OR LESS
8 = SMOKE OR HAZE
[NO. OF DAYS WITH] [WEATHER - DAYS WITH] 9 = BLOWING SNOW
X = TORNADO
MAX 32 OR BELOW: 0 0.01 INCH OR MORE: 26
MAX 90 OR ABOVE: 0 0.10 INCH OR MORE: 13
MIN 32 OR BELOW: 0 0.50 INCH OR MORE: 4
MIN 0 OR BELOW: 0 1.00 INCH OR MORE: 1
[HDD (BASE 65) ]
TOTAL THIS MO. 0 CLEAR (SCALE 0-3) 12
DPTR FM NORMAL 0 PTCLDY (SCALE 4-7) 18
TOTAL FM JUL 1 0 CLOUDY (SCALE 8-10) 0
DPTR FM NORMAL 0
[CDD (BASE 65) ]
TOTAL THIS MO. 517
DPTR FM NORMAL 1 [PRESSURE DATA]
TOTAL FM JAN 1 5505 HIGHEST SLP 29.86 ON 1
DPTR FM NORMAL -91 LOWEST SLP 29.75 ON 1
[REMARKS]
#FINAL-11-22#