000
CXUS52 KFFC 241010
CF6GVL
PRELIMINARY LOCAL CLIMATOLOGICAL DATA (WS FORM: F-6)
STATION: GAINESVILLE
MONTH: APRIL
YEAR: 2024
LATITUDE: 34 16 N
LONGITUDE: 83 50 W
TEMPERATURE IN F: :PCPN: SNOW: WIND :SUNSHINE: SKY :PK WND
================================================================================
1 2 3 4 5 6A 6B 7 8 9 10 11 12 13 14 15 16 17 18
12Z AVG MX 2MIN
DY MAX MIN AVG DEP HDD CDD WTR SNW DPTH SPD SPD DIR MIN PSBL S-S WX SPD DR
================================================================================
1 74 61 68 11 0 3 0.00 M M 6.8 15 260 M M 7 20 240
2 79 63 71 14 0 6 0.26 M M 7.7 18 250 M M 6 13 25 240
3 65 48 57 -1 8 0 0.27 M M 13.8 26 260 M M 4 1 45 240
4 60 42 51 -7 14 0 0.00 M M 12.2 25 280 M M 0 49 270
5 62 41 52 -6 13 0 0.00 M M M 23 270 M M M 32 260
6 64 37 51 -7 14 0 0.00 M M M 15 250 M M M 22 260
7 71 46 59 0 6 0 0.00 M M M 15 90 M M M 22 80
8 75 50 63 4 2 0 0.00 M M M 13 250 M M M 18 240
9 65 56 61 2 4 0 0.00 M M M 14 270 M M M 21 270
10 69 56 63 3 2 0 0.17 M M 7.5 22 130 M M 9 1238 40 120
11 75 52 64 4 1 0 0.32 M M 12.2 32 250 M M 9 13 52 300
12 66 51 59 -1 6 0 T M M 13.8 31 310 M M 3 50 260
13 76 48 62 2 3 0 0.00 M M 8.9 20 310 M M 0 34 280
14 83 50 67 7 0 2 0.00 M M 5.7 20 240 M M 0 26 250
15 83 57 70 9 0 5 0.00 M M 8.1 16 260 M M 0 24 270
16 83 62 73 12 0 8 0.00 M M 4.7 9 160 M M 0 17 130
17 80 60 70 9 0 5 0.08 M M 6.0 17 260 M M 2 3 24 240
18 87 57 72 10 0 7 0.00 M M 4.4 9 250 M M 0 1 14 70
19 83 65 74 12 0 9 0.02 M M 7.7 17 290 M M 4 27 280
20 80 58 69 7 0 4 0.04 M M 8.5 18 260 M M 2 13 28 260
21 58 50 54 -8 11 0 0.52 M M 7.1 15 300 M M 7 13 22 350
22 65 45 55 -8 10 0 0.00 M M 6.3 13 260 M M 2 20 100
23 72 40 56 -7 9 0 0.00 M M 5.2 16 270 M M 0 22 240
================================================================================
SM 1675 1195 103 49 1.68 M 146.6 M 55
================================================================================
AV 72.8 52.0 8.1 FASTST M M 3 MAX(MPH)
MISC ----> 32 250 52 300
================================================================================
NOTES:
# LAST OF SEVERAL OCCURRENCES
COLUMN 17 PEAK WIND IN M.P.H.
PRELIMINARY LOCAL CLIMATOLOGICAL DATA (WS FORM: F-6) , PAGE 2
STATION: GAINESVILLE
MONTH: APRIL
YEAR: 2024
LATITUDE: 34 16 N
LONGITUDE: 83 50 W
[TEMPERATURE DATA] [PRECIPITATION DATA] SYMBOLS USED IN COLUMN 16
AVERAGE MONTHLY: 62.4 TOTAL FOR MONTH: 1.68 1 = FOG OR MIST
DPTR FM NORMAL: 2.4 DPTR FM NORMAL: -1.38 2 = FOG REDUCING VISIBILITY
HIGHEST: 87 ON 18 GRTST 24HR 0.56 ON 20-21 TO 1/4 MILE OR LESS
LOWEST: 37 ON 6 3 = THUNDER
SNOW, ICE PELLETS, HAIL 4 = ICE PELLETS
TOTAL MONTH: M 5 = HAIL
GRTST 24HR M ON M 6 = FREEZING RAIN OR DRIZZLE
GRTST DEPTH: M ON M 7 = DUSTSTORM OR SANDSTORM:
VSBY 1/2 MILE OR LESS
8 = SMOKE OR HAZE
[NO. OF DAYS WITH] [WEATHER - DAYS WITH] 9 = BLOWING SNOW
X = TORNADO
MAX 32 OR BELOW: 0 0.01 INCH OR MORE: 8
MAX 90 OR ABOVE: 0 0.10 INCH OR MORE: 5
MIN 32 OR BELOW: 0 0.50 INCH OR MORE: 1
MIN 0 OR BELOW: 0 1.00 INCH OR MORE: 0
[HDD (BASE 65) ]
TOTAL THIS MO. 103 CLEAR (SCALE 0-3) 10
DPTR FM NORMAL -36 PTCLDY (SCALE 4-7) 6
TOTAL FM JUL 1 2444 CLOUDY (SCALE 8-10) 7
DPTR FM NORMAL -494
[CDD (BASE 65) ]
TOTAL THIS MO. 49
DPTR FM NORMAL 23 [PRESSURE DATA]
TOTAL FM JAN 1 49 HIGHEST SLP M ON M
DPTR FM NORMAL 16 LOWEST SLP 29.39 ON 3
[REMARKS]