000
CXUS54 KFWD 010732
CF6GVT
PRELIMINARY LOCAL CLIMATOLOGICAL DATA (WS FORM: F-6)
STATION: GREENVILLE
MONTH: AUGUST
YEAR: 2021
LATITUDE: 33 4 N
LONGITUDE: 96 4 W
TEMPERATURE IN F: :PCPN: SNOW: WIND :SUNSHINE: SKY :PK WND
================================================================================
1 2 3 4 5 6A 6B 7 8 9 10 11 12 13 14 15 16 17 18
12Z AVG MX 2MIN
DY MAX MIN AVG DEP HDD CDD WTR SNW DPTH SPD SPD DIR MIN PSBL S-S WX SPD DR
================================================================================
1 94 73 84 -2 0 19 0.09 M M 4.3 10 10 M M 2 23 120
2 83 73 78 -8 0 13 0.03 M M 3.5 12 40 M M 8 1 M M
3 88 68 78 -8 0 13 0.00 M M 3.7 8 360 M M 1 1 M M
4 88 69 79 -7 0 14 0.00 M M 3.7 9 140 M M 2 18 M M
5 88 67 78 -8 0 13 0.01 M M 5.8 12 140 M M 2 1 M M
6 91 67 79 -7 0 14 0.00 M M 7.6 14 120 M M 2 1 18 180
7 93 72 83 -3 0 18 0.00 M M 10.9 16 160 M M 3 1 21 150
8 95 77 86 0 0 21 0.00 M M 13.9 21 170 M M 3 28 180
9 94 77 86 0 0 21 0.00 M M 15.0 22 190 M M 5 28 210
10 95 77 86 0 0 21 0.00 M M 12.5 20 180 M M 3 25 190
11 94 77 86 0 0 21 0.00 M M 12.5 18 200 M M 2 24 180
12 95 76 86 0 0 21 0.00 M M 9.3 15 190 M M 1 21 180
13 96 74 85 -1 0 20 0.00 M M 6.2 9 170 M M 1 16 120
14 89 74 82 -4 0 17 0.01 M M 4.7 16 350 M M 2 M M
15 88 73 81 -5 0 16 M M M 2.8 7 130 M M 5 M M
16 92 69 81 -5 0 16 M M M 3.8 9 20 M M 3 1 17 20
17 91 71 81 -5 0 16 0.05 M M 6.5 17 310 M M 5 13 24 310
18 79 71 75 -10 0 10 0.04 M M 4.5 12 120 M M 6 1 26 120
19 93 74 84 -1 0 19 0.03 M M 10.0 15 190 M M 6 1 21 190
20 93 77 85 0 0 20 0.02 M M 11.5 18 200 M M 3 23 200
21 94 74 84 -1 0 19 0.00 M M 8.9 17 210 M M 1 23 210
22 94 76 85 0 0 20 0.00 M M 7.3 13 150 M M 0 M M
23 95 71 83 -2 0 18 0.00 M M 5.7 12 140 M M 0 M M
24 95 69 82 -3 0 17 0.00 M M 5.7 12 130 M M 0 M M
25 95 69 82 -2 0 17 0.00 M M 3.5 9 160 M M 0 8 M M
26 96 74 85 1 0 20 0.00 M M 4.2 10 90 M M 1 22 90
27 90 72 81 -3 0 16 0.00 M M 6.0 12 140 M M 1 18 140
28 90 71 81 -3 0 16 0.00 M M 5.9 13 90 M M 3 17 100
29 90 70 80 -4 0 15 0.00 M M 4.4 10 60 M M 3 M M
30 94 72 83 0 0 18 0.00 M M 4.1 9 10 M M 1 M M
31 98 72 85 2 0 20 0.00 M M 3.6 9 280 M M 2 M M
================================================================================
SM 2850 2246 0 539 0.28 M 212.0 M 77
================================================================================
AV 91.9 72.5 6.8 FASTST M M 2 MAX(MPH)
MISC ----> 22 190 # 28 180
================================================================================
NOTES:
# LAST OF SEVERAL OCCURRENCES
COLUMN 17 PEAK WIND IN M.P.H.
PRELIMINARY LOCAL CLIMATOLOGICAL DATA (WS FORM: F-6) , PAGE 2
STATION: GREENVILLE
MONTH: AUGUST
YEAR: 2021
LATITUDE: 33 4 N
LONGITUDE: 96 4 W
[TEMPERATURE DATA] [PRECIPITATION DATA] SYMBOLS USED IN COLUMN 16
AVERAGE MONTHLY: 82.2 TOTAL FOR MONTH: 0.28 1 = FOG OR MIST
DPTR FM NORMAL: -3.0 DPTR FM NORMAL: -1.60 2 = FOG REDUCING VISIBILITY
HIGHEST: 98 ON 31 GRTST 24HR 0.09 ON 1- 1 TO 1/4 MILE OR LESS
LOWEST: 67 ON 6, 5 3 = THUNDER
SNOW, ICE PELLETS, HAIL 4 = ICE PELLETS
TOTAL MONTH: M 5 = HAIL
GRTST 24HR M ON M 6 = FREEZING RAIN OR DRIZZLE
GRTST DEPTH: M ON M 7 = DUSTSTORM OR SANDSTORM:
VSBY 1/2 MILE OR LESS
8 = SMOKE OR HAZE
[NO. OF DAYS WITH] [WEATHER - DAYS WITH] 9 = BLOWING SNOW
X = TORNADO
MAX 32 OR BELOW: 0 0.01 INCH OR MORE: 8
MAX 90 OR ABOVE: 24 0.10 INCH OR MORE: 0
MIN 32 OR BELOW: 0 0.50 INCH OR MORE: 0
MIN 0 OR BELOW: 0 1.00 INCH OR MORE: 0
[HDD (BASE 65) ]
TOTAL THIS MO. 0 CLEAR (SCALE 0-3) 22
DPTR FM NORMAL 0 PTCLDY (SCALE 4-7) 9
TOTAL FM JUL 1 0 CLOUDY (SCALE 8-10) 0
DPTR FM NORMAL 0
[CDD (BASE 65) ]
TOTAL THIS MO. 539
DPTR FM NORMAL -87 [PRESSURE DATA]
TOTAL FM JAN 1 1720 HIGHEST SLP M ON M
DPTR FM NORMAL -374 LOWEST SLP M ON M
[REMARKS]
#FINAL-08-21#