000
CXUS54 KJAN 012159
CF6GWO
PRELIMINARY LOCAL CLIMATOLOGICAL DATA (WS FORM: F-6)
STATION: GREENWOOD
MONTH: OCTOBER
YEAR: 2021
LATITUDE: 33 30 N
LONGITUDE: 90 5 W
TEMPERATURE IN F: :PCPN: SNOW: WIND :SUNSHINE: SKY :PK WND
================================================================================
1 2 3 4 5 6A 6B 7 8 9 10 11 12 13 14 15 16 17 18
12Z AVG MX 2MIN
DY MAX MIN AVG DEP HDD CDD WTR SNW DPTH SPD SPD DIR MIN PSBL S-S WX SPD DR
================================================================================
1 87 72 80 9 0 15 T 0.0 0 4.1 10 130 M M 7 16 60
2 82 73 78 8 0 13 0.01 0.0 0 5.0 14 190 M M 8 1 18 200
3 86 68 77 7 0 12 0.04 0.0 0 3.4 12 200 M M 7 12 15 210
4 85 65 75 5 0 10 T 0.0 0 3.3 9 350 M M 3 1 15 350
5 86 61 74 5 0 9 0.04 0.0 0 2.6 16 40 M M 3 138 23 70
6 80 61 71 2 0 6 T 0.0 0 2.1 7 340 M M 5 128 11 100
7 87 58 73 5 0 8 0.00 0.0 0 1.7 7 70 M M 0 1 11 340
8 90 61 76 8 0 11 0.00 0.0 0 1.1 8 110 M M 0 10 110
9 87 63 75 7 0 10 0.00 0.0 0 3.4 14 180 M M 0 1 19 180
10 88 68 78 11 0 13 0.00 0.0 0 6.9 15 160 M M 0 22 160
11 87 67 77 10 0 12 T 0.0 0 8.2 23 180 M M 4 34 200
12 89 68 79 13 0 14 T 0.0 0 2.0 10 170 M M 8 13 13 180
13 87 71 79 13 0 14 0.00 0.0 0 8.2 18 200 M M 2 24 190
14 86 71 79 13 0 14 0.00 0.0 0 6.6 15 170 M M 1 21 150
15 89 64 77 12 0 12 0.57 0.0 0 8.4 18 350 M M 7 13 35 270
16 72 48 60 -5 5 0 0.00 0.0 0 6.1 18 20 M M 0 30 360
17 74 43 59 -5 6 0 0.00 0.0 0 2.8 13 50 M M 0 1 16 50
18 76 44 60 -4 5 0 0.00 0.0 0 2.9 10 170 M M 0 15 170
19 78 47 63 -1 2 0 0.00 0.0 0 4.1 10 80 M M 0 15 80
20 81 54 68 5 0 3 0.00 0.0 0 5.3 15 170 M M 4 18 160
21 86 54 70 7 0 5 0.00 0.0 0 3.5 10 220 M M 5 12 16 340
22 77 48 63 1 2 0 0.00 0.0 0 1.2 6 60 M M 0 1 9 340
23 84 52 68 6 0 3 0.00 0.0 0 6.4 14 160 M M 0 19 170
24 84 64 74 12 0 9 0.00 0.0 0 9.8 20 200 M M 0 1 28 200
25 82 57 70 9 0 5 0.07 0.0 0 6.4 14 200 M M 3 1 20 360
26 75 48 62 1 3 0 0.00 0.0 0 4.9 13 70 M M 0 18 90
27 74 58 66 6 0 1 0.97 0.0 0 9.4 25 130 M M 5 13 39 120
28 63 55 59 -1 6 0 0.06 0.0 0 9.4 20 240 M M 10 1 32 220
29 58 51 55 -5 10 0 0.12 0.0 0 5.1 10 290 M M 10 1 21 300
30 62 47 55 -4 10 0 T 0.0 0 2.5 10 300 M M 8 1 18 280
31 73 44 59 0 6 0 0.00 0.0 0 1.5 8 10 M M 0 1 15 350
================================================================================
SM 2495 1805 55 199 1.88 0.0 148.3 M 100
================================================================================
AV 80.5 58.2 4.8 FASTST M M 3 MAX(MPH)
MISC ----> 25 130 39 120
================================================================================
NOTES:
# LAST OF SEVERAL OCCURRENCES
COLUMN 17 PEAK WIND IN M.P.H.
PRELIMINARY LOCAL CLIMATOLOGICAL DATA (WS FORM: F-6) , PAGE 2
STATION: GREENWOOD
MONTH: OCTOBER
YEAR: 2021
LATITUDE: 33 30 N
LONGITUDE: 90 5 W
[TEMPERATURE DATA] [PRECIPITATION DATA] SYMBOLS USED IN COLUMN 16
AVERAGE MONTHLY: 69.4 TOTAL FOR MONTH: 1.88 1 = FOG OR MIST
DPTR FM NORMAL: 4.5 DPTR FM NORMAL: -1.53 2 = FOG REDUCING VISIBILITY
HIGHEST: 90 ON 8 GRTST 24HR 1.00 ON 27-28 TO 1/4 MILE OR LESS
LOWEST: 43 ON 17 3 = THUNDER
SNOW, ICE PELLETS, HAIL 4 = ICE PELLETS
TOTAL MONTH: 0.0 INCH 5 = HAIL
GRTST 24HR 0.0 6 = FREEZING RAIN OR DRIZZLE
GRTST DEPTH: 0 7 = DUSTSTORM OR SANDSTORM:
VSBY 1/2 MILE OR LESS
8 = SMOKE OR HAZE
[NO. OF DAYS WITH] [WEATHER - DAYS WITH] 9 = BLOWING SNOW
X = TORNADO
MAX 32 OR BELOW: 0 0.01 INCH OR MORE: 8
MAX 90 OR ABOVE: 1 0.10 INCH OR MORE: 3
MIN 32 OR BELOW: 0 0.50 INCH OR MORE: 2
MIN 0 OR BELOW: 0 1.00 INCH OR MORE: 0
[HDD (BASE 65) ]
TOTAL THIS MO. 55 CLEAR (SCALE 0-3) 17
DPTR FM NORMAL -57 PTCLDY (SCALE 4-7) 12
TOTAL FM JUL 1 55 CLOUDY (SCALE 8-10) 2
DPTR FM NORMAL -65
[CDD (BASE 65) ]
TOTAL THIS MO. 199
DPTR FM NORMAL 91 [PRESSURE DATA]
TOTAL FM JAN 1 2506 HIGHEST SLP 30.31 ON 17
DPTR FM NORMAL 286 LOWEST SLP 29.45 ON 28
[REMARKS]
#FINAL-10-21#