000
CXUS55 KBOU 010900
CF6GXY
PRELIMINARY LOCAL CLIMATOLOGICAL DATA (WS FORM: F-6)
STATION: GREELEY CO
MONTH: MARCH
YEAR: 2023
LATITUDE: 40 25 N
LONGITUDE: 104 38 W
TEMPERATURE IN F: :PCPN: SNOW: WIND :SUNSHINE: SKY :PK WND
================================================================================
1 2 3 4 5 6A 6B 7 8 9 10 11 12 13 14 15 16 17 18
12Z AVG MX 2MIN
DY MAX MIN AVG DEP HDD CDD WTR SNW DPTH SPD SPD DIR MIN PSBL S-S WX SPD DR
================================================================================
1 34 20 27 M 38 0 M M M 7.8 22 130 M M 4 1 29 130
2 43 17 30 M 35 0 M M M 4.5 9 130 M M 0 M M
3 49 24 37 M 28 0 M M M 3.0 10 360 M M 6 1 M M
4 37 21 29 M 36 0 M M M 9.5 23 120 M M 2 12 30 120
5 55 21 38 M 27 0 M M M 8.1 33 320 M M 1 45 330
6 39 24 32 M 33 0 M M M 10.9 15 110 M M 3 M M
7 37 26 32 M 33 0 M M M 6.8 17 110 M M 9 1 M M
8 39 26 33 M 32 0 M M M 13.3 17 120 M M 9 22 100
9 55 28 42 M 23 0 M M M 10.4 21 140 M M 3 1 31 280
10 50 25 38 M 27 0 M M M 5.0 12 90 M M 1 20 90
11 60 31 46 M 19 0 M M M 17.4 33 350 M M 2 41 350
12 44 20 32 M 33 0 M M M 5.8 13 110 M M 4 M M
13 54 20 37 M 28 0 M M M 5.7 12 120 M M 1 18 170
14 65 21 43 M 22 0 M M M 3.7 12 140 M M 0 M M
15 72 30 51 M 14 0 M M M 9.3 24 360 M M 3 38 50
16 40 25 33 M 32 0 M M M 21.8 32 360 M M 7 45 20
17 44 16 30 M 35 0 M M M 15.1 28 350 M M 0 38 350
18 48 14 31 M 34 0 M M M 8.7 20 350 M M 0 32 350
19 57 10 34 M 31 0 M M M 3.4 12 360 M M 0 17 360
20 60 21 41 M 24 0 M M M 7.0 16 130 M M 3 22 130
21 59 27 43 M 22 0 M M M 10.3 22 290 M M 3 35 290
22 44 27 36 M 29 0 M M M 6.3 16 340 M M 7 1 M M
23 53 32 43 M 22 0 M M M 7.2 15 130 M M 7 1 M M
24 55 23 39 M 26 0 M M M 5.6 14 60 M M 4 12 20 340
25 41 21 31 M 34 0 M M M 12.7 28 330 M M 5 1 36 330
26 44 15 30 M 35 0 M M M 5.7 21 360 M M 2 24 50
27 32 9 21 M 44 0 M M M 13.6 25 350 M M 6 12 31 350
28 39 -2 19 M 46 0 M M M 6.1 15 350 M M 0 M M
29 40 22 31 M 34 0 M M M 7.3 14 70 M M 0 M M
30 63 23 43 M 22 0 M M M 6.5 28 310 M M 4 18 37 310
31 53 33 43 M 22 0 M M M 20.2 36 330 M M 1 43 310
================================================================================
SM 1505 670 920 0 M M 278.5 M 97
================================================================================
AV 48.5 21.6 9.0 FASTST M M 3 MAX(MPH)
MISC ----> 36 330 45 330
================================================================================
NOTES:
# LAST OF SEVERAL OCCURRENCES
COLUMN 17 PEAK WIND IN M.P.H.
PRELIMINARY LOCAL CLIMATOLOGICAL DATA (WS FORM: F-6) , PAGE 2
STATION: GREELEY CO
MONTH: MARCH
YEAR: 2023
LATITUDE: 40 25 N
LONGITUDE: 104 38 W
[TEMPERATURE DATA] [PRECIPITATION DATA] SYMBOLS USED IN COLUMN 16
AVERAGE MONTHLY: 35.1 TOTAL FOR MONTH: M 1 = FOG OR MIST
DPTR FM NORMAL: 0.0 DPTR FM NORMAL: M 2 = FOG REDUCING VISIBILITY
HIGHEST: 72 ON 15 GRTST 24HR 0.06 ON 15-15 TO 1/4 MILE OR LESS
LOWEST: -2 ON 28 3 = THUNDER
SNOW, ICE PELLETS, HAIL 4 = ICE PELLETS
TOTAL MONTH: M 5 = HAIL
GRTST 24HR M ON M 6 = FREEZING RAIN OR DRIZZLE
GRTST DEPTH: M ON M 7 = DUSTSTORM OR SANDSTORM:
VSBY 1/2 MILE OR LESS
8 = SMOKE OR HAZE
[NO. OF DAYS WITH] [WEATHER - DAYS WITH] 9 = BLOWING SNOW
X = TORNADO
MAX 32 OR BELOW: 1 0.01 INCH OR MORE: 0
MAX 90 OR ABOVE: 0 0.10 INCH OR MORE: 0
MIN 32 OR BELOW: 30 0.50 INCH OR MORE: 0
MIN 0 OR BELOW: 1 1.00 INCH OR MORE: 0
[HDD (BASE 65) ]
TOTAL THIS MO. 920 CLEAR (SCALE 0-3) 17
DPTR FM NORMAL M PTCLDY (SCALE 4-7) 12
TOTAL FM JUL 1 6157 CLOUDY (SCALE 8-10) 2
DPTR FM NORMAL M
[CDD (BASE 65) ]
TOTAL THIS MO. 0
DPTR FM NORMAL M [PRESSURE DATA]
TOTAL FM JAN 1 0 HIGHEST SLP 30.57 ON 28
DPTR FM NORMAL M LOWEST SLP 29.36 ON 30
[REMARKS]
#FINAL-03-23#