000
CXUS54 KEWX 011010
CF6GYB
PRELIMINARY LOCAL CLIMATOLOGICAL DATA (WS FORM: F-6)
STATION: GIDDINGS-LEE COUNTY AIRPORT
MONTH: MARCH
YEAR: 2023
LATITUDE: 30 10 N
LONGITUDE: 96 59 W
TEMPERATURE IN F: :PCPN: SNOW: WIND :SUNSHINE: SKY :PK WND
================================================================================
1 2 3 4 5 6A 6B 7 8 9 10 11 12 13 14 15 16 17 18
12Z AVG MX 2MIN
DY MAX MIN AVG DEP HDD CDD WTR SNW DPTH SPD SPD DIR MIN PSBL S-S WX SPD DR
================================================================================
1 82 69 76 M 0 11 0.00 M M 7.8 16 210 M M 6 1 24 210
2 77 56 67 M 0 2 0.26 M M 8.9 29 300 M M 9 1 39 300
3 69 47 58 M 7 0 0.02 M M 8.5 20 280 M M 0 8 35 330
4 77 41 59 M 6 0 0.00 M M 1.6 8 190 M M 0 M M
5 78 48 63 M 2 0 0.00 M M 3.4 10 160 M M 2 12 M M
6 81 58 70 M 0 5 0.00 M M 2.3 8 220 M M 6 1 M M
7 79 66 73 M 0 8 0.00 M M 3.8 8 140 M M 7 18 M M
8 83 66 75 M 0 10 0.00 M M 3.0 9 140 M M 4 1 M M
9 83 64 74 M 0 9 0.00 M M 4.5 13 200 M M 6 18 20 170
10 72 57 65 M 0 0 0.00 M M 4.5 13 360 M M 6 17 10
11 86 56 71 M 0 6 0.00 M M 7.6 16 200 M M 3 12 22 210
12 71 58 65 M 0 0 0.00 M M 10.9 20 340 M M 3 1 27 340
13 68 50 59 M 6 0 0.00 M M 6.8 15 70 M M 0 18 70
14 68 46 57 M 8 0 0.00 M M 4.9 10 90 M M 4 18 80
15 74 44 59 M 6 0 0.00 M M 5.8 13 160 M M 5 21 160
16 76 54 65 M 0 0 0.22 M M 10.3 16 360 M M 9 26 360
17 56 41 49 M 16 0 0.10 M M 13.2 24 350 M M 3 33 350
18 53 43 48 M 17 0 0.00 M M 2.5 8 30 M M 2 M M
19 58 37 48 M 17 0 0.00 M M 1.3 7 70 M M 1 M M
20 56 35 46 M 19 0 0.00 M M 4.9 12 160 M M 8 20 160
21 68 52 60 M 5 0 0.10 M M 5.1 10 180 M M 10 1 18 180
22 80 68 74 M 0 9 0.00 M M 11.2 16 200 M M 9 1 24 200
23 82 71 77 M 0 12 0.00 M M 11.5 17 190 M M 8 1 28 180
24 83 56 70 M 0 5 0.00 M M 6.4 15 180 M M 5 1 25 180
25 79 47 63 M 2 0 0.00 M M 3.5 14 350 M M 0 17 350
26 74 49 62 M 3 0 0.00 M M 0.4 6 50 M M 6 1 M M
27 78 57 68 M 0 3 0.00 M M 3.4 8 50 M M 6 1 M M
28 71 56 64 M 1 0 0.00 M M 9.7 17 20 M M 2 31 20
29 72 54 63 M 2 0 0.00 M M 4.6 8 120 M M 7 M M
30 76 61 69 M 0 4 0.00 M M 7.8 14 150 M M 8 1 26 150
31 87 65 76 M 0 11 0.00 M M 8.5 17 210 M M 4 1 28 210
================================================================================
SM 2297 1672 117 95 0.70 M 188.5 M 149
================================================================================
AV 74.1 53.9 6.1 FASTST M M 5 MAX(MPH)
MISC ----> 29 300 39 300
================================================================================
NOTES:
# LAST OF SEVERAL OCCURRENCES
COLUMN 17 PEAK WIND IN M.P.H.
PRELIMINARY LOCAL CLIMATOLOGICAL DATA (WS FORM: F-6) , PAGE 2
STATION: GIDDINGS-LEE COUNTY AIRPORT
MONTH: MARCH
YEAR: 2023
LATITUDE: 30 10 N
LONGITUDE: 96 59 W
[TEMPERATURE DATA] [PRECIPITATION DATA] SYMBOLS USED IN COLUMN 16
AVERAGE MONTHLY: 64.0 TOTAL FOR MONTH: 0.70 1 = FOG OR MIST
DPTR FM NORMAL: 0.0 DPTR FM NORMAL: M 2 = FOG REDUCING VISIBILITY
HIGHEST: 87 ON 31 GRTST 24HR 0.26 ON 2- 2 TO 1/4 MILE OR LESS
LOWEST: 35 ON 20 3 = THUNDER
SNOW, ICE PELLETS, HAIL 4 = ICE PELLETS
TOTAL MONTH: M 5 = HAIL
GRTST 24HR M ON M 6 = FREEZING RAIN OR DRIZZLE
GRTST DEPTH: M ON M 7 = DUSTSTORM OR SANDSTORM:
VSBY 1/2 MILE OR LESS
8 = SMOKE OR HAZE
[NO. OF DAYS WITH] [WEATHER - DAYS WITH] 9 = BLOWING SNOW
X = TORNADO
MAX 32 OR BELOW: 0 0.01 INCH OR MORE: 5
MAX 90 OR ABOVE: 0 0.10 INCH OR MORE: 4
MIN 32 OR BELOW: 0 0.50 INCH OR MORE: 0
MIN 0 OR BELOW: 0 1.00 INCH OR MORE: 0
[HDD (BASE 65) ]
TOTAL THIS MO. 117 CLEAR (SCALE 0-3) 11
DPTR FM NORMAL M PTCLDY (SCALE 4-7) 16
TOTAL FM JUL 1 1416 CLOUDY (SCALE 8-10) 4
DPTR FM NORMAL M
[CDD (BASE 65) ]
TOTAL THIS MO. 95
DPTR FM NORMAL M [PRESSURE DATA]
TOTAL FM JAN 1 150 HIGHEST SLP M ON M
DPTR FM NORMAL M LOWEST SLP M ON M
[REMARKS]
#FINAL-03-23#