000
CXUS54 KFWD 072138
CF6GYI
PRELIMINARY LOCAL CLIMATOLOGICAL DATA (WS FORM: F-6)
STATION: SHERMAN/DENISON
MONTH: APRIL
YEAR: 2022
LATITUDE: 33 42 N
LONGITUDE: 96 40 W
TEMPERATURE IN F: :PCPN: SNOW: WIND :SUNSHINE: SKY :PK WND
================================================================================
1 2 3 4 5 6A 6B 7 8 9 10 11 12 13 14 15 16 17 18
12Z AVG MX 2MIN
DY MAX MIN AVG DEP HDD CDD WTR SNW DPTH SPD SPD DIR MIN PSBL S-S WX SPD DR
================================================================================
1 71 41 56 -3 9 0 0.02 M M 9.5 16 120 M M 1 21 120
2 74 46 60 1 5 0 0.00 M M 6.4 12 360 M M 0 17 360
3 82 50 66 7 0 1 0.00 M M 12.9 22 170 M M 0 26 170
4 78 59 69 10 0 4 1.49 M M 10.1 22 360 M M 6 3 31 350
5 88 57 73 13 0 8 0.00 M M 9.8 21 160 M M 5 26 170
6 75 51 63 3 2 0 0.00 M M 23.1186 360 M M 1 44 20
7 66 44 55 -5 10 0 0.00 M M 11.9 31 310 M M 0 38 310
8 64 41 53 -7 12 0 0.00 M M 11.2 28 320 M M 0 36 320
9 82 35 59 -2 6 0 0.00 M M 10.8 22 180 M M 0 26 180
10 81 61 71 10 0 6 0.00 M M 20.7 28 180 M M 0 33 190
11 85 68 77 16 0 12 0.00 M M 15.9 26 190 M M 6 1 36 190
12 77 65 71 10 0 6 0.00 M M 16.0 24 170 M M 5 138 32 170
13 76 47 62 0 3 0 0.00 M M 17.5 29 190 M M 4 3 37 190
14 73 42 58 -4 7 0 0.00 M M 6.6 10 100 M M 0 21 140
15 80 54 67 5 0 2 0.00 M M 13.4 20 180 M M 3 26 170
16 77 54 66 4 0 1 0.00 M M 10.3 16 360 M M 8 18 24 350
17 78 54 66 3 0 1 0.00 M M 6.3 14 310 M M 6 24 290
18 69 45 57 -6 8 0 0.00 M M 9.9 17 30 M M 2 23 30
19 72 44 58 -5 7 0 0.50 M M 10.8 20 150 M M 3 3 26 130
20 87 57 72 8 0 7 0.00 M M 17.5 28 200 M M 6 1 37 180
21 82 70 76 12 0 11 0.00 M M 15.2 23 150 M M 7 30 150
22 83 70 77 13 0 12 0.00 M M 18.9 29 170 M M 4 39 170
23 79 67 73 9 0 8 0.00 M M 20.2 28 170 M M 6 37 170
24 74 56 65 0 0 0 1.50 M M 13.6 23 180 M M 8 13 31 180
25 67 50 59 -6 6 0 0.17 M M 9.7 15 10 M M 1 24 10
26 72 44 58 -7 7 0 0.00 M M 3.9 12 60 M M 0 18 70
27 76 51 64 -1 1 0 0.00 M M 10.1 15 120 M M 2 20 180
28 78 62 70 4 0 5 0.00 M M 13.2 21 160 M M 5 29 180
29 80 68 74 8 0 9 0.00 M M 17.0 22 150 M M 7 33 160
30 80 57 69 3 0 4 0.00 M M 11.3 25 200 M M 2 30 190
================================================================================
SM 2306 1610 83 97 3.68 M 383.3 M 98
================================================================================
AV 76.9 53.7 12.8 FASTST M M 3 MAX(MPH)
MISC ----> 186 360 44 20
================================================================================
NOTES:
# LAST OF SEVERAL OCCURRENCES
COLUMN 17 PEAK WIND IN M.P.H.
PRELIMINARY LOCAL CLIMATOLOGICAL DATA (WS FORM: F-6) , PAGE 2
STATION: SHERMAN/DENISON
MONTH: APRIL
YEAR: 2022
LATITUDE: 33 42 N
LONGITUDE: 96 40 W
[TEMPERATURE DATA] [PRECIPITATION DATA] SYMBOLS USED IN COLUMN 16
AVERAGE MONTHLY: 65.3 TOTAL FOR MONTH: 3.68 1 = FOG OR MIST
DPTR FM NORMAL: 3.0 DPTR FM NORMAL: 0.13 2 = FOG REDUCING VISIBILITY
HIGHEST: 88 ON 5 GRTST 24HR 1.50 ON 24-24 TO 1/4 MILE OR LESS
LOWEST: 35 ON 9 3 = THUNDER
SNOW, ICE PELLETS, HAIL 4 = ICE PELLETS
TOTAL MONTH: M 5 = HAIL
GRTST 24HR M ON M 6 = FREEZING RAIN OR DRIZZLE
GRTST DEPTH: M ON M 7 = DUSTSTORM OR SANDSTORM:
VSBY 1/2 MILE OR LESS
8 = SMOKE OR HAZE
[NO. OF DAYS WITH] [WEATHER - DAYS WITH] 9 = BLOWING SNOW
X = TORNADO
MAX 32 OR BELOW: 0 0.01 INCH OR MORE: 5
MAX 90 OR ABOVE: 0 0.10 INCH OR MORE: 4
MIN 32 OR BELOW: 0 0.50 INCH OR MORE: 3
MIN 0 OR BELOW: 0 1.00 INCH OR MORE: 2
[HDD (BASE 65) ]
TOTAL THIS MO. 83 CLEAR (SCALE 0-3) 15
DPTR FM NORMAL -54 PTCLDY (SCALE 4-7) 15
TOTAL FM JUL 1 2253 CLOUDY (SCALE 8-10) 0
DPTR FM NORMAL -594
[CDD (BASE 65) ]
TOTAL THIS MO. 97
DPTR FM NORMAL 39 [PRESSURE DATA]
TOTAL FM JAN 1 118 HIGHEST SLP M ON M
DPTR FM NORMAL 44 LOWEST SLP M ON M
[REMARKS]
#FINAL-04-22#