000
CXUS51 KGYX 021930
CF6GYX
PRELIMINARY LOCAL CLIMATOLOGICAL DATA (WS FORM: F-6)
STATION: GRAY ME
MONTH: MARCH
YEAR: 2023
LATITUDE: 43 53 N
LONGITUDE: 70 15 W
TEMPERATURE IN F: :PCPN: SNOW: WIND :SUNSHINE: SKY :PK WND
================================================================================
1 2 3 4 5 6A 6B 7 8 9 10 11 12 13 14 15 16 17 18
12Z AVG MX 2MIN
DY MAX MIN AVG DEP HDD CDD WTR SNW DPTH SPD SPD DIR MIN PSBL S-S WX SPD DR
================================================================================
1 37 17 27 -2 38 0 0.01 0.2 19 M M M M M M M M
2 34 30 32 3 33 0 0.30 1.2 17 M M M M M M 1 M M
3 41 26 34 5 31 0 0.00 0.0 17 M M M M M M M M
4 33 26 30 1 35 0 0.93 11.3 22 M M M M M M 1 M M
5 42 22 32 2 33 0 T T 25 M M M M M M M M
6 42 31 37 7 28 0 0.00 0.0 23 M M M M M M M M
7 35 27 31 1 34 0 T T 22 M M M M M M M M
8 46 29 38 7 27 0 T T 22 M M M M M M M M
9 41 30 36 5 29 0 0.00 0.0 18 M M M M M M M M
10 45 27 36 5 29 0 0.00 0.0 18 M M M M M M M M
11 38 26 32 1 33 0 0.00 0.0 17 M M M M M M M M
12 45 27 36 4 29 0 0.00 0.0 17 M M M M M M M M
13 42 28 35 3 30 0 T 0.0 17 M M M M M M M M
14 34 30 32 0 33 0 0.64 7.0 17 M M M M M M M M
15 37 30 34 1 31 0 0.02 0.3 20 M M M M M M M M
16 48 31 40 7 25 0 0.00 0.0 17 M M M M M M M M
17 41 31 36 3 29 0 T 0.0 17 M M M M M M 1 M M
18 51 32 42 8 23 0 T 0.0 10 M M M M M M 12 M M
19 34 21 28 -6 37 0 T T 9 M M M M M M M M
20 46 18 32 -2 33 0 0.00 0.0 9 M M M M M M M M
21 53 29 41 7 24 0 0.00 0.0 8 M M M M M M M M
22 45 30 38 3 27 0 0.00 0.0 8 M M M M M M M M
23 38 34 36 1 29 0 0.06 0.0 7 M M M M M M 12 M M
24 45 30 38 3 27 0 0.00 0.0 4 M M M M M M M M
25 38 28 33 -3 32 0 0.41 2.1 4 M M M M M M M M
26 47 31 39 3 26 0 0.10 T 6 M M M M M M 1 M M
27 52 32 42 6 23 0 0.00 0.0 4 M M M M M M M M
28 46 31 39 2 26 0 T T 3 M M M M M M M M
29 48 27 38 1 27 0 0.00 0.0 3 M M M M M M M M
30 36 24 30 -7 35 0 T T 2 M M M M M M M M
31 45 22 34 -4 31 0 0.26 2.4 2 M M M M M M M M
================================================================================
SM 1305 857 927 0 2.73 24.5 M M M
================================================================================
AV 42.1 27.6 M FASTST M M M MAX(MPH)
MISC ----> M M M M
================================================================================
NOTES:
# LAST OF SEVERAL OCCURRENCES
COLUMN 17 PEAK WIND IN M.P.H.
PRELIMINARY LOCAL CLIMATOLOGICAL DATA (WS FORM: F-6) , PAGE 2
STATION: GRAY ME
MONTH: MARCH
YEAR: 2023
LATITUDE: 43 53 N
LONGITUDE: 70 15 W
[TEMPERATURE DATA] [PRECIPITATION DATA] SYMBOLS USED IN COLUMN 16
AVERAGE MONTHLY: 34.9 TOTAL FOR MONTH: 2.73 1 = FOG OR MIST
DPTR FM NORMAL: 2.0 DPTR FM NORMAL: -1.28 2 = FOG REDUCING VISIBILITY
HIGHEST: 53 ON 21 GRTST 24HR 0.93 ON 4- 4 TO 1/4 MILE OR LESS
LOWEST: 17 ON 1 3 = THUNDER
SNOW, ICE PELLETS, HAIL 4 = ICE PELLETS
TOTAL MONTH: 32.0 INCHES 5 = HAIL
GRTST 24HR 11.3 ON 4- 4 6 = FREEZING RAIN OR DRIZZLE
GRTST DEPTH: 25 ON 5 7 = DUSTSTORM OR SANDSTORM:
VSBY 1/2 MILE OR LESS
8 = SMOKE OR HAZE
[NO. OF DAYS WITH] [WEATHER - DAYS WITH] 9 = BLOWING SNOW
X = TORNADO
MAX 32 OR BELOW: 0 0.01 INCH OR MORE: 9
MAX 90 OR ABOVE: 0 0.10 INCH OR MORE: 6
MIN 32 OR BELOW: 30 0.50 INCH OR MORE: 2
MIN 0 OR BELOW: 0 1.00 INCH OR MORE: 0
[HDD (BASE 65) ]
TOTAL THIS MO. 927 CLEAR (SCALE 0-3) 0
DPTR FM NORMAL -67 PTCLDY (SCALE 4-7) 0
TOTAL FM JUL 1 5446 CLOUDY (SCALE 8-10) 31
DPTR FM NORMAL -621
[CDD (BASE 65) ]
TOTAL THIS MO. 0
DPTR FM NORMAL 0 [PRESSURE DATA]
TOTAL FM JAN 1 0 HIGHEST SLP M ON M
DPTR FM NORMAL 0 LOWEST SLP M ON M
[REMARKS]
#FINAL-03-23#