000
CXUS54 KJAN 011638
CF6HBG
PRELIMINARY LOCAL CLIMATOLOGICAL DATA (WS FORM: F-6)
STATION: HATTIESBURG
MONTH: AUGUST
YEAR: 2021
LATITUDE: 31 16 N
LONGITUDE: 89 15 W
TEMPERATURE IN F: :PCPN: SNOW: WIND :SUNSHINE: SKY :PK WND
================================================================================
1 2 3 4 5 6A 6B 7 8 9 10 11 12 13 14 15 16 17 18
12Z AVG MX 2MIN
DY MAX MIN AVG DEP HDD CDD WTR SNW DPTH SPD SPD DIR MIN PSBL S-S WX SPD DR
================================================================================
1 95 76 86 4 0 21 0.03 0.0 0 3.9 13 340 M M 1 3 18 330
2 89 75 82 0 0 17 0.21 0.0 0 3.3 14 80 M M 4 13 21 320
3 88 74 81 -1 0 16 0.00 0.0 0 3.0 12 10 M M 6 1 15 350
4 89 69 79 -3 0 14 0.00 0.0 0 4.3 12 340 M M 2 17 320
5 91 65 78 -4 0 13 0.00 0.0 0 2.3 10 10 M M 2 18 13 110
6 87 71 79 -3 0 14 0.00 0.0 0 3.2 9 320 M M 2 1 13 150
7 92 68 80 -2 0 15 0.00 0.0 0 1.7 8 330 M M 1 18 12 330
8 93 71 82 0 0 17 T 0.0 0 2.3 12 180 M M 2 18 15 160
9 94 74 84 2 0 19 0.00 0.0 0 3.8 16 200 M M 1 21 200
10 94 74 84 2 0 19 0.00 0.0 0 2.4 14 150 M M 1 18 150
11 92 74 83 1 0 18 0.03 0.0 0 2.6 21 200 M M 1 138 30 200
12 90 72 81 -1 0 16 0.08 0.0 0 1.6 23 140 M M 1 13 33 150
13 93 71 82 0 0 17 0.00 0.0 0 1.3 12 230 M M 3 12 16 230
14 94 73 84 2 0 19 0.00 0.0 0 3.8 20 150 M M 2 3 24 150
15 90 72 81 -1 0 16 1.28 0.0 0 3.6 15 80 M M 3 13 23 80
16 91 71 81 -1 0 16 0.00 0.0 0 3.2 14 80 M M 2 18 19 100
17 93 70 82 0 0 17 0.00 0.0 0 2.2 9 270 M M 1 12 260
18 94 74 84 2 0 19 0.24 0.0 0 3.4 20 180 M M 2 3 24 180
19 94 74 84 2 0 19 0.24 0.0 0 3.3 22 210 M M 3 3 33 220
20 92 73 83 1 0 18 0.11 0.0 0 2.8 24 290 M M 2 3 34 320
21 93 75 84 2 0 19 0.00 0.0 0 3.5 12 280 M M 0 16 280
22 95 75 85 3 0 20 0.00 0.0 0 4.6 10 250 M M 2 16 270
23 96 77 87 5 0 22 0.00 0.0 0 3.7 13 350 M M 1 18 10
24 96 74 85 4 0 20 0.00 0.0 0 2.4 9 20 M M 0 18 24 20
25 96 75 86 5 0 21 0.00 0.0 0 3.6 17 140 M M 1 18 23 140
26 91 75 83 2 0 18 0.59 0.0 0 4.1 32 150 M M 3 3 46 140
27 86 73 80 -1 0 15 0.18 0.0 0 4.4 16 130 M M 4 123 23 120
28 90 71 81 0 0 16 0.04 0.0 0 3.7 15 160 M M 3 1 23 120
29 81 75 78 -3 0 13 1.12 0.0 0 11.6 23 100 M M 5 1 39 100
30 85 74 80 -1 0 15 3.79 0.0 0 15.2 32 130 M M 9 18 45 140
31 90 74 82 1 0 17 0.00 0.0 0 7.9 20 300 M M 3 28 310
================================================================================
SM 2834 2259 0 536 7.94 0.0 122.7 M 73
================================================================================
AV 91.4 72.9 4.0 FASTST M M 2 MAX(MPH)
MISC ----> # 32 150 46 140
================================================================================
NOTES:
# LAST OF SEVERAL OCCURRENCES
COLUMN 17 PEAK WIND IN M.P.H.
PRELIMINARY LOCAL CLIMATOLOGICAL DATA (WS FORM: F-6) , PAGE 2
STATION: HATTIESBURG
MONTH: AUGUST
YEAR: 2021
LATITUDE: 31 16 N
LONGITUDE: 89 15 W
[TEMPERATURE DATA] [PRECIPITATION DATA] SYMBOLS USED IN COLUMN 16
AVERAGE MONTHLY: 82.1 TOTAL FOR MONTH: 7.94 1 = FOG OR MIST
DPTR FM NORMAL: 0.3 DPTR FM NORMAL: 3.19 2 = FOG REDUCING VISIBILITY
HIGHEST: 96 ON 25,24 GRTST 24HR 4.72 ON 29-30 TO 1/4 MILE OR LESS
LOWEST: 65 ON 5 3 = THUNDER
SNOW, ICE PELLETS, HAIL 4 = ICE PELLETS
TOTAL MONTH: 0.0 INCH 5 = HAIL
GRTST 24HR 0.0 6 = FREEZING RAIN OR DRIZZLE
GRTST DEPTH: 0 7 = DUSTSTORM OR SANDSTORM:
VSBY 1/2 MILE OR LESS
8 = SMOKE OR HAZE
[NO. OF DAYS WITH] [WEATHER - DAYS WITH] 9 = BLOWING SNOW
X = TORNADO
MAX 32 OR BELOW: 0 0.01 INCH OR MORE: 13
MAX 90 OR ABOVE: 24 0.10 INCH OR MORE: 9
MIN 32 OR BELOW: 0 0.50 INCH OR MORE: 4
MIN 0 OR BELOW: 0 1.00 INCH OR MORE: 3
[HDD (BASE 65) ]
TOTAL THIS MO. 0 CLEAR (SCALE 0-3) 24
DPTR FM NORMAL 0 PTCLDY (SCALE 4-7) 6
TOTAL FM JUL 1 0 CLOUDY (SCALE 8-10) 1
DPTR FM NORMAL 0
[CDD (BASE 65) ]
TOTAL THIS MO. 536
DPTR FM NORMAL 15 [PRESSURE DATA]
TOTAL FM JAN 1 1904 HIGHEST SLP 30.20 ON 10
DPTR FM NORMAL -19 LOWEST SLP 29.60 ON 30
[REMARKS]
#FINAL-08-21#