000
CXUS54 KOUN 010810
CF6HBR
PRELIMINARY LOCAL CLIMATOLOGICAL DATA (WS FORM: F-6)
STATION: HOBART
MONTH: OCTOBER
YEAR: 2021
LATITUDE: 35 0 N
LONGITUDE: 99 3 W
TEMPERATURE IN F: :PCPN: SNOW: WIND :SUNSHINE: SKY :PK WND
================================================================================
1 2 3 4 5 6A 6B 7 8 9 10 11 12 13 14 15 16 17 18
12Z AVG MX 2MIN
DY MAX MIN AVG DEP HDD CDD WTR SNW DPTH SPD SPD DIR MIN PSBL S-S WX SPD DR
================================================================================
1 79 63 71 2 0 6 0.02 M M 5.8 13 10 M M 7 3 15 10
2 79 59 69 0 0 4 0.94 M M 7.5 24 290 M M 5 13 30 290
3 85 56 71 3 0 6 0.00 M M 7.0 16 360 M M 0 18 20 360
4 87 55 71 3 0 6 0.00 M M 6.4 12 190 M M 0 1 17 210
5 85 57 71 3 0 6 0.00 M M 5.5 14 110 M M 1 17 120
6 84 52 68 1 0 3 0.00 M M 4.7 12 160 M M 0 15 160
7 91 62 77 10 0 12 T M M 13.2 22 170 M M 2 28 170
8 M 65 M M M M 0.00 M M 15.3 21 220 M M 0 25 220
9 M M M M M M M M M M M M M M M M M
10 M M M M M M M M M M M M M M M M M
11 M M M M M M M M M M M M M M M M M
12 80 55 68 3 0 3 0.21 M M 18.1 35 160 M M 7 3 43 170
13 75 57 66 2 0 1 0.55 M M 11.2 26 180 M M 2 13 39 180
14 76 52 64 0 1 0 0.23 0.0 M 8.7 17 20 M M 6 13 24 20
15 70 45 58 -5 7 0 0.00 M M 14.9 28 10 M M 3 39 10
16 72 38 55 -8 10 0 0.00 M M 7.6 12 210 M M 0 15 270
17 75 44 60 -2 5 0 0.00 M M 10.4 20 200 M M 0 23 190
18 76 46 61 -1 4 0 0.00 0.0 M 14.7 24 170 M M 0 31 180
19 80 56 68 6 0 3 0.00 0.0 M 19.1 28 170 M M 0 35 180
20 76 50 63 2 2 0 0.00 0.0 M 12.3 24 180 M M 0 30 180
21 74 44 59 -2 6 0 0.00 M M 5.8 12 100 M M 4 18 14 110
22 84 51 68 8 0 3 0.00 M M 12.3 21 200 M M 3 26 200
23 89 63 76 16 0 11 0.00 M M 18.2 29 190 M M 0 37 200
24 79 55 67 7 0 2 0.00 M M 13.0 23 330 M M 0 29 190
25 80 49 65 6 0 0 0.00 M M 9.9 17 160 M M 0 21 140
26 86 63 75 16 0 10 0.63 M M 21.9 36 230 M M 3 13 48 250
27 66 52 59 1 6 0 0.00 M M 20.1 33 340 M M 4 41 340
28 70 52 61 3 4 0 0.00 M M 25.7 44 350 M M 0 54 340
29 68 42 55 -2 10 0 0.00 M M 15.6 30 10 M M 0 37 360
30 75 37 56 -1 9 0 0.00 M M 8.5 18 200 M M 0 8 22 150
31 63 46 55 -1 10 0 0.00 M M 15.4 26 50 M M 0 8 32 40
================================================================================
SM 2104 1466 74 76 2.58 0.0 348.8 M 47
================================================================================
AV 77.9 52.4 12.5 FASTST M M 2 MAX(MPH)
MISC ----> 44 350 54 340
================================================================================
NOTES:
# LAST OF SEVERAL OCCURRENCES
COLUMN 17 PEAK WIND IN M.P.H.
PRELIMINARY LOCAL CLIMATOLOGICAL DATA (WS FORM: F-6) , PAGE 2
STATION: HOBART
MONTH: OCTOBER
YEAR: 2021
LATITUDE: 35 0 N
LONGITUDE: 99 3 W
[TEMPERATURE DATA] [PRECIPITATION DATA] SYMBOLS USED IN COLUMN 16
AVERAGE MONTHLY: 65.1 TOTAL FOR MONTH: 2.58 1 = FOG OR MIST
DPTR FM NORMAL: 2.2 DPTR FM NORMAL: -0.27 2 = FOG REDUCING VISIBILITY
HIGHEST: 91 ON 7 GRTST 24HR 0.96 ON 1- 2 TO 1/4 MILE OR LESS
LOWEST: 37 ON 30 3 = THUNDER
SNOW, ICE PELLETS, HAIL 4 = ICE PELLETS
TOTAL MONTH: 0.0 INCH 5 = HAIL
GRTST 24HR 0.0 6 = FREEZING RAIN OR DRIZZLE
GRTST DEPTH: M ON M 7 = DUSTSTORM OR SANDSTORM:
VSBY 1/2 MILE OR LESS
8 = SMOKE OR HAZE
[NO. OF DAYS WITH] [WEATHER - DAYS WITH] 9 = BLOWING SNOW
X = TORNADO
MAX 32 OR BELOW: 0 0.01 INCH OR MORE: 6
MAX 90 OR ABOVE: 1 0.10 INCH OR MORE: 5
MIN 32 OR BELOW: 0 0.50 INCH OR MORE: 3
MIN 0 OR BELOW: 0 1.00 INCH OR MORE: 0
[HDD (BASE 65) ]
TOTAL THIS MO. 74 CLEAR (SCALE 0-3) 22
DPTR FM NORMAL -74 PTCLDY (SCALE 4-7) 6
TOTAL FM JUL 1 75 CLOUDY (SCALE 8-10) 3
DPTR FM NORMAL -88
[CDD (BASE 65) ]
TOTAL THIS MO. 76
DPTR FM NORMAL -7 [PRESSURE DATA]
TOTAL FM JAN 1 2163 HIGHEST SLP M ON M
DPTR FM NORMAL -137 LOWEST SLP 29.43 ON 26
[REMARKS]
#FINAL-10-21#