000
CXUS53 KGID 011146
CF6HDE
PRELIMINARY LOCAL CLIMATOLOGICAL DATA (WS FORM: F-6)
STATION: HOLDREGE
MONTH: APRIL
YEAR: 2021
LATITUDE: 40 27 N
LONGITUDE: 99 20 W
TEMPERATURE IN F: :PCPN: SNOW: WIND :SUNSHINE: SKY :PK WND
================================================================================
1 2 3 4 5 6A 6B 7 8 9 10 11 12 13 14 15 16 17 18
12Z AVG MX 2MIN
DY MAX MIN AVG DEP HDD CDD WTR SNW DPTH SPD SPD DIR MIN PSBL S-S WX SPD DR
================================================================================
1 63 28 46 2 19 0 0.00 M M 13.3 21 180 M M 0 33 190
2 77 39 58 14 7 0 0.00 M M 16.1 24 190 M M 0 32 200
3 79 33 56 11 9 0 0.00 M M 9.5 17 90 M M 0 22 90
4 90 50 70 25 0 5 0.00 M M 9.3 17 250 M M 0 29 250
5 82 52 67 21 0 2 0.00 M M 11.9 16 190 M M 0 23 170
6 77 41 59 13 6 0 0.00 M M 18.9 27 130 M M 5 3 36 340
7 46 39 43 -3 22 0 0.08 M M 22.1 28 330 M M 10 40 340
8 69 37 53 6 12 0 0.00 M M 12.9 21 310 M M 1 30 320
9 54 35 45 -2 20 0 0.15 M M 11.8 22 330 M M 6 31 350
10 62 34 48 1 17 0 0.00 M M 8.3 12 340 M M 1 18 330
11 61 38 50 2 15 0 0.00 M M 16.6 30 350 M M 0 41 350
12 59 33 46 -2 19 0 0.00 M M 11.4 18 350 M M 2 31 320
13 56 28 42 -6 23 0 0.00 M M 8.3 15 300 M M 3 23 270
14 49 27 38 -11 27 0 0.00 M M 8.9 14 20 M M 4 23 10
15 49 29 39 -10 26 0 0.08 M M 6.0 15 80 M M 7 21 50
16 40 33 37 -13 28 0 0.42 M M 7.1 14 340 M M 10 21 340
17 49 36 43 -7 22 0 0.02 M M 9.1 16 360 M M 9 22 340
18 64 32 48 -2 17 0 0.00 M M 6.5 13 310 M M 1 18 290
19 47 29 38 -13 27 0 M M M 16.9 25 20 M M 9 33 20
20 44 20 32 -19 33 0 T M M 7.6 14 320 M M 3 27 300
21 47 27 37 -14 28 0 0.00 M M 6.2 10 260 M M 2 16 320
22 56 32 44 -8 21 0 0.00 M M 15.4 28 160 M M 6 36 170
23 65 37 51 -1 14 0 0.00 M M 9.2 17 20 M M 3 29 180
24 62 38 50 -2 15 0 0.00 M M 8.4 14 10 M M 5 18 20
25 78 44 61 8 4 0 0.00 M M 14.0 24 170 M M 0 33 170
26 91 54 73 20 0 8 0.00 M M 12.8 20 160 M M 0 28 160
27 67 50 59 5 6 0 0.12 M M 15.3 27 50 M M 6 3 32 50
28 60 48 54 0 11 0 0.01 M M 11.4 17 10 M M 9 13 23 10
29 73 45 59 5 6 0 0.00 M M 10.1 20 360 M M 0 29 340
30 85 49 67 13 0 2 0.00 M M 11.6 15 190 M M 0 25 210
================================================================================
SM 1901 1117 454 17 M M 346.9 M 102
================================================================================
AV 63.4 37.2 11.6 FASTST M M 3 MAX(MPH)
MISC ----> 30 350 41 350
================================================================================
NOTES:
# LAST OF SEVERAL OCCURRENCES
COLUMN 17 PEAK WIND IN M.P.H.
PRELIMINARY LOCAL CLIMATOLOGICAL DATA (WS FORM: F-6) , PAGE 2
STATION: HOLDREGE
MONTH: APRIL
YEAR: 2021
LATITUDE: 40 27 N
LONGITUDE: 99 20 W
[TEMPERATURE DATA] [PRECIPITATION DATA] SYMBOLS USED IN COLUMN 16
AVERAGE MONTHLY: 50.3 TOTAL FOR MONTH: M 1 = FOG OR MIST
DPTR FM NORMAL: 0.9 DPTR FM NORMAL: M 2 = FOG REDUCING VISIBILITY
HIGHEST: 91 ON 26 GRTST 24HR M ON M TO 1/4 MILE OR LESS
LOWEST: 20 ON 20 3 = THUNDER
SNOW, ICE PELLETS, HAIL 4 = ICE PELLETS
TOTAL MONTH: M 5 = HAIL
GRTST 24HR M ON M 6 = FREEZING RAIN OR DRIZZLE
GRTST DEPTH: M ON M 7 = DUSTSTORM OR SANDSTORM:
VSBY 1/2 MILE OR LESS
8 = SMOKE OR HAZE
[NO. OF DAYS WITH] [WEATHER - DAYS WITH] 9 = BLOWING SNOW
X = TORNADO
MAX 32 OR BELOW: 0 0.01 INCH OR MORE: M
MAX 90 OR ABOVE: 2 0.10 INCH OR MORE: M
MIN 32 OR BELOW: 9 0.50 INCH OR MORE: M
MIN 0 OR BELOW: 0 1.00 INCH OR MORE: M
[HDD (BASE 65) ]
TOTAL THIS MO. 454 CLEAR (SCALE 0-3) 17
DPTR FM NORMAL -22 PTCLDY (SCALE 4-7) 8
TOTAL FM JUL 1 5593 CLOUDY (SCALE 8-10) 5
DPTR FM NORMAL -443
[CDD (BASE 65) ]
TOTAL THIS MO. 17
DPTR FM NORMAL 10 [PRESSURE DATA]
TOTAL FM JAN 1 17 HIGHEST SLP M ON M
DPTR FM NORMAL 10 LOWEST SLP M ON M
[REMARKS]
#FINAL-04-21#