883
CXUS54 KJAN 020036
CF6HEZ
PRELIMINARY LOCAL CLIMATOLOGICAL DATA (WS FORM: F-6)
STATION: NATCHEZ
MONTH: JANUARY
YEAR: 2021
LATITUDE: 31 37 N
LONGITUDE: 91 15 W
TEMPERATURE IN F: :PCPN: SNOW: WIND :SUNSHINE: SKY :PK WND
================================================================================
1 2 3 4 5 6A 6B 7 8 9 10 11 12 13 14 15 16 17 18
12Z AVG MX 2MIN
DY MAX MIN AVG DEP HDD CDD WTR SNW DPTH SPD SPD DIR MIN PSBL S-S WX SPD DR
================================================================================
1 64 41 53 M 12 0 0.05 0.0 0 8.4 16 220 M M 2 28 220
2 44 33 39 M 26 0 0.00 0.0 0 2.9 9 260 M M 6 M M
3 60 29 45 M 20 0 0.00 0.0 0 4.3 9 160 M M 0 1 M M
4 69 43 56 M 9 0 M M M 6.2 15 240 M M 1 20 210
5 63 36 50 M 15 0 0.00 0.0 0 3.0 9 350 M M 0 M M
6 62 38 50 M 15 0 0.13 M M 9.7 18 130 M M 2 32 120
7 55 41 48 M 17 0 0.24 0.0 0 12.3 18 150 M M 10 1 32 250
8 42 39 41 M 24 0 0.00 0.0 0 10.4 15 350 M M 10 21 340
9 46 26 36 M 29 0 0.00 0.0 0 5.9 13 340 M M 1 21 340
10 41 26 34 M 31 0 0.50 M M 5.8 15 10 M M 7 1 M M
11 36 33 35 M 30 0 0.50 M M 8.4 13 360 M M 10 1 M M
12 48 24 36 M 29 0 M M M 3.4 9 30 M M 1 1 M M
13 56 30 43 M 22 0 M M M 4.4 13 260 M M 3 20 260
14 67 34 51 M 14 0 M M M 8.1 17 200 M M 0 28 220
15 54 31 43 M 22 0 0.00 0.0 0 9.5 18 280 M M 0 24 280
16 51 32 42 M 23 0 M M M 6.5 13 290 M M 0 18 290
17 62 29 46 M 19 0 M M M 6.8 14 310 M M 1 20 270
18 65 27 46 M 19 0 M M M 3.7 12 170 M M 0 M M
19 72 50 61 M 4 0 M M 0 8.9 15 350 M M 6 20 200
20 63 51 57 M 8 0 M M M 3.9 8 50 M M 8 8 M M
21 64 55 60 M 5 0 1.75 0.0 0 6.3 12 360 M M 10 1 16 210
22 60 54 57 M 8 0 0.95 0.0 0 4.3 8 40 M M 10 18 M M
23 59 51 55 M 10 0 T 0.0 0 6.0 10 80 M M 10 1 M M
24 68 55 62 M 3 0 0.01 0.0 0 9.1 15 150 M M 9 M M
25 76 59 68 M 0 3 0.36 0.0 0 12.7 29 160 M M 8 1 35 160
26 68 51 60 M 5 0 0.01 0.0 0 4.7 9 80 M M 8 1 M M
27 60 42 51 M 14 0 T 0.0 0 10.1 20 10 M M 6 1 24 10
28 52 36 44 M 21 0 M M M 9.0 17 20 M M 3 25 20
29 63 28 46 M 19 0 M M M 2.7 8 100 M M 0 M M
30 67 43 55 M 10 0 T M M 11.5 23 160 M M 8 31 160
31 66 45 56 M 9 0 T M M 11.4 20 320 M M 9 8 26 310
================================================================================
SM 1823 1212 492 3 4.50 0.0 220.3 M 149
================================================================================
AV 58.8 39.1 7.1 FASTST M M 5 MAX(MPH)
MISC ----> 29 160 35 160
================================================================================
NOTES:
# LAST OF SEVERAL OCCURRENCES
COLUMN 17 PEAK WIND IN M.P.H.
PRELIMINARY LOCAL CLIMATOLOGICAL DATA (WS FORM: F-6) , PAGE 2
STATION: NATCHEZ
MONTH: JANUARY
YEAR: 2021
LATITUDE: 31 37 N
LONGITUDE: 91 15 W
[TEMPERATURE DATA] [PRECIPITATION DATA] SYMBOLS USED IN COLUMN 16
AVERAGE MONTHLY: 49.0 TOTAL FOR MONTH: 4.50 1 = FOG OR MIST
DPTR FM NORMAL: 0.0 DPTR FM NORMAL: M 2 = FOG REDUCING VISIBILITY
HIGHEST: 76 ON 25 GRTST 24HR 1.75 ON 21-21 TO 1/4 MILE OR LESS
LOWEST: 24 ON 12 3 = THUNDER
SNOW, ICE PELLETS, HAIL 4 = ICE PELLETS
TOTAL MONTH: 0.0 INCH 5 = HAIL
GRTST 24HR 0.0 6 = FREEZING RAIN OR DRIZZLE
GRTST DEPTH: 0 7 = DUSTSTORM OR SANDSTORM:
VSBY 1/2 MILE OR LESS
8 = SMOKE OR HAZE
[NO. OF DAYS WITH] [WEATHER - DAYS WITH] 9 = BLOWING SNOW
X = TORNADO
MAX 32 OR BELOW: 0 0.01 INCH OR MORE: 10
MAX 90 OR ABOVE: 0 0.10 INCH OR MORE: 7
MIN 32 OR BELOW: 10 0.50 INCH OR MORE: 4
MIN 0 OR BELOW: 0 1.00 INCH OR MORE: 1
[HDD (BASE 65) ]
TOTAL THIS MO. 492 CLEAR (SCALE 0-3) 13
DPTR FM NORMAL M PTCLDY (SCALE 4-7) 8
TOTAL FM JUL 1 1201 CLOUDY (SCALE 8-10) 10
DPTR FM NORMAL M
[CDD (BASE 65) ]
TOTAL THIS MO. 3
DPTR FM NORMAL M [PRESSURE DATA]
TOTAL FM JAN 1 3 HIGHEST SLP M ON M
DPTR FM NORMAL M LOWEST SLP M ON M
[REMARKS]
#FINAL-01-21#