000
CXUS51 KLWX 011217
CF6HGR
PRELIMINARY LOCAL CLIMATOLOGICAL DATA (WS FORM: F-6)
STATION: HAGERSTOWN MD
MONTH: JUNE
YEAR: 2020
LATITUDE: 39 42 N
LONGITUDE: 77 43 W
TEMPERATURE IN F: :PCPN: SNOW: WIND :SUNSHINE: SKY :PK WND
================================================================================
1 2 3 4 5 6A 6B 7 8 9 10 11 12 13 14 15 16 17 18
12Z AVG MX 2MIN
DY MAX MIN AVG DEP HDD CDD WTR SNW DPTH SPD SPD DIR MIN PSBL S-S WX SPD DR
================================================================================
1 75 49 62 -5 3 0 0.00 M M 5.2 21 310 M M 1 28 310
2 79 53 66 -1 0 1 T M M 5.7 14 180 M M 4 19 180
3 91 68 80 12 0 15 0.00 M M 11.2 23 270 M M 1 31 270
4 91 70 81 13 0 16 0.25 M M 6.1 28 280 M M 4 13 33 270
5 83 69 76 8 0 11 0.01 M M 5.1 13 180 M M 6 1 15 160
6 91 68 80 11 0 15 0.00 M M 9.1 24 300 M M 4 12 30 300
7 81 61 71 2 0 6 0.00 M M 8.0 21 300 M M 1 27 290
8 82 57 70 1 0 5 0.00 M M 5.7 10 360 M M 0 15 360
9 90 62 76 6 0 11 0.00 M M 5.8 15 160 M M 0 18 160
10 92 73 83 13 0 18 0.29 M M 11.5 24 280 M M 4 13 31 270
11 84 68 76 6 0 11 0.06 M M 9.8 22 270 M M 6 1 29 270
12 87 60 74 3 0 9 0.00 M M 8.4 20 290 M M 1 25 290
13 75 56 66 -5 0 1 0.00 M M 6.3 13 340 M M 2 18 310
14 71 54 63 -8 2 0 T M M 5.9 13 60 M M 8 16 40
15 78 59 69 -3 0 4 0.00 M M 6.8 16 50 M M 2 28 100
16 80 60 70 -2 0 5 0.00 M M 5.9 17 50 M M 2 25 50
17 77 61 69 -3 0 4 0.09 M M 9.7 15 70 M M 7 1 21 60
18 80 66 73 1 0 8 0.15 M M 7.9 15 150 M M 7 1 19 160
19 83 66 75 2 0 10 0.00 M M 6.7 23 150 M M 6 29 150
20 80 65 73 0 0 8 0.38 M M 3.7 14 160 M M 4 13 17 140
21 85 65 75 2 0 10 0.00 M M 3.2 10 170 M M 5 1 14 140
22 90 68 79 6 0 14 0.10 M M 4.6 17 280 M M 2 38 24 280
23 87 65 76 2 0 11 0.29 M M 5.4 15 170 M M 4 123 19 160
24 84 65 75 1 0 10 0.00 M M 7.6 16 220 M M 4 22 220
25 83 64 74 0 0 9 T M M 3.8 20 350 M M 4 3 25 350
26 89 63 76 2 0 11 0.00 M M 7.7 21 280 M M 2 26 280
27 87 72 80 6 0 15 T M M 9.0 23 270 M M 5 8 32 290
28 91 69 80 6 0 15 0.00 M M 6.6 18 270 M M 3 22 270
29 91 69 80 5 0 15 0.00 M M 6.4 17 320 M M 1 8 23 310
30 91 69 80 5 0 15 0.03 M M 6.3 18 320 M M 4 21 310
================================================================================
SM 2528 1914 5 283 1.65 M 205.1 M 104
================================================================================
AV 84.3 63.8 6.8 FASTST M M 3 MAX(MPH)
MISC ----> 28 280 33 270
================================================================================
NOTES:
# LAST OF SEVERAL OCCURRENCES
COLUMN 17 PEAK WIND IN M.P.H.
PRELIMINARY LOCAL CLIMATOLOGICAL DATA (WS FORM: F-6) , PAGE 2
STATION: HAGERSTOWN MD
MONTH: JUNE
YEAR: 2020
LATITUDE: 39 42 N
LONGITUDE: 77 43 W
[TEMPERATURE DATA] [PRECIPITATION DATA] SYMBOLS USED IN COLUMN 16
AVERAGE MONTHLY: 74.0 TOTAL FOR MONTH: 1.65 1 = FOG OR MIST
DPTR FM NORMAL: 2.6 DPTR FM NORMAL: -2.23 2 = FOG REDUCING VISIBILITY
HIGHEST: 92 ON 10 GRTST 24HR 0.38 ON 20-20 TO 1/4 MILE OR LESS
LOWEST: 49 ON 1 3 = THUNDER
SNOW, ICE PELLETS, HAIL 4 = ICE PELLETS
TOTAL MONTH: M 5 = HAIL
GRTST 24HR M ON M 6 = FREEZING RAIN OR DRIZZLE
GRTST DEPTH: M ON M 7 = DUSTSTORM OR SANDSTORM:
VSBY 1/2 MILE OR LESS
8 = SMOKE OR HAZE
[NO. OF DAYS WITH] [WEATHER - DAYS WITH] 9 = BLOWING SNOW
X = TORNADO
MAX 32 OR BELOW: 0 0.01 INCH OR MORE: 10
MAX 90 OR ABOVE: 9 0.10 INCH OR MORE: 6
MIN 32 OR BELOW: 0 0.50 INCH OR MORE: 0
MIN 0 OR BELOW: 0 1.00 INCH OR MORE: 0
[HDD (BASE 65) ]
TOTAL THIS MO. 5 CLEAR (SCALE 0-3) 13
DPTR FM NORMAL -13 PTCLDY (SCALE 4-7) 16
TOTAL FM JUL 1 4377 CLOUDY (SCALE 8-10) 1
DPTR FM NORMAL -807
[CDD (BASE 65) ]
TOTAL THIS MO. 283
DPTR FM NORMAL 74 [PRESSURE DATA]
TOTAL FM JAN 1 360 HIGHEST SLP 30.44 ON 15
DPTR FM NORMAL 75 LOWEST SLP 29.68 ON 23
[REMARKS]
#FINAL-06-20#