000
CXUS56 KLOX 011255
CF6HHR
PRELIMINARY LOCAL CLIMATOLOGICAL DATA (WS FORM: F-6)
STATION: HAWTHORNE AIRPORT CA
MONTH: JANUARY
YEAR: 2022
LATITUDE: 33 55 N
LONGITUDE: 118 20 W
TEMPERATURE IN F: :PCPN: SNOW: WIND :SUNSHINE: SKY :PK WND
================================================================================
1 2 3 4 5 6A 6B 7 8 9 10 11 12 13 14 15 16 17 18
12Z AVG MX 2MIN
DY MAX MIN AVG DEP HDD CDD WTR SNW DPTH SPD SPD DIR MIN PSBL S-S WX SPD DR
================================================================================
1 63 48 56 -2 9 0 0.00 M M 1.2 10 270 M M 2 8 13 260
2 68 45 57 -1 8 0 0.00 M M 2.7 10 250 M M 0 8 13 250
3 62 43 53 -5 12 0 0.00 M M 2.6 13 270 M M 0 8 15 260
4 62 45 54 -4 11 0 0.00 M M 1.6 9 250 M M 1 8 12 250
5 68 47 58 0 7 0 0.00 M M 1.4 12 240 M M 0 18 14 240
6 71 47 59 1 6 0 0.00 M M 1.2 10 260 M M 1 128 13 270
7 58 50 54 -4 11 0 0.00 M M 1.0 8 100 M M 10 128 9 90
8 64 51 58 0 7 0 0.00 M M 2.2 9 260 M M 3 18 15 260
9 77 47 62 4 3 0 0.00 M M 1.8 12 260 M M 0 18 14 250
10 76 54 65 7 0 0 0.00 M M 1.6 6 20 M M 0 10 20
11 80 51 66 8 0 1 0.00 M M 1.1 7 110 M M 0 8 10 120
12 80 49 65 7 0 0 0.00 M M 1.5 8 290 M M 0 11 300
13 70 57 64 6 1 0 T M M 1.6 10 180 M M 3 14 180
14 73 53 63 5 2 0 0.00 M M 1.2 12 260 M M 0 14 270
15 70 56 63 5 2 0 T M M 1.7 12 260 M M 7 14 270
16 77 57 67 9 0 2 0.00 M M 2.5 12 250 M M 6 13 250
17 65 60 63 5 2 0 T M M 4.0 9 160 M M 10 12 90
18 65 56 61 3 4 0 0.00 M M 3.7 14 260 M M 7 18 16 250
19 64 53 59 1 6 0 0.00 M M 2.7 12 260 M M 4 18 14 260
20 76 49 63 5 2 0 0.00 M M 2.5 12 230 M M 0 18 15 220
21 69 50 60 2 5 0 0.00 M M 3.3 10 110 M M 0 18 17 60
22 74 52 63 5 2 0 0.00 M M 2.2 9 270 M M 0 8 14 310
23 74 49 62 4 3 0 0.00 M M 3.3 15 260 M M 0 19 260
24 71 48 60 2 5 0 0.00 M M 2.2 9 250 M M 0 12 260
25 67 51 59 1 6 0 0.00 M M 2.6 12 270 M M 3 18 15 260
26 73 47 60 2 5 0 0.00 M M 2.1 10 250 M M 0 18 13 260
27 70 47 59 1 6 0 0.00 M M 2.4 12 250 M M 0 8 14 260
28 75 49 62 4 3 0 0.00 M M 2.8 13 120 M M 0 16 110
29 70 53 62 4 3 0 0.00 M M 1.4 9 230 M M 0 11 200
30 70 45 58 0 7 0 0.00 M M 3.7 17 260 M M 0 8 22 260
31 63 48 56 -2 9 0 0.00 M M 2.1 9 250 M M 1 18 11 240
================================================================================
SM 2165 1557 147 3 T M 67.9 M 58
================================================================================
AV 69.8 50.2 2.2 FASTST M M 2 MAX(MPH)
MISC ----> 17 260 22 260
================================================================================
NOTES:
# LAST OF SEVERAL OCCURRENCES
COLUMN 17 PEAK WIND IN M.P.H.
PRELIMINARY LOCAL CLIMATOLOGICAL DATA (WS FORM: F-6) , PAGE 2
STATION: HAWTHORNE AIRPORT CA
MONTH: JANUARY
YEAR: 2022
LATITUDE: 33 55 N
LONGITUDE: 118 20 W
[TEMPERATURE DATA] [PRECIPITATION DATA] SYMBOLS USED IN COLUMN 16
AVERAGE MONTHLY: 60.0 TOTAL FOR MONTH: T 1 = FOG OR MIST
DPTR FM NORMAL: 1.7 DPTR FM NORMAL: -2.67 2 = FOG REDUCING VISIBILITY
HIGHEST: 80 ON 12,11 GRTST 24HR T ON 15-15 TO 1/4 MILE OR LESS
LOWEST: 43 ON 3 3 = THUNDER
SNOW, ICE PELLETS, HAIL 4 = ICE PELLETS
TOTAL MONTH: M 5 = HAIL
GRTST 24HR M ON M 6 = FREEZING RAIN OR DRIZZLE
GRTST DEPTH: M ON M 7 = DUSTSTORM OR SANDSTORM:
VSBY 1/2 MILE OR LESS
8 = SMOKE OR HAZE
[NO. OF DAYS WITH] [WEATHER - DAYS WITH] 9 = BLOWING SNOW
X = TORNADO
MAX 32 OR BELOW: 0 0.01 INCH OR MORE: 0
MAX 90 OR ABOVE: 0 0.10 INCH OR MORE: 0
MIN 32 OR BELOW: 0 0.50 INCH OR MORE: 0
MIN 0 OR BELOW: 0 1.00 INCH OR MORE: 0
[HDD (BASE 65) ]
TOTAL THIS MO. 147 CLEAR (SCALE 0-3) 24
DPTR FM NORMAL -69 PTCLDY (SCALE 4-7) 5
TOTAL FM JUL 1 503 CLOUDY (SCALE 8-10) 2
DPTR FM NORMAL -79
[CDD (BASE 65) ]
TOTAL THIS MO. 3
DPTR FM NORMAL -3 [PRESSURE DATA]
TOTAL FM JAN 1 3 HIGHEST SLP 30.34 ON 10
DPTR FM NORMAL -3 LOWEST SLP 29.87 ON 1
[REMARKS]
#FINAL-01-22#