000
CXUS56 KLOX 011155
CF6HHR
PRELIMINARY LOCAL CLIMATOLOGICAL DATA (WS FORM: F-6)
STATION: HAWTHORNE AIRPORT CA
MONTH: OCTOBER
YEAR: 2023
LATITUDE: 33 55 N
LONGITUDE: 118 20 W
TEMPERATURE IN F: :PCPN: SNOW: WIND :SUNSHINE: SKY :PK WND
================================================================================
1 2 3 4 5 6A 6B 7 8 9 10 11 12 13 14 15 16 17 18
12Z AVG MX 2MIN
DY MAX MIN AVG DEP HDD CDD WTR SNW DPTH SPD SPD DIR MIN PSBL S-S WX SPD DR
================================================================================
1 69 59 64 -6 1 0 0.00 M M 4.1 13 250 M M 4 19 240
2 73 58 66 -4 0 1 0.00 M M 5.1 16 250 M M 0 24 250
3 79 60 70 0 0 5 0.00 M M 3.5 14 250 M M 0 8 19 250
4 84 62 73 3 0 8 0.00 M M 3.7 16 260 M M 0 8 20 250
5 94 64 79 9 0 14 0.00 M M 3.1 15 250 M M 0 19 260
6 88 64 76 7 0 11 0.00 M M 3.0 13 270 M M 0 8 18 260
7 86 63 75 6 0 10 0.00 M M 3.1 13 260 M M 1 128 17 260
8 75 62 69 0 0 4 0.00 M M 5.1 15 250 M M 4 18 19 260
9 73 62 68 -1 0 3 0.00 M M 4.3 17 250 M M 4 18 23 250
10 74 62 68 -1 0 3 0.00 M M 3.8 12 250 M M 4 17 250
11 75 63 69 0 0 4 0.00 M M 5.2 17 270 M M 2 24 260
12 79 62 71 2 0 6 0.00 M M 3.9 14 270 M M 1 20 270
13 78 61 70 1 0 5 0.00 M M 3.2 13 250 M M 2 8 18 250
14 76 60 68 0 0 3 0.00 M M 2.5 12 260 M M 3 8 21 270
15 84 60 72 4 0 7 0.00 M M 3.5 14 250 M M 0 20 260
16 80 63 72 4 0 7 0.00 M M 3.3 12 260 M M 1 18 17 260
17 76 63 70 2 0 5 0.00 M M 3.8 10 250 M M 5 18 15 260
18 74 63 69 1 0 4 0.00 M M 4.0 12 240 M M 5 18 19 250
19 76 62 69 1 0 4 0.00 M M 5.6 12 250 M M 5 128 17 250
20 77 64 71 3 0 6 0.00 M M 4.8 15 260 M M 1 18 20 260
21 80 63 72 4 0 7 0.00 M M 5.1 20 260 M M 0 18 29 260
22 74 60 67 0 0 2 0.00 M M 4.9 17 260 M M 3 8 23 250
23 74 63 69 2 0 4 0.00 M M 4.1 14 250 M M 5 17 250
24 75 61 68 1 0 3 0.00 M M 4.4 14 260 M M 4 18 270
25 72 65 69 2 0 4 0.00 M M 6.3 12 250 M M 9 17 240
26 71 62 67 0 0 2 0.00 M M 4.5 15 260 M M 3 8 20 260
27 73 59 66 -1 0 1 0.00 M M 3.1 15 260 M M 3 20 250
28 72 56 64 -3 1 0 0.00 M M 4.2 18 260 M M 1 29 260
29 80 54 67 1 0 2 0.00 M M 2.5 13 250 M M 0 17 240
30 81 51 66 0 0 1 0.00 M M 2.0 13 260 M M 0 8 18 260
31 85 55 70 4 0 5 0.00 M M 2.0 10 260 M M 0 14 260
================================================================================
SM 2407 1886 2 141 0.00 M 121.7 M 70
================================================================================
AV 77.6 60.8 3.9 FASTST M M 2 MAX(MPH)
MISC ----> 20 260 # 29 260
================================================================================
NOTES:
# LAST OF SEVERAL OCCURRENCES
COLUMN 17 PEAK WIND IN M.P.H.
PRELIMINARY LOCAL CLIMATOLOGICAL DATA (WS FORM: F-6) , PAGE 2
STATION: HAWTHORNE AIRPORT CA
MONTH: OCTOBER
YEAR: 2023
LATITUDE: 33 55 N
LONGITUDE: 118 20 W
[TEMPERATURE DATA] [PRECIPITATION DATA] SYMBOLS USED IN COLUMN 16
AVERAGE MONTHLY: 69.2 TOTAL FOR MONTH: 0.00 1 = FOG OR MIST
DPTR FM NORMAL: 1.1 DPTR FM NORMAL: -0.48 2 = FOG REDUCING VISIBILITY
HIGHEST: 94 ON 5 GRTST 24HR T ON 30- 1 TO 1/4 MILE OR LESS
LOWEST: 51 ON 30 3 = THUNDER
SNOW, ICE PELLETS, HAIL 4 = ICE PELLETS
TOTAL MONTH: M 5 = HAIL
GRTST 24HR M ON M 6 = FREEZING RAIN OR DRIZZLE
GRTST DEPTH: M ON M 7 = DUSTSTORM OR SANDSTORM:
VSBY 1/2 MILE OR LESS
8 = SMOKE OR HAZE
[NO. OF DAYS WITH] [WEATHER - DAYS WITH] 9 = BLOWING SNOW
X = TORNADO
MAX 32 OR BELOW: 0 0.01 INCH OR MORE: 0
MAX 90 OR ABOVE: 1 0.10 INCH OR MORE: 0
MIN 32 OR BELOW: 0 0.50 INCH OR MORE: 0
MIN 0 OR BELOW: 0 1.00 INCH OR MORE: 0
[HDD (BASE 65) ]
TOTAL THIS MO. 2 CLEAR (SCALE 0-3) 21
DPTR FM NORMAL -21 PTCLDY (SCALE 4-7) 9
TOTAL FM JUL 1 2 CLOUDY (SCALE 8-10) 1
DPTR FM NORMAL -19
[CDD (BASE 65) ]
TOTAL THIS MO. 141
DPTR FM NORMAL 21 [PRESSURE DATA]
TOTAL FM JAN 1 1191 HIGHEST SLP 30.11 ON 30
DPTR FM NORMAL 305 LOWEST SLP 29.63 ON 11
[REMARKS]
#FINAL-10-23#