000
CXUS56 KHNX 011209
CF6HJO
PRELIMINARY LOCAL CLIMATOLOGICAL DATA (WS FORM: F-6)
STATION: HANFORD CA AIRPORT
MONTH: MARCH
YEAR: 2024
LATITUDE: 36 19 N
LONGITUDE: 119 38 W
TEMPERATURE IN F: :PCPN: SNOW: WIND :SUNSHINE: SKY :PK WND
================================================================================
1 2 3 4 5 6A 6B 7 8 9 10 11 12 13 14 15 16 17 18
12Z AVG MX 2MIN
DY MAX MIN AVG DEP HDD CDD WTR SNW DPTH SPD SPD DIR MIN PSBL S-S WX SPD DR
================================================================================
1 66 49 58 4 7 0 0.13 0.0 0 8.9 20 170 M M 8 1 29 200
2 57 49 53 -1 12 0 0.19 0.0 0 6.6 15 330 M M 9 1 24 40
3 62 45 54 0 11 0 0.04 0.0 0 3.3 13 260 M M 5 1 22 280
4 63 44 54 -1 11 0 0.00 0.0 0 5.8 12 310 M M 2 16 320
5 66 37 52 -3 13 0 0.00 0.0 0 2.0 8 170 M M 0 1 11 170
6 67 42 55 0 10 0 0.00 0.0 0 3.8 10 270 M M 3 1 16 270
7 65 45 55 0 10 0 0.00 0.0 0 6.8 16 320 M M 6 8 22 340
8 68 40 54 -2 11 0 0.00 0.0 0 1.7 7 190 M M 1 1 10 170
9 73 40 57 1 8 0 0.00 0.0 0 3.9 13 310 M M 0 128 17 320
10 71 44 58 2 7 0 0.00 0.0 0 3.5 9 300 M M 0 1 12 310
11 70 42 56 0 9 0 0.00 0.0 0 3.9 16 310 M M 1 8 20 310
12 69 51 60 4 5 0 0.02 0.0 0 7.0 14 310 M M 6 18 20 320
13 67 45 56 0 9 0 0.00 0.0 0 8.2 17 320 M M 3 8 24 330
14 69 39 54 -2 11 0 0.00 0.0 0 5.4 18 320 M M 0 1 24 310
15 72 37 55 -2 10 0 0.00 0.0 0 3.3 8 180 M M 0 8 11 300
16 74 40 57 0 8 0 0.00 0.0 0 3.4 10 330 M M 0 18 14 330
17 76 43 60 3 5 0 0.00 0.0 0 2.1 10 310 M M 0 14 270
18 80 42 61 4 4 0 0.00 0.0 0 1.3 9 300 M M 0 18 13 300
19 81 47 64 7 1 0 0.00 0.0 0 3.6 12 310 M M 0 18 17 310
20 81 46 64 7 1 0 0.00 0.0 0 6.4 16 320 M M 0 8 23 320
21 77 49 63 5 2 0 0.00 0.0 0 6.6 15 330 M M 0 20 320
22 79 50 65 7 0 0 0.03 0.0 0 5.2 18 200 M M 1 18 26 200
23 66 46 56 -2 9 0 0.25 0.0 0 5.7 18 320 M M 7 1 31 250
24 61 41 51 -7 14 0 0.05 0.0 0 3.6 15 330 M M 5 13 20 350
25 67 47 57 -1 8 0 0.00 0.0 0 5.5 14 320 M M 4 19 330
26 70 47 59 1 6 0 0.00 0.0 0 5.7 13 310 M M 1 18 320
27 74 41 58 0 7 0 T 0.0 0 3.5 14 280 M M 1 138 19 280
28 67 52 60 2 5 0 0.05 0.0 0 6.9 22 320 M M 5 1 28 320
29 63 48 56 -2 9 0 0.44 0.0 0 6.0 14 190 M M 9 1 21 190
30 66 50 58 -1 7 0 0.06 0.0 0 6.0 20 180 M M 7 1 27 190
31 69 49 59 0 6 0 0.02 0.0 0 4.3 13 350 M M 6 20 60
================================================================================
SM 2156 1387 236 0 1.28 0.0 149.9 M 90
================================================================================
AV 69.5 44.7 4.8 FASTST M M 3 MAX(MPH)
MISC ----> 22 320 31 250
================================================================================
NOTES:
# LAST OF SEVERAL OCCURRENCES
COLUMN 17 PEAK WIND IN M.P.H.
PRELIMINARY LOCAL CLIMATOLOGICAL DATA (WS FORM: F-6) , PAGE 2
STATION: HANFORD CA AIRPORT
MONTH: MARCH
YEAR: 2024
LATITUDE: 36 19 N
LONGITUDE: 119 38 W
[TEMPERATURE DATA] [PRECIPITATION DATA] SYMBOLS USED IN COLUMN 16
AVERAGE MONTHLY: 57.1 TOTAL FOR MONTH: 1.28 1 = FOG OR MIST
DPTR FM NORMAL: 0.4 DPTR FM NORMAL: -0.21 2 = FOG REDUCING VISIBILITY
HIGHEST: 81 ON 20,19 GRTST 24HR 0.50 ON 29-30 TO 1/4 MILE OR LESS
LOWEST: 37 ON 15, 5 3 = THUNDER
SNOW, ICE PELLETS, HAIL 4 = ICE PELLETS
TOTAL MONTH: 0.0 INCH 5 = HAIL
GRTST 24HR 0.0 6 = FREEZING RAIN OR DRIZZLE
GRTST DEPTH: 0 7 = DUSTSTORM OR SANDSTORM:
VSBY 1/2 MILE OR LESS
8 = SMOKE OR HAZE
[NO. OF DAYS WITH] [WEATHER - DAYS WITH] 9 = BLOWING SNOW
X = TORNADO
MAX 32 OR BELOW: 0 0.01 INCH OR MORE: 11
MAX 90 OR ABOVE: 0 0.10 INCH OR MORE: 4
MIN 32 OR BELOW: 0 0.50 INCH OR MORE: 0
MIN 0 OR BELOW: 0 1.00 INCH OR MORE: 0
[HDD (BASE 65) ]
TOTAL THIS MO. 236 CLEAR (SCALE 0-3) 19
DPTR FM NORMAL -28 PTCLDY (SCALE 4-7) 10
TOTAL FM JUL 1 1711 CLOUDY (SCALE 8-10) 2
DPTR FM NORMAL -541
[CDD (BASE 65) ]
TOTAL THIS MO. 0
DPTR FM NORMAL -6 [PRESSURE DATA]
TOTAL FM JAN 1 0 HIGHEST SLP 30.24 ON 8
DPTR FM NORMAL -6 LOWEST SLP 29.62 ON 30
[REMARKS]
#FINAL-03-24#