000
CXUS54 KJAN 190956
CF6HKS
PRELIMINARY LOCAL CLIMATOLOGICAL DATA (WS FORM: F-6)
STATION: JACKSON HAWKINS
MONTH: JANUARY
YEAR: 2023
LATITUDE: 32 20 N
LONGITUDE: 90 14 W
TEMPERATURE IN F: :PCPN: SNOW: WIND :SUNSHINE: SKY :PK WND
================================================================================
1 2 3 4 5 6A 6B 7 8 9 10 11 12 13 14 15 16 17 18
12Z AVG MX 2MIN
DY MAX MIN AVG DEP HDD CDD WTR SNW DPTH SPD SPD DIR MIN PSBL S-S WX SPD DR
================================================================================
1 77 50 64 16 1 0 0.00 0.0 0 7.0 16 180 M M 6 12 24 160
2 76 67 72 24 0 7 0.03 0.0 0 11.4 23 170 M M 8 1 35 170
3 77 64 71 23 0 6 0.42 0.0 0 10.4 23 160 M M 8 13 33 160
4 70 49 60 13 5 0 0.00 0.0 0 5.1 20 280 M M 1 1 25 270
5 63 40 52 5 13 0 0.00 0.0 0 3.8 18 300 M M 0 25 300
6 65 34 50 3 15 0 0.00 0.0 0 3.5 12 180 M M 0 17 170
7 76 43 60 13 5 0 0.00 0.0 0 7.6 16 220 M M 2 21 180
8 63 44 54 7 11 0 1.40 0.0 0 4.7 13 310 M M 9 123 17 310
9 57 37 47 0 18 0 0.00 0.0 0 2.2 10 80 M M 1 12 15 100
10 66 36 51 4 14 0 0.00 0.0 0 6.1 13 180 M M 3 1 18 190
11 78 59 69 22 0 4 0.00 0.0 0 11.3 22 210 M M 5 31 200
12 70 44 57 10 8 0 0.16 0.0 0 16.5 32 270 M M 6 13 49 280
13 46 31 39 -8 26 0 0.00 0.0 0 8.7 20 310 M M 7 34 340
14 51 27 39 -8 26 0 0.00 0.0 0 3.2 12 310 M M 0 17 310
15 61 28 45 -2 20 0 0.00 0.0 0 6.9 15 160 M M 0 8 21 150
16 67 50 59 12 6 0 0.44 0.0 0 11.6 23 180 M M 8 1 34 180
17 76 58 67 20 0 2 0.52 0.0 0 5.7 17 250 M M 6 1 22 240
18 77 56 67 20 0 2 0.49 0.0 0 11.6 28 170 M M 6 123 40 160
19 68 47 58 11 7 0 0.00 0.0 0 9.4 21 270 M M 1 28 280
20 59 42 51 4 14 0 0.01 0.0 0 3.8 10 20 M M 3 16 20
21 53 45 49 2 16 0 0.83 0.0 0 6.0 13 110 M M 9 1 19 120
22 54 44 49 2 16 0 0.02 0.0 0 6.9 22 290 M M 9 1 29 280
23 54 37 46 -2 19 0 0.00 0.0 0 4.0 10 20 M M 4 16 310
24 53 35 44 -4 21 0 1.35 0.0 0 10.1 23 120 M M 6 13 35 110
25 56 41 49 1 16 0 0.02 0.0 0 13.0 29 260 M M 10 1 40 240
26 51 32 42 -6 23 0 0.00 0.0 0 8.0 18 290 M M 2 27 290
27 57 28 43 -5 22 0 0.00 0.0 0 4.6 14 190 M M 0 1 19 220
28 69 35 52 4 13 0 0.00 0.0 0 11.0 23 150 M M 3 33 170
29 63 55 59 11 6 0 0.98 0.0 0 6.5 18 150 M M 8 1 27 150
30 60 48 54 6 11 0 0.06 0.0 0 4.1 8 320 M M 10 12 12 350
31 49 34 42 -6 23 0 0.41 0.0 0 6.5 14 310 M M 10 12 19 340
================================================================================
SM 1962 1340 375 21 7.14 0.0 231.2 M 151
================================================================================
AV 63.3 43.2 7.5 FASTST M M 5 MAX(MPH)
MISC ----> 32 270 49 280
================================================================================
NOTES:
# LAST OF SEVERAL OCCURRENCES
COLUMN 17 PEAK WIND IN M.P.H.
PRELIMINARY LOCAL CLIMATOLOGICAL DATA (WS FORM: F-6) , PAGE 2
STATION: JACKSON HAWKINS
MONTH: JANUARY
YEAR: 2023
LATITUDE: 32 20 N
LONGITUDE: 90 14 W
[TEMPERATURE DATA] [PRECIPITATION DATA] SYMBOLS USED IN COLUMN 16
AVERAGE MONTHLY: 53.3 TOTAL FOR MONTH: 7.14 1 = FOG OR MIST
DPTR FM NORMAL: 5.9 DPTR FM NORMAL: 2.05 2 = FOG REDUCING VISIBILITY
HIGHEST: 78 ON 11 GRTST 24HR 1.63 ON 24-25 TO 1/4 MILE OR LESS
LOWEST: 27 ON 14 3 = THUNDER
SNOW, ICE PELLETS, HAIL 4 = ICE PELLETS
TOTAL MONTH: 0.0 INCH 5 = HAIL
GRTST 24HR 0.0 6 = FREEZING RAIN OR DRIZZLE
GRTST DEPTH: 0 7 = DUSTSTORM OR SANDSTORM:
VSBY 1/2 MILE OR LESS
8 = SMOKE OR HAZE
[NO. OF DAYS WITH] [WEATHER - DAYS WITH] 9 = BLOWING SNOW
X = TORNADO
MAX 32 OR BELOW: 0 0.01 INCH OR MORE: 15
MAX 90 OR ABOVE: 0 0.10 INCH OR MORE: 10
MIN 32 OR BELOW: 5 0.50 INCH OR MORE: 5
MIN 0 OR BELOW: 0 1.00 INCH OR MORE: 2
[HDD (BASE 65) ]
TOTAL THIS MO. 375 CLEAR (SCALE 0-3) 10
DPTR FM NORMAL -175 PTCLDY (SCALE 4-7) 13
TOTAL FM JUL 1 1122 CLOUDY (SCALE 8-10) 8
DPTR FM NORMAL -290
[CDD (BASE 65) ]
TOTAL THIS MO. 21
DPTR FM NORMAL 15 [PRESSURE DATA]
TOTAL FM JAN 1 21 HIGHEST SLP 30.39 ON 27
DPTR FM NORMAL 15 LOWEST SLP 29.64 ON 25
[REMARKS]
#FINAL-01-23#