870
CXUS54 KJAN 031732
CF6HKS
PRELIMINARY LOCAL CLIMATOLOGICAL DATA (WS FORM: F-6)
STATION: JACKSON HAWKINS
MONTH: AUGUST
YEAR: 2020
LATITUDE: 32 20 N
LONGITUDE: 90 14 W
TEMPERATURE IN F: :PCPN: SNOW: WIND :SUNSHINE: SKY :PK WND
================================================================================
1 2 3 4 5 6A 6B 7 8 9 10 11 12 13 14 15 16 17 18
12Z AVG MX 2MIN
DY MAX MIN AVG DEP HDD CDD WTR SNW DPTH SPD SPD DIR MIN PSBL S-S WX SPD DR
================================================================================
1 87 72 80 -2 0 15 0.15 0.0 0 7.9 15 250 M M 6 13 23 250
2 89 73 81 -1 0 16 0.00 0.0 0 1.5 10 120 M M 4 1 13 120
3 92 70 81 -1 0 16 0.00 0.0 0 3.0 18 270 M M 1 1 23 260
4 91 70 81 -1 0 16 0.00 0.0 0 3.9 14 300 M M 1 1 20 280
5 89 70 80 -2 0 15 0.00 0.0 0 3.4 13 300 M M 1 1 22 290
6 89 64 77 -5 0 12 0.00 0.0 0 3.3 13 290 M M 0 18 280
7 93 67 80 -2 0 15 0.00 0.0 0 1.9 13 320 M M 0 22 320
8 95 72 84 2 0 19 0.10 0.0 0 2.3 20 150 M M 2 8 26 130
9 97 73 85 3 0 20 0.00 0.0 0 2.9 15 220 M M 2 1 20 220
10 96 75 86 4 0 21 0.00 0.0 0 4.0 12 300 M M 1 15 240
11 96 78 87 5 0 22 0.00 0.0 0 5.4 16 130 M M 1 8 22 100
12 95 74 85 3 0 20 0.22 0.0 0 4.4 16 140 M M 1 13 23 140
13 85 73 79 -3 0 14 1.54 0.0 0 3.6 16 290 M M 3 13 22 280
14 83 73 78 -4 0 13 0.30 0.0 0 3.9 22 260 M M 4 138 30 260
15 93 71 82 0 0 17 0.00 0.0 0 2.9 12 300 M M 1 1 19 330
16 95 70 83 1 0 18 1.36 0.0 0 4.6 28 50 M M 1 123 48 40
17 90 70 80 -2 0 15 0.00 0.0 0 4.1 12 10 M M 1 18 20
18 92 68 80 -2 0 15 0.00 0.0 0 2.8 10 320 M M 1 14 300
19 88 70 79 -3 0 14 0.00 0.0 0 4.8 14 300 M M 2 19 280
20 88 69 79 -3 0 14 0.08 0.0 0 3.9 15 100 M M 4 13 24 100
21 86 67 77 -5 0 12 0.60 0.0 0 2.9 9 170 M M 4 13 13 130
22 89 66 78 -4 0 13 0.00 0.0 0 2.0 9 30 M M 0 1 16 320
23 92 69 81 -1 0 16 0.00 0.0 0 3.7 10 90 M M 0 19 30
24 91 73 82 1 0 17 T 0.0 0 5.5 17 90 M M 3 26 120
25 83 76 80 -1 0 15 T 0.0 0 6.7 16 130 M M 7 24 120
26 93 77 85 4 0 20 0.24 0.0 0 8.6 25 120 M M 2 13 37 130
27 86 74 80 -1 0 15 1.16 0.0 0 13.3 31 170 M M 8 13 44 170
28 87 76 82 1 0 17 T 0.0 0 9.0 18 190 M M 5 18 27 160
29 93 76 85 4 0 20 0.00 0.0 0 5.6 14 170 M M 5 20 180
30 93 74 84 3 0 19 0.10 0.0 0 4.0 17 300 M M 4 13 24 280
31 92 75 84 4 0 19 0.01 0.0 0 5.2 15 200 M M 4 3 21 190
================================================================================
SM 2808 2225 0 510 5.86 0.0 141.0 M 79
================================================================================
AV 90.6 71.8 4.5 FASTST M M 3 MAX(MPH)
MISC ----> # 31 170 # 48 40
================================================================================
NOTES:
# LAST OF SEVERAL OCCURRENCES
COLUMN 17 PEAK WIND IN M.P.H.
PRELIMINARY LOCAL CLIMATOLOGICAL DATA (WS FORM: F-6) , PAGE 2
STATION: JACKSON HAWKINS
MONTH: AUGUST
YEAR: 2020
LATITUDE: 32 20 N
LONGITUDE: 90 14 W
[TEMPERATURE DATA] [PRECIPITATION DATA] SYMBOLS USED IN COLUMN 16
AVERAGE MONTHLY: 81.2 TOTAL FOR MONTH: 5.86 1 = FOG OR MIST
DPTR FM NORMAL: -0.5 DPTR FM NORMAL: 1.85 2 = FOG REDUCING VISIBILITY
HIGHEST: 97 ON 9 GRTST 24HR 1.54 ON 13-13 TO 1/4 MILE OR LESS
LOWEST: 64 ON 6 3 = THUNDER
SNOW, ICE PELLETS, HAIL 4 = ICE PELLETS
TOTAL MONTH: 0.0 INCH 5 = HAIL
GRTST 24HR 0.0 6 = FREEZING RAIN OR DRIZZLE
GRTST DEPTH: 0 7 = DUSTSTORM OR SANDSTORM:
VSBY 1/2 MILE OR LESS
8 = SMOKE OR HAZE
[NO. OF DAYS WITH] [WEATHER - DAYS WITH] 9 = BLOWING SNOW
X = TORNADO
MAX 32 OR BELOW: 0 0.01 INCH OR MORE: 12
MAX 90 OR ABOVE: 18 0.10 INCH OR MORE: 10
MIN 32 OR BELOW: 0 0.50 INCH OR MORE: 4
MIN 0 OR BELOW: 0 1.00 INCH OR MORE: 3
[HDD (BASE 65) ]
TOTAL THIS MO. 0 CLEAR (SCALE 0-3) 19
DPTR FM NORMAL 0 PTCLDY (SCALE 4-7) 12
TOTAL FM JUL 1 0 CLOUDY (SCALE 8-10) 0
DPTR FM NORMAL 0
[CDD (BASE 65) ]
TOTAL THIS MO. 510
DPTR FM NORMAL -7 [PRESSURE DATA]
TOTAL FM JAN 1 1974 HIGHEST SLP M ON M
DPTR FM NORMAL 126 LOWEST SLP 29.73 ON 27
[REMARKS]
#FINAL-08-20#