000
CXUS52 KGSP 010817
CF6HKY
PRELIMINARY LOCAL CLIMATOLOGICAL DATA (WS FORM: F-6)
STATION: HICKORY NC
MONTH: APRIL
YEAR: 2021
LATITUDE: 35 45 N
LONGITUDE: 81 23 W
TEMPERATURE IN F: :PCPN: SNOW: WIND :SUNSHINE: SKY :PK WND
================================================================================
1 2 3 4 5 6A 6B 7 8 9 10 11 12 13 14 15 16 17 18
12Z AVG MX 2MIN
DY MAX MIN AVG DEP HDD CDD WTR SNW DPTH SPD SPD DIR MIN PSBL S-S WX SPD DR
================================================================================
1 50 34 42 -12 23 0 0.00 M M 11.5 23 310 M M 3 32 290
2 50 28 39 -16 26 0 0.00 M M 8.2 17 330 M M 1 26 290
3 59 26 43 -12 22 0 0.00 M M 3.9 12 190 M M 0 15 190
4 74 38 56 1 9 0 0.00 M M 4.6 14 250 M M 0 24 290
5 75 42 59 3 6 0 0.00 M M 2.6 13 200 M M 0 17 200
6 80 49 65 9 0 0 0.00 M M 3.9 10 190 M M 0 8 14 250
7 82 50 66 10 0 1 0.00 M M 3.1 13 190 M M 0 18 190
8 75 52 64 8 1 0 T M M 4.5 15 190 M M 2 8 21 210
9 82 54 68 11 0 3 0.00 M M 6.5 18 200 M M 1 1 25 210
10 69 59 64 7 1 0 0.51 M M 4.8 21 190 M M 8 18 29 180
11 74 53 64 7 1 0 0.00 M M 7.9 18 220 M M 3 12 27 190
12 79 52 66 8 0 1 0.00 M M 7.6 21 260 M M 0 27 270
13 72 53 63 5 2 0 T M M 2.3 10 290 M M 3 14 350
14 80 50 65 7 0 0 T M M 5.4 22 200 M M 3 29 210
15 69 50 60 2 5 0 0.00 M M 7.9 17 280 M M 2 25 320
16 68 41 55 -4 10 0 0.00 M M 4.6 13 200 M M 0 18 260
17 67 46 57 -2 8 0 0.00 M M 2.1 9 280 M M 6 16 300
18 70 45 58 -1 7 0 0.00 M M 2.5 13 240 M M 6 17 240
19 70 47 59 0 6 0 0.00 M M 5.4 14 20 M M 5 19 10
20 72 43 58 -2 7 0 0.00 M M 6.0 20 190 M M 1 26 200
21 65 36 51 -9 14 0 0.00 M M 10.2 24 320 M M 1 34 340
22 60 30 45 -15 20 0 0.00 M M 4.8 20 310 M M 0 27 310
23 63 34 49 -11 16 0 0.00 M M 3.7 15 200 M M M 19 210
24 51 44 48 -13 17 0 0.75 M M 3.6 10 60 M M 9 1 16 50
25 70 49 60 -1 5 0 0.09 M M 6.2 16 10 M M 3 1 23 340
26 74 40 57 -4 8 0 0.00 M M 2.5 10 190 M M 0 18 16 200
27 80 49 65 4 0 0 0.00 M M 7.4 17 200 M M 0 23 220
28 82 61 72 10 0 7 0.00 M M 7.4 16 200 M M 0 23 200
29 82 63 73 11 0 8 0.00 M M 9.9 24 230 M M 1 34 200
30 77 58 68 6 0 3 0.00 M M 8.3 22 310 M M 1 32 280
================================================================================
SM 2121 1376 214 23 1.35 M 169.3 M 59
================================================================================
AV 70.7 45.9 5.6 FASTST M M 2 MAX(MPH)
MISC ----> # 24 320 # 34 340
================================================================================
NOTES:
# LAST OF SEVERAL OCCURRENCES
COLUMN 17 PEAK WIND IN M.P.H.
PRELIMINARY LOCAL CLIMATOLOGICAL DATA (WS FORM: F-6) , PAGE 2
STATION: HICKORY NC
MONTH: APRIL
YEAR: 2021
LATITUDE: 35 45 N
LONGITUDE: 81 23 W
[TEMPERATURE DATA] [PRECIPITATION DATA] SYMBOLS USED IN COLUMN 16
AVERAGE MONTHLY: 58.3 TOTAL FOR MONTH: 1.35 1 = FOG OR MIST
DPTR FM NORMAL: -0.1 DPTR FM NORMAL: -2.36 2 = FOG REDUCING VISIBILITY
HIGHEST: 82 ON 29,28 GRTST 24HR 0.84 ON 24-25 TO 1/4 MILE OR LESS
LOWEST: 26 ON 3 3 = THUNDER
SNOW, ICE PELLETS, HAIL 4 = ICE PELLETS
TOTAL MONTH: M 5 = HAIL
GRTST 24HR M ON M 6 = FREEZING RAIN OR DRIZZLE
GRTST DEPTH: M ON M 7 = DUSTSTORM OR SANDSTORM:
VSBY 1/2 MILE OR LESS
8 = SMOKE OR HAZE
[NO. OF DAYS WITH] [WEATHER - DAYS WITH] 9 = BLOWING SNOW
X = TORNADO
MAX 32 OR BELOW: 0 0.01 INCH OR MORE: 3
MAX 90 OR ABOVE: 0 0.10 INCH OR MORE: 2
MIN 32 OR BELOW: 3 0.50 INCH OR MORE: 2
MIN 0 OR BELOW: 0 1.00 INCH OR MORE: 0
[HDD (BASE 65) ]
TOTAL THIS MO. 214 CLEAR (SCALE 0-3) 23
DPTR FM NORMAL -8 PTCLDY (SCALE 4-7) 5
TOTAL FM JUL 1 3257 CLOUDY (SCALE 8-10) 2
DPTR FM NORMAL -292
[CDD (BASE 65) ]
TOTAL THIS MO. 23
DPTR FM NORMAL -3 [PRESSURE DATA]
TOTAL FM JAN 1 29 HIGHEST SLP 30.46 ON 3
DPTR FM NORMAL 0 LOWEST SLP 29.47 ON 11
[REMARKS]
#FINAL-04-21#