000
CXUS53 KGLD 071613
CF6HLC
PRELIMINARY LOCAL CLIMATOLOGICAL DATA (WS FORM: F-6)
STATION: HILL CITY KS
MONTH: OCTOBER
YEAR: 2022
LATITUDE: 39 22 N
LONGITUDE: 99 50 W
TEMPERATURE IN F: :PCPN: SNOW: WIND :SUNSHINE: SKY :PK WND
================================================================================
1 2 3 4 5 6A 6B 7 8 9 10 11 12 13 14 15 16 17 18
12Z AVG MX 2MIN
DY MAX MIN AVG DEP HDD CDD WTR SNW DPTH SPD SPD DIR MIN PSBL S-S WX SPD DR
================================================================================
1 88 50 69 7 0 4 0.00 M M 10.4 24 130 M M 0 33 130
2 86 48 67 6 0 2 0.00 M M 8.6 20 160 M M 0 29 170
3 86 52 69 8 0 4 0.00 M M 10.4 26 180 M M 1 36 180
4 74 51 63 3 2 0 0.03 M M 3.6 9 110 M M 5 1 13 140
5 79 48 64 4 1 0 0.00 M M 5.1 17 320 M M 1 23 320
6 81 45 63 4 2 0 0.00 M M 9.2 21 50 M M 0 27 40
7 49 38 44 -15 21 0 0.43 M M 6.7 16 30 M M 7 1 22 30
8 67 42 55 -3 10 0 0.00 M M 5.0 12 210 M M 3 17 210
9 76 41 59 1 6 0 0.00 M M 3.6 8 270 M M 0 12 10
10 80 40 60 3 5 0 0.00 M M 6.7 17 170 M M 0 26 190
11 86 51 69 12 0 4 0.00 M M 10.4 32 10 M M 0 1 48 360
12 77 41 59 3 6 0 0.00 M M 11.8 33 360 M M 1 47 350
13 68 44 56 0 9 0 0.00 M M 13.3 29 330 M M 0 43 320
14 82 36 59 4 6 0 0.00 M M 9.7 28 290 M M 0 40 290
15 78 36 57 2 8 0 0.00 M M 6.5 17 360 M M 0 25 360
16 67 33 50 -4 15 0 0.00 M M 8.7 17 330 M M 3 26 330
17 61 28 45 -9 20 0 0.00 M M 5.9 16 360 M M 1 22 10
18 56 28 42 -12 23 0 0.00 M M 4.4 12 80 M M 3 8 16 70
19 78 25 52 -1 13 0 0.00 M M 3.3 13 350 M M 0 8 16 330
20 81 40 61 9 4 0 0.00 M M 6.8 15 270 M M 0 19 280
21 88 40 64 12 1 0 0.00 M M 5.7 15 320 M M 0 20 290
22 87 35 61 9 4 0 0.00 M M 5.7 15 170 M M 0 22 180
23 89 51 70 19 0 5 T M M 16.4 36 210 M M 4 8 55 200
24 61 30 46 -5 19 0 T M M 13.6 28 340 M M 1 39 350
25 67 29 48 -2 17 0 0.00 M M 6.5 16 340 M M 0 24 330
26 68 32 50 0 15 0 0.00 M M 8.4 25 150 M M 1 8 35 140
27 59 46 53 4 12 0 0.01 M M 9.6 17 170 M M 5 8 25 160
28 64 38 51 2 14 0 0.00 M M 3.5 8 100 M M 5 1 13 130
29 71 32 52 4 13 0 0.00 M M 2.7 12 140 M M 0 14 130
30 66 35 51 3 14 0 0.00 M M 5.9 15 340 M M 0 20 360
31 76 28 52 4 13 0 0.00 M M 5.4 16 210 M M 0 23 200
================================================================================
SM 2296 1213 273 19 0.47 M 233.5 M 41
================================================================================
AV 74.1 39.1 7.5 FASTST M M 1 MAX(MPH)
MISC ----> 36 210 55 200
================================================================================
NOTES:
# LAST OF SEVERAL OCCURRENCES
COLUMN 17 PEAK WIND IN M.P.H.
PRELIMINARY LOCAL CLIMATOLOGICAL DATA (WS FORM: F-6) , PAGE 2
STATION: HILL CITY KS
MONTH: OCTOBER
YEAR: 2022
LATITUDE: 39 22 N
LONGITUDE: 99 50 W
[TEMPERATURE DATA] [PRECIPITATION DATA] SYMBOLS USED IN COLUMN 16
AVERAGE MONTHLY: 56.6 TOTAL FOR MONTH: 0.47 1 = FOG OR MIST
DPTR FM NORMAL: 2.1 DPTR FM NORMAL: -1.13 2 = FOG REDUCING VISIBILITY
HIGHEST: 89 ON 23 GRTST 24HR 0.43 ON 7- 7 TO 1/4 MILE OR LESS
LOWEST: 25 ON 19 3 = THUNDER
SNOW, ICE PELLETS, HAIL 4 = ICE PELLETS
TOTAL MONTH: M 5 = HAIL
GRTST 24HR M ON M 6 = FREEZING RAIN OR DRIZZLE
GRTST DEPTH: M ON M 7 = DUSTSTORM OR SANDSTORM:
VSBY 1/2 MILE OR LESS
8 = SMOKE OR HAZE
[NO. OF DAYS WITH] [WEATHER - DAYS WITH] 9 = BLOWING SNOW
X = TORNADO
MAX 32 OR BELOW: 0 0.01 INCH OR MORE: 3
MAX 90 OR ABOVE: 0 0.10 INCH OR MORE: 1
MIN 32 OR BELOW: 8 0.50 INCH OR MORE: 0
MIN 0 OR BELOW: 0 1.00 INCH OR MORE: 0
[HDD (BASE 65) ]
TOTAL THIS MO. 273 CLEAR (SCALE 0-3) 26
DPTR FM NORMAL -74 PTCLDY (SCALE 4-7) 5
TOTAL FM JUL 1 302 CLOUDY (SCALE 8-10) 0
DPTR FM NORMAL -115
[CDD (BASE 65) ]
TOTAL THIS MO. 19
DPTR FM NORMAL -3 [PRESSURE DATA]
TOTAL FM JAN 1 1792 HIGHEST SLP 30.61 ON 7
DPTR FM NORMAL 399 LOWEST SLP 29.18 ON 23
[REMARKS]
#FINAL-10-22#