000
CXUS51 KPBZ 010830
CF6HLG
PRELIMINARY LOCAL CLIMATOLOGICAL DATA (WS FORM: F-6)
STATION: WHEELING WV
MONTH: JANUARY
YEAR: 2021
LATITUDE: 40 10 N
LONGITUDE: 80 39 W
TEMPERATURE IN F: :PCPN: SNOW: WIND :SUNSHINE: SKY :PK WND
================================================================================
1 2 3 4 5 6A 6B 7 8 9 10 11 12 13 14 15 16 17 18
12Z AVG MX 2MIN
DY MAX MIN AVG DEP HDD CDD WTR SNW DPTH SPD SPD DIR MIN PSBL S-S WX SPD DR
================================================================================
1 53 28 41 12 24 0 0.66 M M 9.3 21 100 M M 6 16 26 190
2 53 38 46 17 19 0 0.02 M M 10.4 28 260 M M 10 1 38 270
3 41 35 38 9 27 0 0.16 M M 6.1 15 270 M M 10 12 18 260
4 36 32 34 5 31 0 0.01 M M 2.8 8 280 M M 10 18 10 280
5 36 31 34 5 31 0 0.00 M M 4.4 12 310 M M 10 1 14 310
6 37 32 35 6 30 0 T M M 6.3 12 340 M M 10 18 15 360
7 35 30 33 4 32 0 0.00 M M 5.7 13 40 M M 9 18 15 50
8 32 27 30 1 35 0 0.00 M M 7.1 14 340 M M 9 19 30
9 39 24 32 3 33 0 0.00 M M 6.0 13 330 M M 6 15 330
10 40 23 32 3 33 0 0.00 M M 3.3 7 110 M M 1 1 10 220
11 39 25 32 3 33 0 0.00 M M 6.0 12 250 M M 7 21 240
12 29 23 26 -3 39 0 0.00 M M 8.2 17 210 M M 8 18 22 230
13 44 21 33 4 32 0 0.00 M M 9.3 16 210 M M 2 18 22 200
14 46 35 41 12 24 0 0.00 M M 8.1 16 190 M M 4 20 200
15 47 31 39 10 26 0 0.12 M M 8.3 28 120 M M 4 1 34 110
16 32 25 29 0 36 0 0.09 M M 5.4 16 250 M M 8 128 22 250
17 34 30 32 3 33 0 T M M 8.7 15 260 M M 10 1 20 210
18 32 29 31 2 34 0 0.06 M M 10.5 20 250 M M 10 1 27 260
19 38 30 34 5 31 0 T M M 9.7 18 260 M M 6 25 250
20 35 24 30 1 35 0 T M M 12.1 24 260 M M 6 32 250
21 45 24 35 6 30 0 0.00 M M 13.5 24 230 M M 2 34 240
22 38 25 32 3 33 0 T M M 11.6 23 280 M M 7 32 270
23 29 18 24 -5 41 0 T M M 7.5 20 330 M M 5 25 340
24 28 15 22 -7 43 0 0.01 M M 6.2 14 100 M M 7 1 17 100
25 34 26 30 1 35 0 T M M 5.5 15 70 M M 10 18 20 60
26 44 33 39 10 26 0 0.08 M M 10.7 23 250 M M 10 12 33 250
27 34 26 30 1 35 0 0.00 M M 9.2 20 360 M M 10 25 300
28 26 19 23 -6 42 0 T M M 11.9 20 300 M M 10 8 26 300
29 29 16 23 -7 42 0 0.00 M M 7.8 15 250 M M 4 20 320
30 31 11 21 -9 44 0 0.00 M M 4.6 12 80 M M 2 15 80
31 33 26 30 0 35 0 0.17 M M 11.3 17 90 M M 10 168 23 100
================================================================================
SM 1149 812 1024 0 1.38 M 247.5 M 223
================================================================================
AV 37.1 26.2 8.0 FASTST M M 7 MAX(MPH)
MISC ----> # 28 260 38 270
================================================================================
NOTES:
# LAST OF SEVERAL OCCURRENCES
COLUMN 17 PEAK WIND IN M.P.H.
PRELIMINARY LOCAL CLIMATOLOGICAL DATA (WS FORM: F-6) , PAGE 2
STATION: WHEELING WV
MONTH: JANUARY
YEAR: 2021
LATITUDE: 40 10 N
LONGITUDE: 80 39 W
[TEMPERATURE DATA] [PRECIPITATION DATA] SYMBOLS USED IN COLUMN 16
AVERAGE MONTHLY: 31.6 TOTAL FOR MONTH: 1.38 1 = FOG OR MIST
DPTR FM NORMAL: 2.6 DPTR FM NORMAL: -1.24 2 = FOG REDUCING VISIBILITY
HIGHEST: 53 ON 2, 1 GRTST 24HR 0.72 ON 1- 2 TO 1/4 MILE OR LESS
LOWEST: 11 ON 30 3 = THUNDER
SNOW, ICE PELLETS, HAIL 4 = ICE PELLETS
TOTAL MONTH: M 5 = HAIL
GRTST 24HR M ON M 6 = FREEZING RAIN OR DRIZZLE
GRTST DEPTH: M ON M 7 = DUSTSTORM OR SANDSTORM:
VSBY 1/2 MILE OR LESS
8 = SMOKE OR HAZE
[NO. OF DAYS WITH] [WEATHER - DAYS WITH] 9 = BLOWING SNOW
X = TORNADO
MAX 32 OR BELOW: 9 0.01 INCH OR MORE: 10
MAX 90 OR ABOVE: 0 0.10 INCH OR MORE: 4
MIN 32 OR BELOW: 27 0.50 INCH OR MORE: 1
MIN 0 OR BELOW: 0 1.00 INCH OR MORE: 0
[HDD (BASE 65) ]
TOTAL THIS MO. 1024 CLEAR (SCALE 0-3) 4
DPTR FM NORMAL -93 PTCLDY (SCALE 4-7) 13
TOTAL FM JUL 1 2832 CLOUDY (SCALE 8-10) 14
DPTR FM NORMAL -407
[CDD (BASE 65) ]
TOTAL THIS MO. 0
DPTR FM NORMAL 0 [PRESSURE DATA]
TOTAL FM JAN 1 0 HIGHEST SLP 30.51 ON 28
DPTR FM NORMAL 0 LOWEST SLP 29.55 ON 15
[REMARKS]
#FINAL-01-21#