000
CXHW50 PHFO 011250
CF6HNL
PRELIMINARY LOCAL CLIMATOLOGICAL DATA (WS FORM: F-6)
STATION: HONOLULU HI
MONTH: SEPTEMBER
YEAR: 2023
LATITUDE: 21 21 N
LONGITUDE: 157 56 W
TEMPERATURE IN F: :PCPN: SNOW: WIND :SUNSHINE: SKY :PK WND
================================================================================
1 2 3 4 5 6A 6B 7 8 9 10 11 12 13 14 15 16 17 18
12Z AVG MX 2MIN
DY MAX MIN AVG DEP HDD CDD WTR SNW DPTH SPD SPD DIR MIN PSBL S-S WX SPD DR
================================================================================
1 89 73 81 -1 0 16 0.02 M M 14.5 25 70 M M 5 1 33 90
2 89 78 84 2 0 19 0.00 M M 13.8 25 80 M M 4 31 80
3 89 77 83 1 0 18 0.00 M M 10.5 20 40 M M 4 30 10
4 86 73 80 -2 0 15 0.00 M M 7.3 16 160 M M 2 20 140
5 90 73 82 0 0 17 0.00 M M 7.9 17 350 M M 3 22 290
6 91 74 83 1 0 18 0.00 M M 8.0 18 50 M M 3 27 10
7 91 73 82 0 0 17 0.00 M M 8.3 21 40 M M 3 29 20
8 90 76 83 1 0 18 0.00 M M 9.5 21 70 M M 3 31 70
9 88 76 82 0 0 17 T M M 11.8 26 80 M M 5 35 80
10 90 76 83 1 0 18 T M M 15.2 25 70 M M 5 33 80
11 89 76 83 1 0 18 T M M 14.5 28 50 M M 5 32 60
12 90 77 84 2 0 19 T M M 12.1 24 80 M M 4 34 70
13 89 77 83 1 0 18 T M M 10.7 22 60 M M 5 31 60
14 90 75 83 1 0 18 0.01 M M 9.9 23 70 M M 6 18 29 40
15 90 76 83 1 0 18 0.02 M M 10.0 20 40 M M 5 1 29 20
16 91 76 84 2 0 19 T M M 11.3 23 60 M M 5 1 31 70
17 89 77 83 1 0 18 T M M 13.4 26 60 M M 4 32 60
18 90 75 83 1 0 18 T M M 14.4 25 70 M M 3 33 70
19 89 76 83 1 0 18 0.00 M M 13.9 23 50 M M 5 30 50
20 89 77 83 1 0 18 T M M 12.8 25 70 M M 4 31 20
21 90 76 83 1 0 18 T M M 14.1 26 70 M M 4 8 36 50
22 89 74 82 0 0 17 0.04 M M 14.3 30 70 M M 4 42 360
23 89 76 83 2 0 18 0.01 M M 12.6 24 60 M M 3 36 30
24 89 76 83 2 0 18 T M M 13.1 24 50 M M 4 37 30
25 89 75 82 1 0 17 T M M 12.7 21 70 M M 3 8 36 30
26 89 74 82 1 0 17 T M M 14.6 24 60 M M 4 37 60
27 88 73 81 0 0 16 T M M 13.1 25 60 M M 5 1 39 30
28 89 76 83 2 0 18 T M M 10.7 23 60 M M 4 31 70
29 90 77 84 3 0 19 T M M 13.2 23 70 M M 4 32 60
30 90 76 83 2 0 18 0.00 M M 14.8 25 90 M M 4 36 30
================================================================================
SM 2681 2264 0 531 0.10 M 363.0 M 122
================================================================================
AV 89.4 75.5 12.1 FASTST M M 4 MAX(MPH)
MISC ----> 30 70 42 360
================================================================================
NOTES:
# LAST OF SEVERAL OCCURRENCES
COLUMN 17 PEAK WIND IN M.P.H.
PRELIMINARY LOCAL CLIMATOLOGICAL DATA (WS FORM: F-6) , PAGE 2
STATION: HONOLULU HI
MONTH: SEPTEMBER
YEAR: 2023
LATITUDE: 21 21 N
LONGITUDE: 157 56 W
[TEMPERATURE DATA] [PRECIPITATION DATA] SYMBOLS USED IN COLUMN 16
AVERAGE MONTHLY: 82.4 TOTAL FOR MONTH: 0.10 1 = FOG OR MIST
DPTR FM NORMAL: 0.8 DPTR FM NORMAL: -0.78 2 = FOG REDUCING VISIBILITY
HIGHEST: 91 ON 16, 7 GRTST 24HR 0.04 ON 21-22 TO 1/4 MILE OR LESS
LOWEST: 73 ON 27, 7 3 = THUNDER
SNOW, ICE PELLETS, HAIL 4 = ICE PELLETS
TOTAL MONTH: M 5 = HAIL
GRTST 24HR M ON M 6 = FREEZING RAIN OR DRIZZLE
GRTST DEPTH: M ON M 7 = DUSTSTORM OR SANDSTORM:
VSBY 1/2 MILE OR LESS
8 = SMOKE OR HAZE
[NO. OF DAYS WITH] [WEATHER - DAYS WITH] 9 = BLOWING SNOW
X = TORNADO
MAX 32 OR BELOW: 0 0.01 INCH OR MORE: 5
MAX 90 OR ABOVE: 13 0.10 INCH OR MORE: 0
MIN 32 OR BELOW: 0 0.50 INCH OR MORE: 0
MIN 0 OR BELOW: 0 1.00 INCH OR MORE: 0
[HDD (BASE 65) ]
TOTAL THIS MO. 0 CLEAR (SCALE 0-3) 6
DPTR FM NORMAL 0 PTCLDY (SCALE 4-7) 24
TOTAL FM JUL 1 0 CLOUDY (SCALE 8-10) 0
DPTR FM NORMAL 0
[CDD (BASE 65) ]
TOTAL THIS MO. 531
DPTR FM NORMAL 33 [PRESSURE DATA]
TOTAL FM JAN 1 3830 HIGHEST SLP 30.10 ON 27
DPTR FM NORMAL 255 LOWEST SLP 29.92 ON 19
[REMARKS]
#FINAL-09-23#