000
CXUS53 KFSD 011347
CF6HON
PRELIMINARY LOCAL CLIMATOLOGICAL DATA (WS FORM: F-6)
STATION: HURON
MONTH: MARCH
YEAR: 2020
LATITUDE: 44 22 N
LONGITUDE: 98 13 W
TEMPERATURE IN F: :PCPN: SNOW: WIND :SUNSHINE: SKY :PK WND
================================================================================
1 2 3 4 5 6A 6B 7 8 9 10 11 12 13 14 15 16 17 18
12Z AVG MX 2MIN
DY MAX MIN AVG DEP HDD CDD WTR SNW DPTH SPD SPD DIR MIN PSBL S-S WX SPD DR
================================================================================
1 39 23 31 4 34 0 0.00 0.0 2 11.1 24 310 M M 3 31 320
2 41 20 31 4 34 0 0.00 0.0 2 9.6 18 270 M M 2 24 270
3 43 32 38 10 27 0 0.03 0.0 2 11.1 22 300 M M 4 28 310
4 52 29 41 13 24 0 T 0.0 2 9.7 21 290 M M 2 29 310
5 40 25 33 5 32 0 T T 1 20.5 39 320 M M 2 1 54 320
6 47 21 34 5 31 0 0.00 0.0 1 13.8 26 160 M M 0 1 37 140
7 63 35 49 20 16 0 0.00 0.0 0 14.1 23 170 M M 0 34 170
8 62 30 46 16 19 0 0.00 0.0 0 15.1 30 310 M M 3 1 39 320
9 31 22 27 -3 38 0 0.00 0.0 0 12.5 23 350 M M 9 1 30 360
10 41 21 31 0 34 0 0.00 0.0 0 3.0 13 340 M M 5 16 340
11 61 27 44 13 21 0 0.00 0.0 0 9.2 15 170 M M 1 20 180
12 47 27 37 6 28 0 0.00 0.0 0 17.6 33 330 M M 4 42 330
13 39 24 32 0 33 0 0.00 0.0 0 8.3 13 70 M M 3 18 350
14 37 23 30 -2 35 0 0.04 0.3 T 9.9 15 80 M M 10 1 21 80
15 34 30 32 -1 33 0 0.00 0.0 0 12.7 21 160 M M 10 31 150
16 38 26 32 -1 33 0 0.07 0.3 T 9.8 20 360 M M 10 1 26 360
17 43 24 34 0 31 0 0.00 0.0 0 8.8 20 160 M M 9 30 150
18 47 38 43 9 22 0 0.00 0.0 0 4.8 16 170 M M 10 1 22 160
19 41 16 29 -5 36 0 0.02 T 0 20.1 35 350 M M 8 169 46 350
20 29 13 21 -14 44 0 0.00 0.0 0 11.3 30 350 M M 0 40 350
21 39 19 29 -6 36 0 0.00 0.0 0 15.3 25 160 M M 6 36 180
22 40 31 36 0 29 0 0.19 0.0 0 7.6 18 160 M M 8 1 25 160
23 49 22 36 0 29 0 0.00 0.0 0 7.4 20 170 M M 1 12 28 170
24 64 37 51 14 14 0 0.00 0.0 0 13.2 23 310 M M 5 1 32 190
25 41 31 36 -1 29 0 0.12 T 0 11.3 24 20 M M 9 1 32 10
26 39 29 34 -3 31 0 0.08 T 0 4.0 10 360 M M 8 1 14 360
27 53 29 41 3 24 0 0.08 0.0 0 4.5 13 90 M M 6 1 16 90
28 49 35 42 4 23 0 0.23 0.0 0 13.6 30 20 M M 8 1 42 10
29 57 29 43 4 22 0 0.00 0.0 0 7.8 15 320 M M 0 21 330
30 62 32 47 8 18 0 0.00 0.0 0 10.8 20 140 M M 1 27 140
31 59 44 52 12 13 0 0.02 0.0 0 15.1 24 130 M M 6 35 160
================================================================================
SM 1427 844 873 0 0.88 0.6 343.6 M 153
================================================================================
AV 46.0 27.2 11.1 FASTST M M 5 MAX(MPH)
MISC ----> 39 320 54 320
================================================================================
NOTES:
# LAST OF SEVERAL OCCURRENCES
- COLUMN 17 PEAK WIND IN M.P.H.
- PRECIPITATION AMOUNTS IN COLUMNS 7,8 AND 9 ARE THE OFFICIAL PRECIPITATION
AMOUNTS FOR HURON, SD.
- SNOW DEPTH IN COLUMN 9 IS RECORDED AT 6 AM CST (12Z).
PRELIMINARY LOCAL CLIMATOLOGICAL DATA (WS FORM: F-6) , PAGE 2
STATION: HURON
MONTH: MARCH
YEAR: 2020
LATITUDE: 44 22 N
LONGITUDE: 98 13 W
[TEMPERATURE DATA] [PRECIPITATION DATA] SYMBOLS USED IN COLUMN 16
AVERAGE MONTHLY: 36.6 TOTAL FOR MONTH: 0.88 1 = FOG OR MIST
DPTR FM NORMAL: 3.5 DPTR FM NORMAL: -0.58 2 = FOG REDUCING VISIBILITY
HIGHEST: 64 ON 24 GRTST 24HR 0.31 ON 27-28 TO 1/4 MILE OR LESS
LOWEST: 13 ON 20 3 = THUNDER
SNOW, ICE PELLETS, HAIL 4 = ICE PELLETS
TOTAL MONTH: 0.6 INCH 5 = HAIL
GRTST 24HR 0.3 ON 14,16 6 = FREEZING RAIN OR DRIZZLE
GRTST DEPTH: 2 ON 2,3,4 7 = DUSTSTORM OR SANDSTORM:
VSBY 1/2 MILE OR LESS
8 = SMOKE OR HAZE
[NO. OF DAYS WITH] [WEATHER - DAYS WITH] 9 = BLOWING SNOW
X = TORNADO
MAX 32 OR BELOW: 2 0.01 INCH OR MORE: 10
MAX 90 OR ABOVE: 0 0.10 INCH OR MORE: 3
MIN 32 OR BELOW: 26 0.50 INCH OR MORE: 0
MIN 0 OR BELOW: 0 1.00 INCH OR MORE: 0
[HDD (BASE 65) ]
TOTAL THIS MO. 873 CLEAR (SCALE 0-3) 13
DPTR FM NORMAL -114 PTCLDY (SCALE 4-7) 7
TOTAL FM JUL 1 6746 CLOUDY (SCALE 8-10) 11
DPTR FM NORMAL -73
[CDD (BASE 65) ]
TOTAL THIS MO. 0
DPTR FM NORMAL 0 [PRESSURE DATA]
TOTAL FM JAN 1 0 HIGHEST SLP 30.72 ON 20
DPTR FM NORMAL 0 LOWEST SLP 29.50 ON 12
[REMARKS]
#FINAL-03-20#