000
CXUS54 KLZK 011230
CF6HOT
PRELIMINARY LOCAL CLIMATOLOGICAL DATA (WS FORM: F-6)
STATION: HOT SPRINGS MEMORIAL FIELD
MONTH: DECEMBER
YEAR: 2020
LATITUDE: 34 28 N
LONGITUDE: 93 6 W
TEMPERATURE IN F: :PCPN: SNOW: WIND :SUNSHINE: SKY :PK WND
================================================================================
1 2 3 4 5 6A 6B 7 8 9 10 11 12 13 14 15 16 17 18
12Z AVG MX 2MIN
DY MAX MIN AVG DEP HDD CDD WTR SNW DPTH SPD SPD DIR MIN PSBL S-S WX SPD DR
================================================================================
1 55 21 38 -9 27 0 0.00 M M 4.0 10 200 M M 0 15 230
2 53 33 43 -4 22 0 0.30 M M 6.3 15 100 M M 4 20 110
3 46 41 44 -2 21 0 0.02 M M 3.1 10 90 M M 9 1 13 90
4 55 35 45 -1 20 0 0.00 M M 3.9 13 250 M M 5 16 270
5 65 29 47 1 18 0 0.00 M M 2.3 12 230 M M 0 1 14 240
6 59 33 46 0 19 0 0.00 M M 3.2 9 300 M M 0 8 14 350
7 60 32 46 1 19 0 0.00 M M 3.1 10 280 M M 0 1 16 270
8 67 30 49 4 16 0 0.00 M M 2.5 9 330 M M 0 1 13 330
9 75 32 54 9 11 0 0.00 M M 1.9 9 240 M M 0 11 230
10 73 33 53 9 12 0 0.00 M M 2.9 13 230 M M 0 18 190
11 62 56 59 15 6 0 0.68 0.0 0 5.6 14 210 M M 8 1 21 200
12 57 34 46 2 19 0 0.00 0.0 0 4.0 12 300 M M 1 20 310
13 42 31 37 -7 28 0 0.62 T 0 5.9 17 70 M M 8 1 23 80
14 46 27 37 -7 28 0 0.00 0.0 0 3.9 13 80 M M 2 16 80
15 33 27 30 -13 35 0 T T 0 4.7 13 80 M M 7 18 17 80
16 39 28 34 -9 31 0 0.00 M M 3.8 10 320 M M 9 18 320
17 51 23 37 -6 28 0 0.00 M M 2.5 10 250 M M 1 1 13 250
18 54 26 40 -3 25 0 T M M 4.9 13 180 M M 2 17 160
19 49 44 47 4 18 0 0.06 M M 2.0 8 90 M M 10 12 9 100
20 58 36 47 5 18 0 0.00 0.0 0 2.3 9 230 M M 5 1 13 230
21 68 31 50 8 15 0 0.00 M M 4.6 16 240 M M 0 1 20 240
22 66 32 49 7 16 0 0.00 M M 4.9 13 120 M M 0 21 150
23 67 36 52 10 13 0 0.18 0.0 0 8.7 24 330 M M 7 13 37 340
24 42 26 34 -8 31 0 0.00 0.0 0 9.0 22 290 M M 2 37 280
25 47 23 35 -7 30 0 0.00 M M 3.7 12 290 M M 0 19 310
26 62 29 46 4 19 0 0.00 M M 4.6 14 220 M M 0 21 190
27 66 44 55 13 10 0 0.00 M M 7.1 21 230 M M 4 1 33 190
28 57 34 46 4 19 0 0.00 M M 5.3 15 60 M M 0 1 18 50
29 50 40 45 3 20 0 T M M 8.1 14 80 M M 8 18 18 90
30 61 39 50 8 15 0 0.76 M M 5.3 15 50 M M 10 1 22 50
31 42 33 38 -4 27 0 2.34 M M 10.6 15 60 M M 10 1 22 50
================================================================================
SM 1727 1018 636 0 4.96 T 144.7 M 112
================================================================================
AV 55.7 32.8 4.7 FASTST M M 4 MAX(MPH)
MISC ----> 24 330 # 37 340
================================================================================
NOTES:
# LAST OF SEVERAL OCCURRENCES
COLUMN 17 PEAK WIND IN M.P.H.
PRELIMINARY LOCAL CLIMATOLOGICAL DATA (WS FORM: F-6) , PAGE 2
STATION: HOT SPRINGS MEMORIAL FIELD
MONTH: DECEMBER
YEAR: 2020
LATITUDE: 34 28 N
LONGITUDE: 93 6 W
[TEMPERATURE DATA] [PRECIPITATION DATA] SYMBOLS USED IN COLUMN 16
AVERAGE MONTHLY: 44.3 TOTAL FOR MONTH: 4.96 1 = FOG OR MIST
DPTR FM NORMAL: 0.7 DPTR FM NORMAL: -0.24 2 = FOG REDUCING VISIBILITY
HIGHEST: 75 ON 9 GRTST 24HR 2.34 ON 31-31 TO 1/4 MILE OR LESS
LOWEST: 21 ON 1 3 = THUNDER
SNOW, ICE PELLETS, HAIL 4 = ICE PELLETS
TOTAL MONTH: T 5 = HAIL
GRTST 24HR T ON 13-13 6 = FREEZING RAIN OR DRIZZLE
GRTST DEPTH: 0 7 = DUSTSTORM OR SANDSTORM:
VSBY 1/2 MILE OR LESS
8 = SMOKE OR HAZE
[NO. OF DAYS WITH] [WEATHER - DAYS WITH] 9 = BLOWING SNOW
X = TORNADO
MAX 32 OR BELOW: 0 0.01 INCH OR MORE: 8
MAX 90 OR ABOVE: 0 0.10 INCH OR MORE: 6
MIN 32 OR BELOW: 16 0.50 INCH OR MORE: 4
MIN 0 OR BELOW: 0 1.00 INCH OR MORE: 1
[HDD (BASE 65) ]
TOTAL THIS MO. 636 CLEAR (SCALE 0-3) 17
DPTR FM NORMAL -28 PTCLDY (SCALE 4-7) 8
TOTAL FM JUL 1 1093 CLOUDY (SCALE 8-10) 6
DPTR FM NORMAL -85
[CDD (BASE 65) ]
TOTAL THIS MO. 0
DPTR FM NORMAL -1 [PRESSURE DATA]
TOTAL FM JAN 1 1999 HIGHEST SLP M ON M
DPTR FM NORMAL -141 LOWEST SLP 29.71 ON 23
[REMARKS]
#FINAL-12-20#