000
CXUS54 KHGX 011719
CLMHOU
CLIMATE REPORT
NATIONAL WEATHER SERVICE HOUSTON/GALVESTON TX
1119 AM CST FRI MAR 01 2024
...................................
...THE HOUSTON/HOBBY AIRPORT CLIMATE SUMMARY FOR THE MONTH OF FEBRUARY 2024...
CLIMATE NORMAL PERIOD: 1991 TO 2020
CLIMATE RECORD PERIOD: 1930 TO 2024
WEATHER OBSERVED NORMAL DEPART LAST YEAR`S
VALUE DATE(S) VALUE FROM VALUE DATE(S)
NORMAL
................................................................
TEMPERATURE (F)
RECORD
HIGH 87 02/19/1986
02/18/1986
02/09/1962
LOW 14 02/02/1951
HIGHEST 86 02/27 MM MM 84 02/25
02/27
02/28
LOWEST 37 02/18 MM MM 38 02/17
AVG. MAXIMUM 72.7 67.6 5.1 71.9
AVG. MINIMUM 53.2 50.1 3.1 53.8
MEAN 62.9 58.8 4.1 62.8
DAYS MAX >= 90 0 0.0 0.0 0
DAYS MAX <= 32 0 0.0 0.0 0
DAYS MIN <= 32 0 0.7 -0.7 0
DAYS MIN <= 0 0 0.0 0.0 0
PRECIPITATION (INCHES)
RECORD
MAXIMUM 6.82 2012
TOTALS 1.84 2.85 -1.01
DAILY AVG. 0.06 NAN NAN 0.03
DAYS >= .01 4 8.9 -4.9 7
DAYS >= .10 3 4.6 -1.6 4
DAYS >= .50 1 1.8 -0.8 0
DAYS >= 1.00 1 0.8 0.2 0
GREATEST
24 HR. TOTAL 1.49 02/02 TO 02/03 0.18 02/14 TO 02/14
SNOWFALL (INCHES)
RECORDS
TOTAL T 2014
TOTALS 0.0
SINCE 7/1 T
LIQUID 7/1 -0.10
DAYS >= TRACE 0
GREATEST
24 HR TOTAL MM
DEGREE DAYS
HEATING TOTAL 108 206 -98 171
SINCE 7/1 842 984 -142 MM
COOLING TOTAL 54 33 21 117
SINCE 1/1 58 52 6 MM
................................................................
WIND (MPH)
AVERAGE WIND SPEED 10.1
HIGHEST WIND SPEED/DIRECTION 32/320 DATE 02/04
HIGHEST GUST SPEED/DIRECTION 44/310 DATE 02/04
SKY COVER
AVERAGE SKY COVER 0.58
AVERAGE RH (PERCENT) 66
WEATHER CONDITIONS. NUMBER OF DAYS WITH
THUNDERSTORM 1 MIXED PRECIP 0
HEAVY RAIN 1 RAIN 1
LIGHT RAIN 8 FREEZING RAIN 0
LT FREEZING RAIN 0 HAIL 0
HEAVY SNOW 0 SNOW 0
LIGHT SNOW 0 SLEET 0
FOG 10 FOG W/VIS <= 1/4 MILE 1
HAZE 2
- INDICATES NEGATIVE NUMBERS.
R INDICATES RECORD WAS SET OR TIED.
MM INDICATES DATA IS MISSING.
T INDICATES TRACE AMOUNT.
$$