000
CXUS55 KSEW 011030
CF6HQM
PRELIMINARY LOCAL CLIMATOLOGICAL DATA (WS FORM: F-6)
STATION: HOQUIAM WA AIRPORT
MONTH: DECEMBER
YEAR: 2021
LATITUDE: 46 58 N
LONGITUDE: 123 56 W
TEMPERATURE IN F: :PCPN: SNOW: WIND :SUNSHINE: SKY :PK WND
================================================================================
1 2 3 4 5 6A 6B 7 8 9 10 11 12 13 14 15 16 17 18
12Z AVG MX 2MIN
DY MAX MIN AVG DEP HDD CDD WTR SNW DPTH SPD SPD DIR MIN PSBL S-S WX SPD DR
================================================================================
1 54 52 53 10 12 0 0.08 M M 10.9 16 290 M M 10 1 20 290
2 52 43 48 5 17 0 0.01 M M 7.2 15 330 M M 6 22 330
3 47 40 44 1 21 0 0.00 M M 8.0 16 70 M M 2 23 60
4 46 34 40 -3 25 0 0.40 M M 5.8 16 230 M M 7 1 20 80
5 44 31 38 -5 27 0 0.07 M M 6.8 15 100 M M 5 1 19 100
6 49 40 45 3 20 0 0.09 M M 8.7 14 80 M M 10 1 21 130
7 52 45 49 7 16 0 0.09 M M 8.2 20 270 M M 10 1 27 280
8 50 38 44 2 21 0 0.09 M M 11.2 28 290 M M 6 1 37 290
9 48 37 43 1 22 0 0.26 M M 6.5 24 290 M M 8 1 35 290
10 51 37 44 2 21 0 0.66 M M 14.6 40 220 M M 9 18 54 220
11 53 41 47 5 18 0 0.84 M M 19.3 40 200 M M 10 138 52 200
12 46 38 42 0 23 0 0.41 M M 16.0 38 250 M M 7 1 49 260
13 43 39 41 -1 24 0 0.16 M M 10.5 22 230 M M 9 1 27 230
14 44 35 40 -2 25 0 0.74 M M 9.7 21 160 M M 8 1 28 160
15 42 38 40 -2 25 0 0.19 M M 14.9 28 100 M M 10 1 36 110
16 48 32 40 -2 25 0 0.03 M M 3.3 13 300 M M 6 1 18 290
17 43 32 38 -4 27 0 0.31 M M 9.1 17 100 M M 6 1 21 90
18 52 42 47 5 18 0 1.48 M M 16.1 33 200 M M 9 1 47 190
19 46 37 42 0 23 0 0.02 M M 8.4 16 70 M M 5 1 22 70
20 42 38 40 -2 25 0 0.26 M M 15.7 22 80 M M 10 1 30 80
21 51 38 45 3 20 0 0.11 M M 12.5 26 210 M M 10 1 32 210
22 51 44 48 6 17 0 0.54 M M 16.3 30 210 M M 9 18 46 190
23 47 41 44 2 21 0 0.32 M M 11.4 33 270 M M 9 18 43 270
24 45 38 42 0 23 0 0.44 M M 12.8 32 230 M M 9 1 41 230
25 43 34 39 -3 26 0 0.07 M M 10.3 25 280 M M 9 1 32 290
26 38 25 32 -10 33 0 0.10 M M 12.0 29 290 M M 9 128 38 290
27 28 21 25 -17 40 0 T M M 10.2 17 100 M M 7 18 21 90
28 32 28 30 -12 35 0 T M M 9.8 15 70 M M 9 18 21 70
29 33 24 29 -13 36 0 T M M 6.7 18 110 M M 5 1 20 110
30 45 31 38 -4 27 0 0.47 M M 9.1 40 240 M M 8 18 60 220
31 39 28 34 -8 31 0 0.00 M M 8.1 16 80 M M 4 21 100
================================================================================
SM 1404 1121 744 0 8.24 M 330.1 M 241
================================================================================
AV 45.3 36.2 10.6 FASTST M M 8 MAX(MPH)
MISC ----> # 40 220 60 220
================================================================================
NOTES:
# LAST OF SEVERAL OCCURRENCES
COLUMN 17 PEAK WIND IN M.P.H.
PRELIMINARY LOCAL CLIMATOLOGICAL DATA (WS FORM: F-6) , PAGE 2
STATION: HOQUIAM WA AIRPORT
MONTH: DECEMBER
YEAR: 2021
LATITUDE: 46 58 N
LONGITUDE: 123 56 W
[TEMPERATURE DATA] [PRECIPITATION DATA] SYMBOLS USED IN COLUMN 16
AVERAGE MONTHLY: 40.7 TOTAL FOR MONTH: 8.24 1 = FOG OR MIST
DPTR FM NORMAL: -1.3 DPTR FM NORMAL: -2.28 2 = FOG REDUCING VISIBILITY
HIGHEST: 54 ON 1 GRTST 24HR 1.75 ON 17-18 TO 1/4 MILE OR LESS
LOWEST: 21 ON 27 3 = THUNDER
SNOW, ICE PELLETS, HAIL 4 = ICE PELLETS
TOTAL MONTH: M 5 = HAIL
GRTST 24HR M ON M 6 = FREEZING RAIN OR DRIZZLE
GRTST DEPTH: M ON M 7 = DUSTSTORM OR SANDSTORM:
VSBY 1/2 MILE OR LESS
8 = SMOKE OR HAZE
[NO. OF DAYS WITH] [WEATHER - DAYS WITH] 9 = BLOWING SNOW
X = TORNADO
MAX 32 OR BELOW: 2 0.01 INCH OR MORE: 26
MAX 90 OR ABOVE: 0 0.10 INCH OR MORE: 17
MIN 32 OR BELOW: 9 0.50 INCH OR MORE: 5
MIN 0 OR BELOW: 0 1.00 INCH OR MORE: 1
[HDD (BASE 65) ]
TOTAL THIS MO. 744 CLEAR (SCALE 0-3) 1
DPTR FM NORMAL 31 PTCLDY (SCALE 4-7) 13
TOTAL FM JUL 1 1873 CLOUDY (SCALE 8-10) 17
DPTR FM NORMAL -260
[CDD (BASE 65) ]
TOTAL THIS MO. 0
DPTR FM NORMAL 0 [PRESSURE DATA]
TOTAL FM JAN 1 90 HIGHEST SLP 30.58 ON 5
DPTR FM NORMAL 65 LOWEST SLP 29.19 ON 24
[REMARKS]
#FINAL-12-21#