000
CXUS53 KAPX 010730
CF6HTL
PRELIMINARY LOCAL CLIMATOLOGICAL DATA (WS FORM: F-6)
STATION: HOUGHTON LAKE MI
MONTH: APRIL
YEAR: 2023
LATITUDE: 44 22 N
LONGITUDE: 84 41 W
TEMPERATURE IN F: :PCPN: SNOW: WIND :SUNSHINE: SKY :PK WND
================================================================================
1 2 3 4 5 6A 6B 7 8 9 10 11 12 13 14 15 16 17 18
12Z AVG MX 2MIN
DY MAX MIN AVG DEP HDD CDD WTR SNW DPTH SPD SPD DIR MIN PSBL S-S WX SPD DR
================================================================================
1 41 24 33 -3 32 0 0.41 0.1 0 11.0 22 10 M M 7 1 33 10
2 42 17 30 -6 35 0 0.00 0.0 0 7.6 14 160 M M 3 23 170
3 56 38 47 10 18 0 0.00 0.0 0 8.4 17 280 M M 1 29 270
4 47 35 41 4 24 0 0.02 0.0 0 13.5 26 70 M M 7 13 38 100
5 66 38 52 14 13 0 1.05 0.0 0 13.6 25 230 M M 7 13 41 240
6 45 30 38 0 27 0 0.00 0.0 0 15.2 25 250 M M 2 39 260
7 45 23 34 -5 31 0 0.00 0.0 0 5.8 15 320 M M 0 22 310
8 44 27 36 -3 29 0 0.11 T 0 4.4 10 70 M M 7 12 13 110
9 65 30 48 9 17 0 0.00 0.0 0 6.3 13 230 M M 4 12 19 220
10 67 42 55 15 10 0 0.00 0.0 0 7.8 16 240 M M 0 23 240
11 72 45 59 19 6 0 0.00 0.0 0 10.2 25 280 M M 0 38 270
12 78 46 62 21 3 0 0.00 0.0 0 10.5 18 240 M M 0 36 240
13 81 48 65 24 0 0 0.00 0.0 0 7.3 15 230 M M 0 24 250
14 82 41 62 20 3 0 0.00 0.0 0 3.3 10 240 M M 0 16 210
15 83 44 64 22 1 0 0.00 0.0 0 4.3 15 190 M M 3 8 20 250
16 69 39 54 12 11 0 0.30 0.0 0 9.2 25 230 M M 6 13 40 230
17 41 30 36 -7 29 0 0.11 T 0 13.2 23 290 M M 10 18 35 290
18 39 28 34 -9 31 0 0.01 0.1 T 15.5 23 290 M M 9 1 34 280
19 46 30 38 -6 27 0 0.01 0.0 0 5.9 18 330 M M 7 26 340
20 55 36 46 2 19 0 0.20 0.0 0 12.9 30 100 M M 6 1 44 110
21 54 43 49 4 16 0 T 0.0 0 8.6 17 290 M M 5 26 290
22 48 33 41 -4 24 0 0.12 0.0 0 6.9 18 250 M M 9 1 26 240
23 41 34 38 -8 27 0 T T 0 9.2 16 280 M M 10 1 22 280
24 46 32 39 -7 26 0 0.00 0.0 0 8.9 20 280 M M 7 29 270
25 47 27 37 -9 28 0 0.00 0.0 0 7.8 17 320 M M 4 1 23 320
26 41 27 34 -13 31 0 0.00 0.0 0 5.2 13 10 M M 6 19 40
27 60 25 43 -4 22 0 0.00 0.0 0 M M M M M M M M
28 63 31 47 -1 18 0 0.00 0.0 0 M M M M M M M M
29 57 43 50 2 15 0 0.31 0.0 M M M M M M M M M
30 46 37 42 -6 23 0 0.00 0.0 0 M M M M M M M M
================================================================================
SM 1667 1023 596 0 2.65 0.2 232.5 M 120
================================================================================
AV 55.6 34.1 8.9 FASTST M M 5 MAX(MPH)
MISC ----> 30 100 44 110
================================================================================
NOTES:
# LAST OF SEVERAL OCCURRENCES
COLUMN 17 PEAK WIND IN M.P.H.
PRELIMINARY LOCAL CLIMATOLOGICAL DATA (WS FORM: F-6) , PAGE 2
STATION: HOUGHTON LAKE MI
MONTH: APRIL
YEAR: 2023
LATITUDE: 44 22 N
LONGITUDE: 84 41 W
[TEMPERATURE DATA] [PRECIPITATION DATA] SYMBOLS USED IN COLUMN 16
AVERAGE MONTHLY: 44.8 TOTAL FOR MONTH: 2.65 1 = FOG OR MIST
DPTR FM NORMAL: 2.6 DPTR FM NORMAL: -0.45 2 = FOG REDUCING VISIBILITY
HIGHEST: 83 ON 15 GRTST 24HR 1.07 ON 4- 5 TO 1/4 MILE OR LESS
LOWEST: 17 ON 2 3 = THUNDER
SNOW, ICE PELLETS, HAIL 4 = ICE PELLETS
TOTAL MONTH: 0.2 INCH 5 = HAIL
GRTST 24HR 0.1 ON 1- 1 6 = FREEZING RAIN OR DRIZZLE
GRTST DEPTH: 3 ON M 7 = DUSTSTORM OR SANDSTORM:
VSBY 1/2 MILE OR LESS
8 = SMOKE OR HAZE
[NO. OF DAYS WITH] [WEATHER - DAYS WITH] 9 = BLOWING SNOW
X = TORNADO
MAX 32 OR BELOW: 0 0.01 INCH OR MORE: 11
MAX 90 OR ABOVE: 0 0.10 INCH OR MORE: 8
MIN 32 OR BELOW: 14 0.50 INCH OR MORE: 1
MIN 0 OR BELOW: 0 1.00 INCH OR MORE: 1
[HDD (BASE 65) ]
TOTAL THIS MO. 596 CLEAR (SCALE 0-3) 9
DPTR FM NORMAL -87 PTCLDY (SCALE 4-7) 13
TOTAL FM JUL 1 6663 CLOUDY (SCALE 8-10) 8
DPTR FM NORMAL -795
[CDD (BASE 65) ]
TOTAL THIS MO. 0
DPTR FM NORMAL -1 [PRESSURE DATA]
TOTAL FM JAN 1 0 HIGHEST SLP M ON M
DPTR FM NORMAL -1 LOWEST SLP 29.39 ON 17
[REMARKS]
#FINAL-04-23#