000
CXUS51 KRLX 012116
CF6HTS
PRELIMINARY LOCAL CLIMATOLOGICAL DATA (WS FORM: F-6)
STATION: HUNTINGTON WV
MONTH: NOVEMBER
YEAR: 2021
LATITUDE: 38 22 N
LONGITUDE: 82 33 W
TEMPERATURE IN F: :PCPN: SNOW: WIND :SUNSHINE: SKY :PK WND
================================================================================
1 2 3 4 5 6A 6B 7 8 9 10 11 12 13 14 15 16 17 18
12Z AVG MX 2MIN
DY MAX MIN AVG DEP HDD CDD WTR SNW DPTH SPD SPD DIR MIN PSBL S-S WX SPD DR
================================================================================
1 59 45 52 0 13 0 0.00 0.0 0 4.3 12 320 M M 4 16 310
2 50 40 45 -6 20 0 0.05 0.0 0 3.6 10 320 M M 10 14 320
3 50 31 41 -10 24 0 0.00 0.0 0 2.1 10 80 M M 2 13 70
4 53 30 42 -8 23 0 0.00 0.0 0 2.6 10 350 M M 3 12 14 330
5 53 27 40 -10 25 0 0.00 0.0 0 3.4 14 80 M M 1 12 20 40
6 60 27 44 -6 21 0 0.00 0.0 0 1.1 8 110 M M 1 12 11 160
7 62 28 45 -4 20 0 0.00 0.0 0 0.7 8 350 M M 0 12 350
8 68 32 50 1 15 0 0.00 0.0 0 2.6 9 240 M M 0 12 230
9 73 37 55 6 10 0 T 0.0 0 4.9 14 240 M M 0 19 240
10 71 48 60 12 5 0 T 0.0 0 2.4 8 190 M M 3 11 220
11 73 44 59 11 6 0 0.47 0.0 0 7.0 23 190 M M 2 1 38 260
12 61 42 52 4 13 0 T 0.0 0 8.1 22 220 M M 4 30 230
13 46 36 41 -6 24 0 0.11 0.0 0 7.6 16 250 M M 10 1 22 240
14 46 36 41 -6 24 0 0.05 0.0 0 8.3 24 300 M M 10 1 42 310
15 45 35 40 -7 25 0 T 0.0 0 6.7 14 240 M M 9 20 240
16 62 34 48 2 17 0 0.00 0.0 0 2.8 9 180 M M 3 13 180
17 74 53 64 18 1 0 0.00 0.0 0 9.5 18 200 M M 3 28 210
18 63 36 50 4 15 0 0.17 0.0 0 7.8 22 300 M M 4 1 33 300
19 42 28 35 -10 30 0 0.00 0.0 0 4.3 12 310 M M 0 16 300
20 54 25 40 -5 25 0 0.00 0.0 0 2.9 12 190 M M 1 14 200
21 57 41 49 4 16 0 0.56 0.0 0 3.9 13 260 M M 9 1 18 260
22 48 31 40 -4 25 0 0.00 0.0 0 6.9 16 320 M M 3 20 310
23 41 23 32 -12 33 0 0.00 0.0 0 3.9 10 280 M M 0 14 210
24 53 22 38 -6 27 0 0.00 0.0 0 3.8 10 190 M M 0 14 190
25 49 43 46 2 19 0 0.15 0.0 0 6.8 13 300 M M 9 1 21 210
26 44 27 36 -7 29 0 0.01 T 0 8.1 17 280 M M 8 25 270
27 47 26 37 -6 28 0 0.00 0.0 0 5.5 13 180 M M 6 19 200
28 53 33 43 0 22 0 0.00 0.0 0 8.9 17 330 M M 1 29 270
29 44 27 36 -6 29 0 0.00 0.0 0 4.0 12 290 M M 2 17 270
30 58 37 48 6 17 0 0.00 0.0 0 8.6 18 240 M M 2 26 230
================================================================================
SM 1659 1024 601 0 1.57 T 153.1 M 110
================================================================================
AV 55.3 34.1 5.1 FASTST M M 4 MAX(MPH)
MISC ----> 24 300 42 310
================================================================================
NOTES:
# LAST OF SEVERAL OCCURRENCES
COLUMN 17 PEAK WIND IN M.P.H.
PRELIMINARY LOCAL CLIMATOLOGICAL DATA (WS FORM: F-6) , PAGE 2
STATION: HUNTINGTON WV
MONTH: NOVEMBER
YEAR: 2021
LATITUDE: 38 22 N
LONGITUDE: 82 33 W
[TEMPERATURE DATA] [PRECIPITATION DATA] SYMBOLS USED IN COLUMN 16
AVERAGE MONTHLY: 44.7 TOTAL FOR MONTH: 1.57 1 = FOG OR MIST
DPTR FM NORMAL: -1.9 DPTR FM NORMAL: -1.50 2 = FOG REDUCING VISIBILITY
HIGHEST: 74 ON 17 GRTST 24HR 0.56 ON 21-21 TO 1/4 MILE OR LESS
LOWEST: 22 ON 24 3 = THUNDER
SNOW, ICE PELLETS, HAIL 4 = ICE PELLETS
TOTAL MONTH: T 5 = HAIL
GRTST 24HR T ON 26-26 6 = FREEZING RAIN OR DRIZZLE
GRTST DEPTH: 0 7 = DUSTSTORM OR SANDSTORM:
VSBY 1/2 MILE OR LESS
8 = SMOKE OR HAZE
[NO. OF DAYS WITH] [WEATHER - DAYS WITH] 9 = BLOWING SNOW
X = TORNADO
MAX 32 OR BELOW: 0 0.01 INCH OR MORE: 8
MAX 90 OR ABOVE: 0 0.10 INCH OR MORE: 5
MIN 32 OR BELOW: 14 0.50 INCH OR MORE: 1
MIN 0 OR BELOW: 0 1.00 INCH OR MORE: 0
[HDD (BASE 65) ]
TOTAL THIS MO. 601 CLEAR (SCALE 0-3) 17
DPTR FM NORMAL 47 PTCLDY (SCALE 4-7) 6
TOTAL FM JUL 1 776 CLOUDY (SCALE 8-10) 7
DPTR FM NORMAL -85
[CDD (BASE 65) ]
TOTAL THIS MO. 0
DPTR FM NORMAL -2 [PRESSURE DATA]
TOTAL FM JAN 1 1287 HIGHEST SLP 30.58 ON 19
DPTR FM NORMAL 53 LOWEST SLP 29.74 ON 11
[REMARKS]
#FINAL-11-21#
ADDED TRACE SNOWFALL FOR NOVEMBER 26TH BASED ON METAR AND RADAR.