705
CXUS51 KRLX 061652
CLAHTS
CLIMATE REPORT
NATIONAL WEATHER SERVICE CHARLESTON WV
1147 AM EST MON JAN 6 2020
...................................
...THE HUNTINGTON WV CLIMATE SUMMARY FOR THE YEAR OF 2019...
CLIMATE NORMAL PERIOD 1981 TO 2010
CLIMATE RECORD PERIOD 1897 TO 2020
WEATHER OBSERVED NORMAL DEPART LAST YEAR`S
VALUE DATE(S) VALUE FROM VALUE
NORMAL
.............................................................
TEMPERATURE (F)
RECORD
HIGH 108 07/28/1930
LOW -24 02/09/1899
HIGHEST 96 09/13
LOWEST 1 01/31
AVG. MAXIMUM 68.1 66.1 2.0
AVG. MINIMUM 47.3 45.4 1.9
MEAN 57.7 55.7 2.0 57.0
DAYS MAX >= 90 38 21.5 16.5 25
DAYS MAX <= 32 11 14.8 -3.8 16
DAYS MIN <= 32 90 89.1 0.9 92
DAYS MIN <= 0 0 0.9 -0.9 2
PRECIPITATION (INCHES)
RECORD
MAXIMUM 62.44 2011
MINIMUM 21.73 1930
TOTALS 49.37 42.59 6.78 60.84
DAILY AVG. 0.14 0.12 0.02 0.17
DAYS >= .01 133 139.0 -6.0 168
DAYS >= .10 87 83.8 3.2 111
DAYS >= .50 38 27.7 10.3 41
DAYS >= 1.00 11 8.8 2.2 16
GREATEST
24 HR. TOTAL 1.94 12/16 TO 12/16 3.83
SNOWFALL (INCHES)
RECORDS
TOTAL 60.9 1936
24 HR TOTAL 21.1 03/13/1993 TO 03/13/1993
SNOW DEPTH 22 03/14/1993
TOTALS 7.0 23.6 -16.6 13.7
SINCE 7/1 1.3 4.6 -3.3 1.6
SNOWDEPTH AVG. 0
DAYS >= TRACE 34 18.9 15.1 38
DAYS >= 1.0 4 6.8 -2.8 6
GREATEST
SNOW DEPTH 1 11/12 5
03/08
01/30
24 HR TOTAL 1.5 03/08 TO 03/08 4.9
DEGREE_DAYS
HEATING TOTAL 4033 4513 -480 4419
SINCE 7/1 MM 1755 MM MM
COOLING TOTAL 1511 1135 376 1635
SINCE 1/1 1511 1135 376 1635
..............................................................
WIND (MPH)
AVERAGE WIND SPEED 5.3
HIGHEST WIND SPEED/DIRECTION 35/250 DATE 02/25
HIGHEST GUST SPEED/DIRECTION 51/270 DATE 02/25
SKY COVER
POSSIBLE SUNSHINE (PERCENT) MM
AVERAGE SKY COVER 0.40
NUMBER OF DAYS FAIR 182
NUMBER OF DAYS PC 100
NUMBER OF DAYS CLOUDY 83
AVERAGE RH (PERCENT) 70
WEATHER CONDITIONS. NUMBER OF DAYS WITH
THUNDERSTORM 52 MIXED PRECIP 0
HEAVY RAIN 63 RAIN 76
LIGHT RAIN 152 FREEZING RAIN 0
LIGHT FREEZING RAIN 0 HAIL 0
HEAVY SNOW 0 SNOW 3
LIGHT SNOW 28 SLEET 0
FOG 207 FOG W/VIS <= 1/4 MILE 41
HAZE 42
- INDICATES NEGATIVE NUMBERS.
R INDICATES RECORD WAS SET OR TIED.
MM INDICATES DATA IS MISSING.
T INDICATES TRACE AMOUNT.
$$