000
CXUS51 KRLX 012030
CLMHTS
CLIMATE REPORT
NATIONAL WEATHER SERVICE CHARLESTON WV
430 PM EDT TUE AUG 01 2023
...................................
...THE HUNTINGTON WV CLIMATE SUMMARY FOR THE MONTH OF JULY 2023...
CLIMATE NORMAL PERIOD: 1991 TO 2020
CLIMATE RECORD PERIOD: 1897 TO 2023
WEATHER OBSERVED NORMAL DEPART LAST YEAR`S
VALUE DATE(S) VALUE FROM VALUE
NORMAL
..............................................................
TEMPERATURE (F)
RECORD
HIGH 108 07/28/1930
LOW 46 07/05/1968
HIGHEST 93 07/13 92
07/27
07/29
LOWEST 59 07/23 62
AVG. MAXIMUM 87.4 86.4 1.0 85.3
AVG. MINIMUM 66.6 66.4 0.2 68.7
MEAN 77.0 76.4 0.6 77.0
DAYS MAX >= 90 9 9.1 -0.1 7
DAYS MAX >= 80 30 27
DAYS MAX >= 100 0 0
DAYS MIN <= 32 0 0.0 0.0 0
PRECIPITATION (INCHES)
RECORD
MAXIMUM 9.50 2021
MINIMUM 0.98 1944
TOTALS 3.66 5.08 -1.42 9.41
DAILY AVG. 0.12 0.16 -0.04 0.30
DAYS >= .01 12 12.2 -0.2 18
DAYS >= .10 6 8.4 -2.4 13
DAYS >= .50 4 3.4 0.6 6
DAYS >= 1.00 0 1.6 -1.6 3
GREATEST
24 HR. TOTAL 0.87 07/17 TO 07/18 2.23
DEGREE DAYS
HEATING TOTAL 0 0 0 0
SINCE 7/1 0 0 0 MM
COOLING TOTAL 379 354 25 379
SINCE 1/1 603 738 -135 MM
..............................................................
WIND (MPH)
AVERAGE WIND SPEED 4.6
HIGHEST WIND SPEED/DIRECTION 30/270 DATE 07/28
HIGHEST GUST SPEED/DIRECTION 42/270 DATE 07/28
SKY COVER
AVERAGE SKY COVER 0.30
NUMBER OF DAYS FAIR 20
NUMBER OF DAYS PC 11
NUMBER OF DAYS CLOUDY 0
AVERAGE RH (PERCENT) 72
WEATHER CONDITIONS. NUMBER OF DAYS WITH
THUNDERSTORM 12 MIXED PRECIP 0
HEAVY RAIN 5 RAIN 5
LIGHT RAIN 14 FREEZING RAIN 0
LT FREEZING RAIN 0 HAIL 0
HEAVY SNOW 0 SNOW 0
LIGHT SNOW 0 SLEET 0
FOG 25 FOG W/VIS <= 1/4 MILE 4
HAZE 8
- INDICATES NEGATIVE NUMBERS.
R INDICATES RECORD WAS SET OR TIED.
MM INDICATES DATA IS MISSING.
T INDICATES TRACE AMOUNT.
$$