000
CXUS51 KCAR 010700
CF6HUL
PRELIMINARY LOCAL CLIMATOLOGICAL DATA (WS FORM: F-6)
STATION: HOULTON ME
MONTH: MAY
YEAR: 2022
LATITUDE: 46 7 N
LONGITUDE: 67 48 W
TEMPERATURE IN F: :PCPN: SNOW: WIND :SUNSHINE: SKY :PK WND
================================================================================
1 2 3 4 5 6A 6B 7 8 9 10 11 12 13 14 15 16 17 18
12Z AVG MX 2MIN
DY MAX MIN AVG DEP HDD CDD WTR SNW DPTH SPD SPD DIR MIN PSBL S-S WX SPD DR
================================================================================
1 51 34 43 -3 22 0 0.00 M M 7.9 18 20 M M 9 23 10
2 64 29 47 1 18 0 0.00 M M 1.8 10 90 M M 0 14 60
3 68 33 51 4 14 0 0.00 M M 5.7 13 160 M M 0 20 190
4 50 43 47 0 18 0 0.08 M M 7.3 14 210 M M 9 1 20 220
5 59 33 46 -2 19 0 T M M 9.7 18 20 M M 3 1 30 340
6 51 26 39 -9 26 0 0.00 M M 6.7 21 350 M M 2 27 330
7 55 23 39 -9 26 0 0.00 M M 5.2 18 360 M M 0 27 360
8 63 25 44 -5 21 0 0.00 M M 3.7 14 20 M M 0 17 20
9 70 28 49 0 16 0 0.00 M M 4.5 14 60 M M 0 20 50
10 73 30 52 2 13 0 0.00 M M 4.9 13 70 M M 0 25 30
11 77 33 55 5 10 0 0.00 M M 3.5 12 150 M M 0 16 150
12 82 47 65 15 0 0 0.00 M M 5.9 17 30 M M 1 21 30
13 89 53 71 21 0 6 0.00 M M 8.1 21 220 M M 0 31 220
14 81 57 69 18 0 4 T M M 6.0 13 30 M M 2 18 120
15 61 52 57 6 8 0 0.03 M M 5.8 15 130 M M 9 1 19 130
16 72 52 62 10 3 0 0.05 M M 5.7 12 120 M M 10 1 18 110
17 64 44 54 2 11 0 0.38 M M 11.3 24 240 M M 9 13 36 240
18 61 36 49 -3 16 0 0.01 M M 11.1 22 310 M M 5 31 310
19 67 30 49 -3 16 0 T M M 5.8 16 200 M M 2 26 210
20 61 46 54 1 11 0 0.00 M M 6.1 14 220 M M 7 19 230
21 63 49 56 3 9 0 0.26 M M 8.0 17 180 M M 9 13 29 190
22 73 59 66 13 0 1 0.36 M M 4.6 17 10 M M 8 13 20 10
23 63 35 49 -5 16 0 T M M 10.4 25 360 M M 4 33 10
24 66 32 49 -5 16 0 0.00 M M 3.6 14 340 M M 0 19 330
25 72 40 56 2 9 0 0.00 M M 5.9 13 230 M M 0 18 230
26 67 49 58 4 7 0 0.09 M M 7.2 16 190 M M 4 27 160
27 71 52 62 7 3 0 0.30 M M 5.8 13 200 M M 7 1 20 190
28 76 46 61 6 4 0 0.44 M M 6.9 18 10 M M 8 1 25 210
29 78 44 61 6 4 0 0.00 M M 6.9 21 250 M M 2 1 30 240
30 76 52 64 8 1 0 0.06 M M 6.7 17 270 M M 10 25 260
31 64 37 51 -5 14 0 0.09 M M 9.7 22 10 M M 3 1 27 10
================================================================================
SM 2088 1249 351 11 2.15 M 202.4 M 123
================================================================================
AV 67.4 40.3 6.5 FASTST M M 4 MAX(MPH)
MISC ----> 25 360 36 240
================================================================================
NOTES:
# LAST OF SEVERAL OCCURRENCES
COLUMN 17 PEAK WIND IN M.P.H.
PRELIMINARY LOCAL CLIMATOLOGICAL DATA (WS FORM: F-6) , PAGE 2
STATION: HOULTON ME
MONTH: MAY
YEAR: 2022
LATITUDE: 46 7 N
LONGITUDE: 67 48 W
[TEMPERATURE DATA] [PRECIPITATION DATA] SYMBOLS USED IN COLUMN 16
AVERAGE MONTHLY: 53.8 TOTAL FOR MONTH: 2.15 1 = FOG OR MIST
DPTR FM NORMAL: 2.6 DPTR FM NORMAL: -1.31 2 = FOG REDUCING VISIBILITY
HIGHEST: 89 ON 13 GRTST 24HR 0.59 ON 21-22 TO 1/4 MILE OR LESS
LOWEST: 23 ON 7 3 = THUNDER
SNOW, ICE PELLETS, HAIL 4 = ICE PELLETS
TOTAL MONTH: M 5 = HAIL
GRTST 24HR M ON M 6 = FREEZING RAIN OR DRIZZLE
GRTST DEPTH: M ON M 7 = DUSTSTORM OR SANDSTORM:
VSBY 1/2 MILE OR LESS
8 = SMOKE OR HAZE
[NO. OF DAYS WITH] [WEATHER - DAYS WITH] 9 = BLOWING SNOW
X = TORNADO
MAX 32 OR BELOW: 0 0.01 INCH OR MORE: 12
MAX 90 OR ABOVE: 0 0.10 INCH OR MORE: 5
MIN 32 OR BELOW: 8 0.50 INCH OR MORE: 0
MIN 0 OR BELOW: 0 1.00 INCH OR MORE: 0
[HDD (BASE 65) ]
TOTAL THIS MO. 351 CLEAR (SCALE 0-3) 17
DPTR FM NORMAL -81 PTCLDY (SCALE 4-7) 6
TOTAL FM JUL 1 8275 CLOUDY (SCALE 8-10) 8
DPTR FM NORMAL -583
[CDD (BASE 65) ]
TOTAL THIS MO. 11
DPTR FM NORMAL 6 [PRESSURE DATA]
TOTAL FM JAN 1 11 HIGHEST SLP 30.57 ON 10
DPTR FM NORMAL 6 LOWEST SLP 29.37 ON 17
[REMARKS]
#FINAL-05-22#