000
CXUS51 KCAR 011936
CLMHUL
CLIMATE REPORT
NATIONAL WEATHER SERVICE CARIBOU ME
236 PM EST FRI DEC 01 2023
...................................
...THE HOULTON ME CLIMATE SUMMARY FOR THE MONTH OF NOVEMBER 2023...
CLIMATE NORMAL PERIOD: 1991 TO 2020
CLIMATE RECORD PERIOD: 1948 TO 2023
WEATHER OBSERVED NORMAL DEPART LAST YEAR`S
VALUE DATE(S) VALUE FROM VALUE DATE(S)
NORMAL
................................................................
TEMPERATURE (F)
RECORD
HIGH 73 11/10/2020
LOW -14 11/24/1989
HIGHEST 54 11/04 MM MM 71 11/06
11/17
11/18
LOWEST 5 11/25 MM MM 4 11/24
AVG. MAXIMUM 39.0 41.3 -2.3 45.3
AVG. MINIMUM 22.0 24.8 -2.8 27.9
MEAN 30.5 33.1 -2.6 36.6
DAYS MAX >= 90 0 0.0 0.0 0
DAYS MAX <= 32 8 5.3 2.7 8
DAYS MIN <= 32 30 23.6 6.4 20
DAYS MIN <= 0 0 0.3 -0.3 0
PRECIPITATION (INCHES)
RECORD
MAXIMUM 5.35 2022
MINIMUM 0.65 2019
TOTALS 2.18 -1.43
DAILY AVG. 0.07 0.12 -0.05 0.18
DAYS >= .01 9 11.7 -2.7 13
DAYS >= .10 4 7.1 -3.1 9
DAYS >= .50 2 2.7 -0.7 4
DAYS >= 1.00 0 0.6 -0.6 1
GREATEST
24 HR. TOTAL 0.85 11/18 TO 11/18 2.09 11/11 TO 11/12
SNOWFALL (INCHES)
RECORDS
TOTAL MM MM
TOTALS MM MM MM MM
SINCE 7/1 MM MM MM MM
SNOWDEPTH AVG. MM MM
DAYS >= 1.0 MM MM MM MM
GREATEST
SNOW DEPTH MM MM MM
24 HR TOTAL MM MM
DEGREE DAYS
HEATING TOTAL 1029 959 70
................................................................
WIND (MPH)
AVERAGE WIND SPEED 6.3
HIGHEST WIND SPEED/DIRECTION 23/330 DATE 11/08
HIGHEST GUST SPEED/DIRECTION 40/140 DATE 11/27
SKY COVER
POSSIBLE SUNSHINE (PERCENT) MM
AVERAGE SKY COVER 0.55
NUMBER OF DAYS FAIR 9
NUMBER OF DAYS PC 12
NUMBER OF DAYS CLOUDY 9
AVERAGE RH (PERCENT) 72
WEATHER CONDITIONS. NUMBER OF DAYS WITH
THUNDERSTORM 0 MIXED PRECIP 0
HEAVY RAIN 1 RAIN 2
LIGHT RAIN 10 FREEZING RAIN 0
LT FREEZING RAIN 0 HAIL 0
HEAVY SNOW 0 SNOW 1
LIGHT SNOW 10 SLEET 0
FOG 10 FOG W/VIS <= 1/4 MILE 0
HAZE 2
- INDICATES NEGATIVE NUMBERS.
* INDICATES RECORD WAS SET OR TIED.
MM INDICATES DATA IS MISSING.
T INDICATES TRACE AMOUNT.
$$