000
CXUS56 KMTR 011634
CF6HWD
PRELIMINARY LOCAL CLIMATOLOGICAL DATA (WS FORM: F-6)
STATION: HAYWARD AIRPORT
MONTH: APRIL
YEAR: 2020
LATITUDE: 37 39 N
LONGITUDE: 122 7 W
TEMPERATURE IN F: :PCPN: SNOW: WIND :SUNSHINE: SKY :PK WND
================================================================================
1 2 3 4 5 6A 6B 7 8 9 10 11 12 13 14 15 16 17 18
12Z AVG MX 2MIN
DY MAX MIN AVG DEP HDD CDD WTR SNW DPTH SPD SPD DIR MIN PSBL S-S WX SPD DR
================================================================================
1 61 47 54 -2 11 0 0.00 M M 6.8 20 280 M M 1 23 260
2 65 41 53 -3 12 0 0.00 M M 8.6 23 290 M M 0 27 290
3 61 44 53 -3 12 0 0.00 M M 8.9 17 270 M M 0 22 270
4 60 49 55 -2 10 0 0.42 M M 9.4 20 200 M M 9 1 23 200
5 55 46 51 -6 14 0 0.41 M M 7.0 17 170 M M 8 1 23 160
6 52 43 48 -9 17 0 0.41 0.0 M 3.6 10 150 M M 6 1 12 150
7 63 39 51 -6 14 0 0.00 M M 7.3 21 290 M M 1 24 290
8 62 47 55 -2 10 0 0.00 M M 6.2 15 300 M M 5 17 290
9 64 54 59 2 6 0 0.00 M M 6.9 13 320 M M 9 15 320
10 64 53 59 2 6 0 0.00 M M 8.2 20 280 M M 6 24 280
11 60 52 56 -1 9 0 0.00 M M 8.4 15 290 M M 10 19 290
12 62 53 58 1 7 0 0.00 M M 7.2 17 280 M M 7 21 280
13 68 51 60 3 5 0 0.00 0.0 M 6.3 18 290 M M 3 22 300
14 77 46 62 4 3 0 0.00 M M 6.3 20 270 M M 0 24 290
15 77 49 63 5 2 0 0.00 M M 7.2 17 310 M M 0 22 300
16 62 54 58 0 7 0 0.00 M M 8.5 16 290 M M 9 22 300
17 62 54 58 0 7 0 0.00 M M 9.1 18 250 M M 9 24 260
18 64 54 59 1 6 0 0.00 M M 8.4 18 310 M M 5 22 310
19 65 52 59 1 6 0 0.00 M M 8.0 16 280 M M 4 22 290
20 63 54 59 1 6 0 0.00 M M 10.2 18 270 M M 9 23 290
21 65 54 60 2 5 0 0.00 M M 9.1 20 260 M M 5 24 270
22 71 51 61 3 4 0 0.00 0.0 M 7.1 20 270 M M 3 25 270
23 70 56 63 5 2 0 0.00 0.0 M 6.7 21 290 M M 4 24 280
24 76 52 64 5 1 0 0.00 M M 4.1 14 290 M M 0 17 280
25 78 54 66 7 0 1 0.00 M M 4.8 16 280 M M 0 20 280
26 67 53 60 1 5 0 0.00 M M 5.9 16 280 M M 2 20 290
27 72 52 62 3 3 0 0.00 M M 6.7 20 290 M M 0 25 280
28 77 56 67 8 0 2 0.00 M M 6.1 17 300 M M 2 8 21 280
29 65 55 60 1 5 0 0.00 M M 8.1 17 270 M M 9 22 280
30 69 54 62 3 3 0 0.00 M M 7.7 20 300 M M 4 26 290
================================================================================
SM 1977 1519 198 3 1.24 0.0 218.8 M 130
================================================================================
AV 65.9 50.6 7.3 FASTST M M 4 MAX(MPH)
MISC ----> 23 290 27 290
================================================================================
NOTES:
# LAST OF SEVERAL OCCURRENCES
COLUMN 17 PEAK WIND IN M.P.H.
PRELIMINARY LOCAL CLIMATOLOGICAL DATA (WS FORM: F-6) , PAGE 2
STATION: HAYWARD AIRPORT
MONTH: APRIL
YEAR: 2020
LATITUDE: 37 39 N
LONGITUDE: 122 7 W
[TEMPERATURE DATA] [PRECIPITATION DATA] SYMBOLS USED IN COLUMN 16
AVERAGE MONTHLY: 58.3 TOTAL FOR MONTH: 1.24 1 = FOG OR MIST
DPTR FM NORMAL: 0.6 DPTR FM NORMAL: 0.00 2 = FOG REDUCING VISIBILITY
HIGHEST: 78 ON 25 GRTST 24HR 0.82 ON 4- 5 TO 1/4 MILE OR LESS
LOWEST: 39 ON 7 3 = THUNDER
SNOW, ICE PELLETS, HAIL 4 = ICE PELLETS
TOTAL MONTH: 0.0 INCH 5 = HAIL
GRTST 24HR 0.0 6 = FREEZING RAIN OR DRIZZLE
GRTST DEPTH: M ON M 7 = DUSTSTORM OR SANDSTORM:
VSBY 1/2 MILE OR LESS
8 = SMOKE OR HAZE
[NO. OF DAYS WITH] [WEATHER - DAYS WITH] 9 = BLOWING SNOW
X = TORNADO
MAX 32 OR BELOW: 0 0.01 INCH OR MORE: 3
MAX 90 OR ABOVE: 0 0.10 INCH OR MORE: 3
MIN 32 OR BELOW: 0 0.50 INCH OR MORE: 0
MIN 0 OR BELOW: 0 1.00 INCH OR MORE: 0
[HDD (BASE 65) ]
TOTAL THIS MO. 198 CLEAR (SCALE 0-3) 13
DPTR FM NORMAL -30 PTCLDY (SCALE 4-7) 9
TOTAL FM JUL 1 2022 CLOUDY (SCALE 8-10) 8
DPTR FM NORMAL -268
[CDD (BASE 65) ]
TOTAL THIS MO. 3
DPTR FM NORMAL -6 [PRESSURE DATA]
TOTAL FM JAN 1 3 HIGHEST SLP 30.33 ON 22
DPTR FM NORMAL -9 LOWEST SLP 29.65 ON 5
[REMARKS]
#FINAL-04-20#