000
CXUS52 KMFL 011030
CF6HWO
PRELIMINARY LOCAL CLIMATOLOGICAL DATA (WS FORM: F-6)
STATION: NORTH PERRY ARPT
MONTH: MAY
YEAR: 2023
LATITUDE: 26 0 N
LONGITUDE: 80 14 W
TEMPERATURE IN F: :PCPN: SNOW: WIND :SUNSHINE: SKY :PK WND
================================================================================
1 2 3 4 5 6A 6B 7 8 9 10 11 12 13 14 15 16 17 18
12Z AVG MX 2MIN
DY MAX MIN AVG DEP HDD CDD WTR SNW DPTH SPD SPD DIR MIN PSBL S-S WX SPD DR
================================================================================
1 86 67 77 -1 0 12 0.00 0.0 0 9.6 17 230 M M 1 21 330
2 90 68 79 1 0 14 0.00 0.0 0 8.0 18 240 M M 1 23 220
3 89 69 79 0 0 14 0.00 M M 7.3 16 240 M M 0 23 270
4 87 67 77 -2 0 12 0.00 M M 5.4 15 360 M M 0 20 10
5 86 69 78 -1 0 13 0.00 M M 6.6 16 60 M M 0 22 90
6 87 71 79 0 0 14 0.30 M M 10.1 20 60 M M 3 25 50
7 83 74 79 0 0 14 0.01 M M 13.8 23 80 M M 5 29 50
8 84 70 77 -2 0 12 0.00 0.0 0 8.2 15 70 M M 1 20 60
9 87 70 79 0 0 14 0.00 0.0 0 5.4 15 120 M M 2 19 120
10 90 73 82 3 0 17 0.00 M M 5.5 16 70 M M 0 23 60
11 87 74 81 1 0 16 0.00 M M 9.7 18 50 M M 1 22 60
12 87 77 82 2 0 17 0.01 0.0 0 13.1 21 80 M M 3 27 100
13 86 76 81 1 0 16 0.00 M M 11.5 21 100 M M 2 27 70
14 86 71 79 -1 0 14 0.44 0.0 0 8.7 23 80 M M 3 13 26 90
15 86 73 80 0 0 15 0.40 0.0 0 8.2 18 70 M M 4 13 25 110
16 89 71 80 0 0 15 0.00 0.0 0 5.3 14 120 M M 2 17 120
17 91 73 82 2 0 17 0.95 0.0 0 7.5 33 260 M M 3 3 41 270
18 89 73 81 1 0 16 0.00 0.0 0 4.2 22 180 M M 1 29 180
19 89 76 83 3 0 18 0.06 0.0 0 5.0 18 120 M M 2 3 24 110
20 89 74 82 2 0 17 0.00 M M 7.4 16 80 M M 2 21 90
21 88 75 82 2 0 17 0.00 M M 5.2 15 90 M M 3 19 80
22 88 75 82 1 0 17 0.36 0.0 0 6.0 17 100 M M 4 23 100
23 86 72 79 -2 0 14 2.93 0.0 0 5.7 23 310 M M 5 13 28 300
24 88 71 80 -1 0 15 0.42 0.0 0 4.0 22 140 M M 3 13 26 140
25 84 70 77 -4 0 12 0.89 0.0 0 4.3 33 130 M M 1 13 50 110
26 82 71 77 -4 0 12 0.13 M M 4.8 13 350 M M 3 3 15 90
27 86 70 78 -3 0 13 0.09 M M 6.0 22 90 M M 3 38 29 120
28 93 73 83 2 0 18 0.00 M M 5.7 15 240 M M 1 19 240
29 89 71 80 -1 0 15 0.00 M M 7.8 15 70 M M 1 18 80
30 88 72 80 -2 0 15 0.31 0.0 0 9.2 22 20 M M 4 13 26 20
31 87 73 80 -2 0 15 0.55 0.0 0 5.7 17 290 M M 3 13 24 270
================================================================================
SM 2707 2229 0 460 7.85 0.0 224.9 M 67
================================================================================
AV 87.3 71.9 7.3 FASTST M M 2 MAX(MPH)
MISC ----> # 33 260 50 110
================================================================================
NOTES:
# LAST OF SEVERAL OCCURRENCES
COLUMN 17 PEAK WIND IN M.P.H.
PRELIMINARY LOCAL CLIMATOLOGICAL DATA (WS FORM: F-6) , PAGE 2
STATION: NORTH PERRY ARPT
MONTH: MAY
YEAR: 2023
LATITUDE: 26 0 N
LONGITUDE: 80 14 W
[TEMPERATURE DATA] [PRECIPITATION DATA] SYMBOLS USED IN COLUMN 16
AVERAGE MONTHLY: 79.6 TOTAL FOR MONTH: 7.85 1 = FOG OR MIST
DPTR FM NORMAL: -0.4 DPTR FM NORMAL: 2.67 2 = FOG REDUCING VISIBILITY
HIGHEST: 93 ON 28 GRTST 24HR 3.22 ON 23-24 TO 1/4 MILE OR LESS
LOWEST: 67 ON 4, 1 3 = THUNDER
SNOW, ICE PELLETS, HAIL 4 = ICE PELLETS
TOTAL MONTH: 0.0 INCH 5 = HAIL
GRTST 24HR 0.0 6 = FREEZING RAIN OR DRIZZLE
GRTST DEPTH: 0 7 = DUSTSTORM OR SANDSTORM:
VSBY 1/2 MILE OR LESS
8 = SMOKE OR HAZE
[NO. OF DAYS WITH] [WEATHER - DAYS WITH] 9 = BLOWING SNOW
X = TORNADO
MAX 32 OR BELOW: 0 0.01 INCH OR MORE: 15
MAX 90 OR ABOVE: 4 0.10 INCH OR MORE: 11
MIN 32 OR BELOW: 0 0.50 INCH OR MORE: 4
MIN 0 OR BELOW: 0 1.00 INCH OR MORE: 1
[HDD (BASE 65) ]
TOTAL THIS MO. 0 CLEAR (SCALE 0-3) 22
DPTR FM NORMAL 0 PTCLDY (SCALE 4-7) 9
TOTAL FM JUL 1 81 CLOUDY (SCALE 8-10) 0
DPTR FM NORMAL -39
[CDD (BASE 65) ]
TOTAL THIS MO. 460
DPTR FM NORMAL -5 [PRESSURE DATA]
TOTAL FM JAN 1 1667 HIGHEST SLP 30.15 ON 7
DPTR FM NORMAL 292 LOWEST SLP 29.73 ON 25
[REMARKS]
#FINAL-05-23#