000
CXUS54 KHGX 021158
CF6IAH
PRELIMINARY LOCAL CLIMATOLOGICAL DATA (WS FORM: F-6)
STATION: HOUSTON INTERCONTINENTAL
MONTH: FEBRUARY
YEAR: 2023
LATITUDE: 29 58 N
LONGITUDE: 95 21 W
TEMPERATURE IN F: :PCPN: SNOW: WIND :SUNSHINE: SKY :PK WND
================================================================================
1 2 3 4 5 6A 6B 7 8 9 10 11 12 13 14 15 16 17 18
12Z AVG MX 2MIN
DY MAX MIN AVG DEP HDD CDD WTR SNW DPTH SPD SPD DIR MIN PSBL S-S WX SPD DR
================================================================================
1 40 36 38 -17 27 0 0.13 0.0 0 10.8 21 360 M M 10 1 28 360
2 41 38 40 -15 25 0 0.87 0.0 0 9.8 18 330 M M 10 1 25 330
3 59 39 49 -7 16 0 0.00 0.0 0 7.3 18 350 M M 5 1 22 350
4 63 35 49 -7 16 0 0.00 0.0 0 5.8 16 130 M M 2 23 120
5 74 45 60 4 5 0 0.00 0.0 0 4.8 12 240 M M 3 1 19 230
6 73 49 61 5 4 0 0.00 0.0 0 11.3 23 160 M M 5 1 29 160
7 74 58 66 10 0 1 T 0.0 0 12.1 28 150 M M 9 34 150
8 78 44 61 5 4 0 0.31 0.0 0 11.1 25 280 M M 8 13 36 270
9 72 40 56 -1 9 0 0.00 0.0 0 3.0 14 140 M M 1 1 19 140
10 59 42 51 -6 14 0 0.00 0.0 0 10.5 22 320 M M 6 31 360
11 54 39 47 -10 18 0 0.00 0.0 0 9.4 20 350 M M 5 28 330
12 65 38 52 -5 13 0 0.00 0.0 0 3.1 10 210 M M 4 14 210
13 73 40 57 0 8 0 0.00 0.0 0 6.7 20 150 M M 7 1 28 150
14 80 60 70 12 0 5 0.03 0.0 0 10.2 24 160 M M 8 1 35 230
15 78 64 71 13 0 6 T 0.0 0 9.6 21 160 M M 10 1 27 150
16 72 45 59 1 6 0 0.05 0.0 0 15.1 25 340 M M 10 1 37 320
17 54 36 45 -13 20 0 0.00 0.0 0 12.8 25 350 M M 6 34 340
18 55 33 44 -14 21 0 0.00 0.0 0 4.7 17 140 M M 5 22 100
19 75 43 59 0 6 0 0.00 0.0 0 4.5 13 210 M M 7 20 210
20 79 63 71 12 0 6 0.01 0.0 0 8.3 17 250 M M 7 1 26 260
21 82 69 76 17 0 11 0.00 0.0 0 12.5 22 170 M M 8 32 150
22 81 70 76 17 0 11 0.07 0.0 0 11.5 24 170 M M 8 1 36 160
23 83 70 77 18 0 12 0.00 0.0 0 8.1 18 130 M M 9 18 23 160
24 79 69 74 14 0 9 0.00 0.0 0 9.0 16 130 M M 9 1 19 130
25 82 62 72 12 0 7 0.02 0.0 0 7.6 16 140 M M 9 1 21 100
26 82 70 76 16 0 11 T 0.0 0 11.8 24 150 M M 8 1 32 140
27 84 59 72 12 0 7 T 0.0 0 7.9 18 320 M M 7 8 30 190
28 84 56 70 10 0 5 0.00 0.0 0 7.5 17 160 M M 6 18 23 150
================================================================================
SM 1975 1412 212 91 1.49 0.0 246.8 M 192
================================================================================
AV 70.5 50.4 8.8 FASTST M M 7 MAX(MPH)
MISC ----> 28 150 37 320
================================================================================
NOTES:
# LAST OF SEVERAL OCCURRENCES
COLUMN 17 PEAK WIND IN M.P.H.
PRELIMINARY LOCAL CLIMATOLOGICAL DATA (WS FORM: F-6) , PAGE 2
STATION: HOUSTON INTERCONTINENTAL
MONTH: FEBRUARY
YEAR: 2023
LATITUDE: 29 58 N
LONGITUDE: 95 21 W
[TEMPERATURE DATA] [PRECIPITATION DATA] SYMBOLS USED IN COLUMN 16
AVERAGE MONTHLY: 60.5 TOTAL FOR MONTH: 1.49 1 = FOG OR MIST
DPTR FM NORMAL: 2.8 DPTR FM NORMAL: -1.48 2 = FOG REDUCING VISIBILITY
HIGHEST: 84 ON 28,27 GRTST 24HR 0.87 ON 1- 2 TO 1/4 MILE OR LESS
LOWEST: 33 ON 18 3 = THUNDER
SNOW, ICE PELLETS, HAIL 4 = ICE PELLETS
TOTAL MONTH: 0.0 INCH 5 = HAIL
GRTST 24HR 0.0 6 = FREEZING RAIN OR DRIZZLE
GRTST DEPTH: 0 7 = DUSTSTORM OR SANDSTORM:
VSBY 1/2 MILE OR LESS
8 = SMOKE OR HAZE
[NO. OF DAYS WITH] [WEATHER - DAYS WITH] 9 = BLOWING SNOW
X = TORNADO
MAX 32 OR BELOW: 0 0.01 INCH OR MORE: 8
MAX 90 OR ABOVE: 0 0.10 INCH OR MORE: 3
MIN 32 OR BELOW: 0 0.50 INCH OR MORE: 1
MIN 0 OR BELOW: 0 1.00 INCH OR MORE: 0
[HDD (BASE 65) ]
TOTAL THIS MO. 212 CLEAR (SCALE 0-3) 2
DPTR FM NORMAL -24 PTCLDY (SCALE 4-7) 17
TOTAL FM JUL 1 1014 CLOUDY (SCALE 8-10) 9
DPTR FM NORMAL -96
[CDD (BASE 65) ]
TOTAL THIS MO. 91
DPTR FM NORMAL 59 [PRESSURE DATA]
TOTAL FM JAN 1 132 HIGHEST SLP 30.55 ON 3
DPTR FM NORMAL 82 LOWEST SLP 29.65 ON 22
[REMARKS]
#FINAL-02-23#