000
CXUS54 KHGX 011410
CF6IAH
PRELIMINARY LOCAL CLIMATOLOGICAL DATA (WS FORM: F-6)
STATION: HOUSTON INTERCONTINENTAL
MONTH: SEPTEMBER
YEAR: 2021
LATITUDE: 29 58 N
LONGITUDE: 95 21 W
TEMPERATURE IN F: :PCPN: SNOW: WIND :SUNSHINE: SKY :PK WND
================================================================================
1 2 3 4 5 6A 6B 7 8 9 10 11 12 13 14 15 16 17 18
12Z AVG MX 2MIN
DY MAX MIN AVG DEP HDD CDD WTR SNW DPTH SPD SPD DIR MIN PSBL S-S WX SPD DR
================================================================================
1 96 78 87 3 0 22 0.77 0.0 0 3.9 16 140 M M 4 13 23 140
2 97 76 87 4 0 22 T 0.0 0 3.8 24 150 M M 4 13 28 150
3 94 76 85 2 0 20 0.74 0.0 0 4.0 17 190 M M 4 13 23 190
4 96 74 85 2 0 20 0.00 0.0 0 4.6 15 140 M M 4 19 160
5 96 77 87 4 0 22 0.00 0.0 0 5.0 13 280 M M 4 18 280
6 93 72 83 0 0 18 1.79 0.0 0 6.8 16 60 M M 8 13 21 250
7 94 70 82 0 0 17 0.00 0.0 0 4.3 16 50 M M 6 1 20 20
8 94 69 82 0 0 17 0.00 0.0 0 4.0 12 130 M M 4 17 70
9 93 72 83 1 0 18 0.00 0.0 0 6.6 17 50 M M 2 21 60
10 91 66 79 -3 0 14 0.00 0.0 0 6.8 15 60 M M 1 21 40
11 90 62 76 -6 0 11 0.00 0.0 0 6.3 16 150 M M 2 19 140
12 91 68 80 -1 0 15 0.55 0.0 0 8.1 20 150 M M 5 1 23 150
13 79 70 75 -6 0 10 1.11 0.0 0 11.8 28 90 M M 9 1 38 110
14 78 69 74 -7 0 9 1.53 0.0 0 19.3 37 70 M M 10 1 50 60
15 83 72 78 -3 0 13 T 0.0 0 8.9 15 20 M M 9 1 19 30
16 79 72 76 -4 0 11 0.00 0.0 0 6.4 12 50 M M 8 15 70
17 90 72 81 1 0 16 0.00 0.0 0 3.4 10 30 M M 5 13 280
18 92 74 83 3 0 18 0.27 0.0 0 3.4 22 20 M M 5 3 26 360
19 93 72 83 3 0 18 T 0.0 0 4.2 13 140 M M 4 15 160
20 95 74 85 5 0 20 0.00 0.0 0 5.8 16 140 M M 3 20 140
21 96 75 86 7 0 21 0.05 0.0 0 5.2 28 360 M M 4 138 32 10
22 84 62 73 -6 0 8 0.00 0.0 0 10.5 23 30 M M 3 29 30
23 84 57 71 -8 0 6 0.00 0.0 0 3.8 13 90 M M 1 17 80
24 84 58 71 -8 0 6 0.00 0.0 0 4.5 13 130 M M 1 17 110
25 86 59 73 -5 0 8 0.00 0.0 0 3.7 12 50 M M 3 16 70
26 86 62 74 -4 0 9 0.00 0.0 0 4.7 15 120 M M 2 18 130
27 91 67 79 1 0 14 0.00 0.0 0 5.5 14 140 M M 6 19 130
28 86 71 79 1 0 14 0.66 0.0 0 4.6 21 130 M M 8 13 34 190
29 85 68 77 0 0 12 1.19 0.0 0 6.3 28 310 M M 8 13 35 310
30 89 72 81 4 0 16 0.07 0.0 0 6.9 20 170 M M 7 138 28 150
================================================================================
SM 2685 2086 0 445 8.73 0.0 183.1 M 144
================================================================================
AV 89.5 69.5 6.1 FASTST M M 5 MAX(MPH)
MISC ----> 37 70 50 60
================================================================================
NOTES:
# LAST OF SEVERAL OCCURRENCES
COLUMN 17 PEAK WIND IN M.P.H.
PRELIMINARY LOCAL CLIMATOLOGICAL DATA (WS FORM: F-6) , PAGE 2
STATION: HOUSTON INTERCONTINENTAL
MONTH: SEPTEMBER
YEAR: 2021
LATITUDE: 29 58 N
LONGITUDE: 95 21 W
[TEMPERATURE DATA] [PRECIPITATION DATA] SYMBOLS USED IN COLUMN 16
AVERAGE MONTHLY: 79.5 TOTAL FOR MONTH: 8.73 1 = FOG OR MIST
DPTR FM NORMAL: -1.0 DPTR FM NORMAL: 4.02 2 = FOG REDUCING VISIBILITY
HIGHEST: 97 ON 2 GRTST 24HR 2.53 ON 13-14 TO 1/4 MILE OR LESS
LOWEST: 57 ON 23 3 = THUNDER
SNOW, ICE PELLETS, HAIL 4 = ICE PELLETS
TOTAL MONTH: 0.0 INCH 5 = HAIL
GRTST 24HR 0.0 6 = FREEZING RAIN OR DRIZZLE
GRTST DEPTH: 0 7 = DUSTSTORM OR SANDSTORM:
VSBY 1/2 MILE OR LESS
8 = SMOKE OR HAZE
[NO. OF DAYS WITH] [WEATHER - DAYS WITH] 9 = BLOWING SNOW
X = TORNADO
MAX 32 OR BELOW: 0 0.01 INCH OR MORE: 11
MAX 90 OR ABOVE: 18 0.10 INCH OR MORE: 9
MIN 32 OR BELOW: 0 0.50 INCH OR MORE: 8
MIN 0 OR BELOW: 0 1.00 INCH OR MORE: 4
[HDD (BASE 65) ]
TOTAL THIS MO. 0 CLEAR (SCALE 0-3) 7
DPTR FM NORMAL 0 PTCLDY (SCALE 4-7) 19
TOTAL FM JUL 1 0 CLOUDY (SCALE 8-10) 4
DPTR FM NORMAL 0
[CDD (BASE 65) ]
TOTAL THIS MO. 445
DPTR FM NORMAL -20 [PRESSURE DATA]
TOTAL FM JAN 1 2925 HIGHEST SLP 30.24 ON 22
DPTR FM NORMAL -25 LOWEST SLP 29.71 ON 14
[REMARKS]
#FINAL-09-21#