000
CXUS53 KUNR 011030
CF6ICR
PRELIMINARY LOCAL CLIMATOLOGICAL DATA (WS FORM: F-6)
STATION: WINNER REGIONAL AIRPORT SD
MONTH: NOVEMBER
YEAR: 2023
LATITUDE: 43 23 N
LONGITUDE: 99 50 W
TEMPERATURE IN F: :PCPN: SNOW: WIND :SUNSHINE: SKY :PK WND
================================================================================
1 2 3 4 5 6A 6B 7 8 9 10 11 12 13 14 15 16 17 18
12Z AVG MX 2MIN
DY MAX MIN AVG DEP HDD CDD WTR SNW DPTH SPD SPD DIR MIN PSBL S-S WX SPD DR
================================================================================
1 56 28 42 -2 23 0 0.00 M M 9.0 23 200 M M 0 31 200
2 67 23 45 1 20 0 0.00 M M 5.7 14 110 M M 1 15 190
3 57 32 45 2 20 0 0.00 M M 5.9 14 330 M M 7 18 330
4 68 32 50 7 15 0 T M M 6.8 14 190 M M 1 20 180
5 80 47 64 22 1 0 0.00 M M 14.9 26 180 M M 0 40 250
6 69 44 57 15 8 0 0.00 M M 9.2 20 100 M M 0 24 110
7 60 39 50 9 15 0 0.00 M M 8.4 15 310 M M 0 20 310
8 56 33 45 4 20 0 T M M 11.5 35 320 M M 4 45 310
9 50 19 35 -5 30 0 T M M 11.6 35 300 M M 2 45 300
10 50 19 35 -5 30 0 0.00 M M 8.1 17 90 M M 1 22 110
11 53 23 38 -2 27 0 0.00 M M 3.9 12 180 M M 0 12 170
12 64 32 48 9 17 0 0.00 M M 9.5 24 310 M M 0 8 30 310
13 71 30 51 12 14 0 0.00 M M 19.5 31 180 M M 0 45 180
14 67 34 51 13 14 0 0.00 M M 13.8 29 200 M M 0 39 190
15 73 32 53 15 12 0 0.00 M M 13.1 23 180 M M 0 33 170
16 67 26 47 9 18 0 0.00 M M 15.8 33 310 M M 0 45 310
17 57 22 40 3 25 0 0.00 M M 9.6 18 300 M M 0 25 290
18 69 38 54 17 11 0 0.00 M M 8.2 15 210 M M 0 20 200
19 55 39 47 11 18 0 0.12 M M 13.8 29 140 M M 5 41 140
20 47 37 42 6 23 0 0.14 M M 10.7 22 320 M M 10 30 310
21 46 27 37 1 28 0 0.00 M M 11.5 21 320 M M 0 28 320
22 67 31 49 14 16 0 0.00 M M 10.3 21 310 M M 0 28 300
23 32 21 27 -8 38 0 0.00 M M 9.7 18 20 M M 6 23 30
24 23 15 19 -15 46 0 T M M 4.7 13 30 M M 9 1 16 30
25 29 17 23 -11 42 0 T M M 7.1 13 220 M M 6 18 19 220
26 37 17 27 -6 38 0 T M M 16.1 37 310 M M 5 18 48 310
27 36 17 27 -6 38 0 T M M 9.2 26 310 M M 5 1 35 310
28 54 23 39 6 26 0 0.00 M M 11.7 25 310 M M 0 33 300
29 59 24 42 10 23 0 0.00 M M 9.4 20 200 M M 0 26 200
30 40 18 29 -3 36 0 0.00 M M 7.6 17 290 M M 0 23 280
================================================================================
SM 1659 839 692 0 0.26 M 306.3 M 62
================================================================================
AV 55.3 28.0 10.2 FASTST M M 2 MAX(MPH)
MISC ----> 37 310 48 310
================================================================================
NOTES:
# LAST OF SEVERAL OCCURRENCES
COLUMN 17 PEAK WIND IN M.P.H.
PRELIMINARY LOCAL CLIMATOLOGICAL DATA (WS FORM: F-6) , PAGE 2
STATION: WINNER REGIONAL AIRPORT SD
MONTH: NOVEMBER
YEAR: 2023
LATITUDE: 43 23 N
LONGITUDE: 99 50 W
[TEMPERATURE DATA] [PRECIPITATION DATA] SYMBOLS USED IN COLUMN 16
AVERAGE MONTHLY: 41.6 TOTAL FOR MONTH: 0.26 1 = FOG OR MIST
DPTR FM NORMAL: 3.8 DPTR FM NORMAL: -0.18 2 = FOG REDUCING VISIBILITY
HIGHEST: 80 ON 5 GRTST 24HR 0.25 ON 19-20 TO 1/4 MILE OR LESS
LOWEST: 15 ON 24 3 = THUNDER
SNOW, ICE PELLETS, HAIL 4 = ICE PELLETS
TOTAL MONTH: M 5 = HAIL
GRTST 24HR M ON M 6 = FREEZING RAIN OR DRIZZLE
GRTST DEPTH: M ON M 7 = DUSTSTORM OR SANDSTORM:
VSBY 1/2 MILE OR LESS
8 = SMOKE OR HAZE
[NO. OF DAYS WITH] [WEATHER - DAYS WITH] 9 = BLOWING SNOW
X = TORNADO
MAX 32 OR BELOW: 3 0.01 INCH OR MORE: 2
MAX 90 OR ABOVE: 0 0.10 INCH OR MORE: 2
MIN 32 OR BELOW: 22 0.50 INCH OR MORE: 0
MIN 0 OR BELOW: 0 1.00 INCH OR MORE: 0
[HDD (BASE 65) ]
TOTAL THIS MO. 692 CLEAR (SCALE 0-3) 21
DPTR FM NORMAL -124 PTCLDY (SCALE 4-7) 7
TOTAL FM JUL 1 1174 CLOUDY (SCALE 8-10) 2
DPTR FM NORMAL -183
[CDD (BASE 65) ]
TOTAL THIS MO. 0
DPTR FM NORMAL 0 [PRESSURE DATA]
TOTAL FM JAN 1 1177 HIGHEST SLP 30.71 ON 24
DPTR FM NORMAL 116 LOWEST SLP 29.50 ON 5
[REMARKS]
#FINAL-11-23#