000
CXUS55 KPIH 011100
CF6IDA
PRELIMINARY LOCAL CLIMATOLOGICAL DATA (WS FORM: F-6)
STATION: IDAHO FALLS
MONTH: OCTOBER
YEAR: 2022
LATITUDE: 43 31 N
LONGITUDE: 112 4 W
TEMPERATURE IN F: :PCPN: SNOW: WIND :SUNSHINE: SKY :PK WND
================================================================================
1 2 3 4 5 6A 6B 7 8 9 10 11 12 13 14 15 16 17 18
12Z AVG MX 2MIN
DY MAX MIN AVG DEP HDD CDD WTR SNW DPTH SPD SPD DIR MIN PSBL S-S WX SPD DR
================================================================================
1 61 42 52 0 13 0 0.04 M M 4.1 12 140 M M 6 16 220
2 67 35 51 0 14 0 0.00 M M 3.2 8 80 M M 3 12 220
3 71 39 55 4 10 0 0.00 M M 4.1 10 340 M M 1 14 340
4 72 40 56 6 9 0 0.00 M M 4.0 9 360 M M 0 13 10
5 76 38 57 7 8 0 0.00 M M 3.2 10 60 M M 0 15 80
6 77 37 57 8 8 0 0.00 M M 2.9 8 360 M M 0 10 360
7 76 40 58 9 7 0 0.00 M M 3.3 9 10 M M 0 12 350
8 75 37 56 8 9 0 0.00 M M 3.9 9 210 M M 0 8 13 220
9 75 36 56 8 9 0 0.00 M M 4.0 10 210 M M 0 14 200
10 74 34 54 6 11 0 0.00 M M 10.4 23 210 M M 0 31 230
11 72 45 59 12 6 0 0.00 M M 12.0 23 200 M M 0 30 200
12 70 35 53 6 12 0 0.00 M M 9.5 17 200 M M 0 23 200
13 70 32 51 5 14 0 0.00 M M 2.8 9 220 M M 0 8 14 300
14 70 29 50 4 15 0 0.00 M M 4.4 12 200 M M 0 16 220
15 69 33 51 6 14 0 0.00 M M 10.8 23 20 M M 0 32 20
16 70 32 51 6 14 0 0.00 M M 4.1 14 10 M M 0 8 18 10
17 74 32 53 9 12 0 0.00 M M 3.3 9 10 M M 0 12 360
18 74 32 53 9 12 0 0.00 M M 3.2 8 20 M M 0 10 230
19 72 29 51 7 14 0 0.00 M M 3.5 10 200 M M 0 15 200
20 71 28 50 7 15 0 0.00 M M 7.5 20 210 M M 0 26 210
21 69 39 54 11 11 0 T M M 18.0 37 220 M M 3 47 210
22 59 36 48 6 17 0 0.30 M M 18.4 35 210 M M 10 1 47 210
23 42 33 38 -4 27 0 T M M 7.7 23 350 M M 9 31 350
24 45 28 37 -4 28 0 0.01 M M 18.1 29 210 M M 8 1 38 210
25 47 33 40 -1 25 0 0.02 M M 13.3 23 200 M M 5 1 31 200
26 44 28 36 -5 29 0 0.01 M M 8.2 24 220 M M 7 1 34 220
27 40 24 32 -8 33 0 0.00 M M 7.1 17 200 M M 6 12 22 200
28 47 19 33 -7 32 0 0.00 M M 3.4 7 350 M M 0 10 310
29 52 25 39 0 26 0 0.00 M M 2.8 10 350 M M 0 8 13 340
30 51 21 36 -3 29 0 0.00 M M 4.0 16 220 M M 1 22 210
31 61 33 47 8 18 0 0.00 M M 6.4 20 220 M M 2 27 200
================================================================================
SM 1993 1024 501 0 0.38 M 211.6 M 61
================================================================================
AV 64.3 33.0 6.8 FASTST M M 2 MAX(MPH)
MISC ----> 37 220 # 47 210
================================================================================
NOTES:
# LAST OF SEVERAL OCCURRENCES
COLUMN 17 PEAK WIND IN M.P.H.
PRELIMINARY LOCAL CLIMATOLOGICAL DATA (WS FORM: F-6) , PAGE 2
STATION: IDAHO FALLS
MONTH: OCTOBER
YEAR: 2022
LATITUDE: 43 31 N
LONGITUDE: 112 4 W
[TEMPERATURE DATA] [PRECIPITATION DATA] SYMBOLS USED IN COLUMN 16
AVERAGE MONTHLY: 48.7 TOTAL FOR MONTH: 0.38 1 = FOG OR MIST
DPTR FM NORMAL: 3.7 DPTR FM NORMAL: -0.50 2 = FOG REDUCING VISIBILITY
HIGHEST: 77 ON 6 GRTST 24HR 0.30 ON 22-22 TO 1/4 MILE OR LESS
LOWEST: 19 ON 28 3 = THUNDER
SNOW, ICE PELLETS, HAIL 4 = ICE PELLETS
TOTAL MONTH: M 5 = HAIL
GRTST 24HR M ON M 6 = FREEZING RAIN OR DRIZZLE
GRTST DEPTH: M ON M 7 = DUSTSTORM OR SANDSTORM:
VSBY 1/2 MILE OR LESS
8 = SMOKE OR HAZE
[NO. OF DAYS WITH] [WEATHER - DAYS WITH] 9 = BLOWING SNOW
X = TORNADO
MAX 32 OR BELOW: 0 0.01 INCH OR MORE: 5
MAX 90 OR ABOVE: 0 0.10 INCH OR MORE: 1
MIN 32 OR BELOW: 13 0.50 INCH OR MORE: 0
MIN 0 OR BELOW: 0 1.00 INCH OR MORE: 0
[HDD (BASE 65) ]
TOTAL THIS MO. 501 CLEAR (SCALE 0-3) 24
DPTR FM NORMAL -121 PTCLDY (SCALE 4-7) 5
TOTAL FM JUL 1 606 CLOUDY (SCALE 8-10) 2
DPTR FM NORMAL -318
[CDD (BASE 65) ]
TOTAL THIS MO. 0
DPTR FM NORMAL 0 [PRESSURE DATA]
TOTAL FM JAN 1 565 HIGHEST SLP 30.49 ON 28
DPTR FM NORMAL 317 LOWEST SLP 29.37 ON 22
[REMARKS]
#FINAL-10-22#