000
CXUS51 KPHI 010815
CF6ILG
PRELIMINARY LOCAL CLIMATOLOGICAL DATA (WS FORM: F-6)
STATION: WILMINGTON DE
MONTH: AUGUST
YEAR: 2020
LATITUDE: 39 40 N
LONGITUDE: 75 36 W
TEMPERATURE IN F: :PCPN: SNOW: WIND :SUNSHINE: SKY :PK WND
================================================================================
1 2 3 4 5 6A 6B 7 8 9 10 11 12 13 14 15 16 17 18
12Z AVG MX 2MIN
DY MAX MIN AVG DEP HDD CDD WTR SNW DPTH SPD SPD DIR MIN PSBL S-S WX SPD DR
================================================================================
1 88 70 79 2 0 14 0.00 0.0 0 6.9 18 170 M M 3 18 21 180
2 92 77 85 9 0 20 0.00 0.0 0 11.6 21 220 M M 5 27 210
3 88 73 81 5 0 16 0.02 0.0 M 6.4 14 210 M M 3 3 20 210
4 82 69 76 0 0 11 4.48 0.0 0 12.2 43 310 M M 7 13 58 330
5 87 68 78 2 0 13 T 0.0 0 3.6 12 280 M M 1 15 320
6 82 70 76 0 0 11 0.21 0.0 0 6.3 14 120 M M 3 13 19 100
7 85 69 77 1 0 12 0.62 0.0 0 6.2 24 330 M M 8 13 33 320
8 85 69 77 1 0 12 0.00 0.0 0 3.9 9 170 M M 4 14 340
9 86 70 78 2 0 13 0.03 0.0 0 4.5 15 150 M M 2 3 19 160
10 91 74 83 7 0 18 0.00 0.0 0 6.4 17 160 M M 1 22 170
11 88 73 81 5 0 16 0.00 0.0 0 6.8 16 150 M M 3 1 20 180
12 89 74 82 6 0 17 T 0.0 0 3.2 21 180 M M 3 3 24 170
13 80 73 77 1 0 12 0.16 0.0 0 3.3 10 80 M M 4 13 13 90
14 87 70 79 3 0 14 0.00 0.0 0 9.5 23 40 M M 4 1 28 40
15 80 67 74 -2 0 9 T 0.0 0 8.2 17 80 M M 3 20 40
16 73 64 69 -6 0 4 1.04 0.0 0 9.6 16 30 M M 8 1 23 30
17 83 61 72 -3 0 7 0.07 0.0 0 5.8 16 310 M M 3 22 320
18 85 63 74 -1 0 9 0.00 0.0 0 3.5 13 320 M M 1 17 320
19 83 67 75 0 0 10 0.07 0.0 0 4.6 15 30 M M 5 1 19 360
20 82 62 72 -3 0 7 0.00 0.0 0 6.3 14 40 M M 0 18 40
21 84 64 74 -1 0 9 T 0.0 0 5.8 15 190 M M 1 18 190
22 86 71 79 4 0 14 T 0.0 0 5.8 13 180 M M 2 20 230
23 82 70 76 2 0 11 0.44 0.0 0 4.2 24 290 M M 5 13 33 270
24 90 68 79 5 0 14 0.00 0.0 0 5.2 14 260 M M 1 1 16 250
25 91 71 81 7 0 16 0.29 0.0 0 9.0 35 310 M M 1 3 45 310
26 83 65 74 0 0 9 0.00 0.0 0 7.8 21 300 M M 1 25 300
27 91 71 81 7 0 16 0.00 0.0 0 10.8 22 230 M M 2 30 230
28 89 71 80 6 0 15 0.52 0.0 0 5.7 33 310 M M 1 13 40 300
29 81 71 76 3 0 11 1.40 0.0 0 6.8 17 310 M M 5 12 22 300
30 81 61 71 -2 0 6 0.00 0.0 0 8.0 20 320 M M 1 26 320
31 76 61 69 -4 0 4 0.01 0.0 0 5.6 15 140 M M 5 20 160
================================================================================
SM 2630 2127 0 370 9.36 0.0 203.5 M 96
================================================================================
AV 84.8 68.6 6.6 FASTST M M 3 MAX(MPH)
MISC ----> 43 310 58 330
================================================================================
NOTES:
# LAST OF SEVERAL OCCURRENCES
COLUMN 17 PEAK WIND IN M.P.H.
PRELIMINARY LOCAL CLIMATOLOGICAL DATA (WS FORM: F-6) , PAGE 2
STATION: WILMINGTON DE
MONTH: AUGUST
YEAR: 2020
LATITUDE: 39 40 N
LONGITUDE: 75 36 W
[TEMPERATURE DATA] [PRECIPITATION DATA] SYMBOLS USED IN COLUMN 16
AVERAGE MONTHLY: 76.7 TOTAL FOR MONTH: 9.36 1 = FOG OR MIST
DPTR FM NORMAL: 1.5 DPTR FM NORMAL: 6.11 2 = FOG REDUCING VISIBILITY
HIGHEST: 92 ON 2 GRTST 24HR 4.49 ON 3- 4 TO 1/4 MILE OR LESS
LOWEST: 61 ON 31,30 3 = THUNDER
SNOW, ICE PELLETS, HAIL 4 = ICE PELLETS
TOTAL MONTH: 0.0 INCH 5 = HAIL
GRTST 24HR 0.0 6 = FREEZING RAIN OR DRIZZLE
GRTST DEPTH: 0 7 = DUSTSTORM OR SANDSTORM:
VSBY 1/2 MILE OR LESS
8 = SMOKE OR HAZE
[NO. OF DAYS WITH] [WEATHER - DAYS WITH] 9 = BLOWING SNOW
X = TORNADO
MAX 32 OR BELOW: 0 0.01 INCH OR MORE: 14
MAX 90 OR ABOVE: 5 0.10 INCH OR MORE: 9
MIN 32 OR BELOW: 0 0.50 INCH OR MORE: 5
MIN 0 OR BELOW: 0 1.00 INCH OR MORE: 3
[HDD (BASE 65) ]
TOTAL THIS MO. 0 CLEAR (SCALE 0-3) 18
DPTR FM NORMAL -2 PTCLDY (SCALE 4-7) 12
TOTAL FM JUL 1 0 CLOUDY (SCALE 8-10) 1
DPTR FM NORMAL 0
[CDD (BASE 65) ]
TOTAL THIS MO. 370
DPTR FM NORMAL 54 [PRESSURE DATA]
TOTAL FM JAN 1 1152 HIGHEST SLP 30.17 ON 8
DPTR FM NORMAL 159 LOWEST SLP 29.45 ON 4
[REMARKS]
#FINAL-08-20#