000
CXUS52 KILM 011129
CF6ILM
PRELIMINARY LOCAL CLIMATOLOGICAL DATA (WS FORM: F-6)
STATION: WILMINGTON NORTH CAROLINA
MONTH: APRIL
YEAR: 2021
LATITUDE: 34 16 N
LONGITUDE: 77 55 W
TEMPERATURE IN F: :PCPN: SNOW: WIND :SUNSHINE: SKY :PK WND
================================================================================
1 2 3 4 5 6A 6B 7 8 9 10 11 12 13 14 15 16 17 18
12Z AVG MX 2MIN
DY MAX MIN AVG DEP HDD CDD WTR SNW DPTH SPD SPD DIR MIN PSBL S-S WX SPD DR
================================================================================
1 67 43 55 -4 10 0 T 0.0 0 13.4 24 310 M M 7 8 32 310
2 52 35 44 -16 21 0 0.00 0.0 0 12.4 22 320 M M 0 30 320
3 61 30 46 -14 19 0 0.00 0.0 0 4.4 14 170 M M 0 21 30
4 76 40 58 -2 7 0 0.00 0.0 0 9.2 17 200 M M 0 26 260
5 77 50 64 4 1 0 0.00 0.0 0 7.0 14 160 M M 0 17 160
6 86 53 70 9 0 5 0.00 0.0 0 8.7 16 290 M M 0 8 22 290
7 89 55 72 11 0 7 0.00 0.0 0 8.9 16 220 M M 0 23 220
8 85 63 74 13 0 9 0.00 0.0 0 8.5 16 130 M M 0 21 140
9 82 57 70 9 0 5 0.00 0.0 0 6.2 17 190 M M 1 1 22 200
10 78 62 70 8 0 5 0.13 0.0 0 7.2 18 170 M M 6 1 24 180
11 81 65 73 11 0 8 0.40 0.0 0 11.8 21 180 M M 4 13 28 180
12 83 61 72 10 0 7 0.00 0.0 0 9.4 21 280 M M 0 24 280
13 77 54 66 4 0 1 0.00 0.0 0 8.1 18 320 M M 1 25 350
14 77 53 65 2 0 0 0.00 0.0 0 10.2 23 210 M M 2 32 210
15 78 57 68 5 0 3 0.10 0.0 0 8.1 23 220 M M 7 1 32 230
16 70 50 60 -3 5 0 0.00 0.0 0 7.7 17 10 M M 3 1 21 350
17 70 55 63 0 2 0 0.00 0.0 0 5.5 14 120 M M 1 16 140
18 73 54 64 0 1 0 0.00 0.0 0 4.2 13 120 M M 3 1 17 100
19 80 49 65 1 0 0 0.00 0.0 0 6.4 26 330 M M 4 1 34 330
20 73 44 59 -5 6 0 0.00 0.0 0 4.1 14 130 M M 0 18 140
21 83 52 68 4 0 3 0.00 0.0 0 13.0 26 240 M M 1 35 240
22 64 39 52 -12 13 0 0.00 0.0 0 9.5 23 330 M M 0 35 270
23 66 36 51 -14 14 0 0.00 0.0 0 5.1 18 170 M M 0 18 23 190
24 71 48 60 -5 5 0 T 0.0 0 9.2 24 170 M M 4 33 170
25 75 54 65 0 0 0 0.11 0.0 0 7.3 21 240 M M 7 1 30 250
26 75 48 62 -3 3 0 0.00 0.0 0 4.7 14 40 M M 0 18 130
27 80 50 65 -1 0 0 0.00 0.0 0 8.7 20 220 M M 0 1 28 230
28 82 60 71 5 0 6 0.00 0.0 0 11.6 21 220 M M 0 29 230
29 84 67 76 10 0 11 0.00 0.0 0 13.6 23 210 M M 0 31 210
30 84 64 74 8 0 9 0.00 0.0 0 13.8 25 290 M M 1 31 290
================================================================================
SM 2279 1548 107 79 0.74 0.0 257.9 M 52
================================================================================
AV 76.0 51.6 8.6 FASTST M M 2 MAX(MPH)
MISC ----> # 26 330 # 35 240
================================================================================
NOTES:
# LAST OF SEVERAL OCCURRENCES
COLUMN 17 PEAK WIND IN M.P.H.
PRELIMINARY LOCAL CLIMATOLOGICAL DATA (WS FORM: F-6) , PAGE 2
STATION: WILMINGTON NORTH CAROLINA
MONTH: APRIL
YEAR: 2021
LATITUDE: 34 16 N
LONGITUDE: 77 55 W
[TEMPERATURE DATA] [PRECIPITATION DATA] SYMBOLS USED IN COLUMN 16
AVERAGE MONTHLY: 63.8 TOTAL FOR MONTH: 0.74 1 = FOG OR MIST
DPTR FM NORMAL: 0.9 DPTR FM NORMAL: -2.08 2 = FOG REDUCING VISIBILITY
HIGHEST: 89 ON 7 GRTST 24HR 1.32 ON 31- 1 TO 1/4 MILE OR LESS
LOWEST: 30 ON 3 3 = THUNDER
SNOW, ICE PELLETS, HAIL 4 = ICE PELLETS
TOTAL MONTH: 0.0 INCH 5 = HAIL
GRTST 24HR 0.0 6 = FREEZING RAIN OR DRIZZLE
GRTST DEPTH: 0 7 = DUSTSTORM OR SANDSTORM:
VSBY 1/2 MILE OR LESS
8 = SMOKE OR HAZE
[NO. OF DAYS WITH] [WEATHER - DAYS WITH] 9 = BLOWING SNOW
X = TORNADO
MAX 32 OR BELOW: 0 0.01 INCH OR MORE: 4
MAX 90 OR ABOVE: 0 0.10 INCH OR MORE: 4
MIN 32 OR BELOW: 1 0.50 INCH OR MORE: 0
MIN 0 OR BELOW: 0 1.00 INCH OR MORE: 0
[HDD (BASE 65) ]
TOTAL THIS MO. 107 CLEAR (SCALE 0-3) 22
DPTR FM NORMAL -23 PTCLDY (SCALE 4-7) 8
TOTAL FM JUL 1 2024 CLOUDY (SCALE 8-10) 0
DPTR FM NORMAL -359
[CDD (BASE 65) ]
TOTAL THIS MO. 79
DPTR FM NORMAL 12 [PRESSURE DATA]
TOTAL FM JAN 1 133 HIGHEST SLP 30.50 ON 3
DPTR FM NORMAL 45 LOWEST SLP 29.56 ON 11
[REMARKS]
#FINAL-04-21#