000
CXUS52 KILM 011000
CF6ILM
PRELIMINARY LOCAL CLIMATOLOGICAL DATA (WS FORM: F-6)
STATION: WILMINGTON NORTH CAROLINA
MONTH: AUGUST
YEAR: 2020
LATITUDE: 34 16 N
LONGITUDE: 77 55 W
TEMPERATURE IN F: :PCPN: SNOW: WIND :SUNSHINE: SKY :PK WND
================================================================================
1 2 3 4 5 6A 6B 7 8 9 10 11 12 13 14 15 16 17 18
12Z AVG MX 2MIN
DY MAX MIN AVG DEP HDD CDD WTR SNW DPTH SPD SPD DIR MIN PSBL S-S WX SPD DR
================================================================================
1 94 76 85 4 0 20 0.28 0.0 0 7.7 21 190 M M 1 13 26 180
2 94 80 87 6 0 22 0.00 0.0 0 8.6 15 160 M M 1 20 160
3 86 75 81 0 0 16 2.06 0.0 0 11.6 47 140 M M 5 138 73 140
4 92 73 83 2 0 18 0.24 0.0 0 10.3 46 200 M M 4 1 67 220
5 88 75 82 1 0 17 0.22 0.0 0 3.5 14 270 M M 1 13 18 280
6 89 77 83 3 0 18 0.41 0.0 0 4.2 22 180 M M 2 13 26 180
7 90 75 83 3 0 18 0.19 0.0 0 4.6 14 260 M M 2 13 17 160
8 89 73 81 1 0 16 0.12 0.0 0 3.6 14 150 M M 1 13 19 160
9 91 75 83 3 0 18 0.08 0.0 0 2.3 25 40 M M 2 138 30 40
10 93 75 84 4 0 19 0.00 0.0 0 5.7 16 170 M M 2 1 21 190
11 90 76 83 3 0 18 0.00 0.0 0 4.5 13 180 M M 1 13 16 170
12 88 74 81 1 0 16 T 0.0 0 5.0 14 110 M M 2 1 17 120
13 88 74 81 1 0 16 2.14 0.0 0 4.6 23 280 M M 6 13 30 280
14 91 74 83 3 0 18 T 0.0 0 6.7 14 230 M M 3 3 18 230
15 89 77 83 3 0 18 0.13 0.0 0 6.8 17 190 M M 5 13 22 190
16 88 74 81 1 0 16 0.72 0.0 0 7.5 20 300 M M 7 13 26 300
17 88 72 80 0 0 15 0.00 0.0 0 5.5 9 160 M M 5 14 170
18 92 74 83 3 0 18 0.00 0.0 0 3.6 10 190 M M 2 14 130
19 85 73 79 -1 0 14 0.00 0.0 0 4.6 14 130 M M 2 3 18 190
20 86 72 79 -1 0 14 0.05 0.0 0 4.6 12 130 M M 4 13 15 130
21 85 72 79 0 0 14 0.04 0.0 0 2.9 12 130 M M 3 14 120
22 90 74 82 3 0 17 T 0.0 0 5.6 12 210 M M 0 13 16 220
23 86 74 80 1 0 15 0.11 0.0 0 1.7 17 150 M M 3 13 27 140
24 87 73 80 1 0 15 1.63 0.0 0 2.3 17 100 M M 5 13 19 100
25 89 76 83 4 0 18 T 0.0 0 6.9 16 260 M M 2 1 20 270
26 92 77 85 6 0 20 0.00 0.0 0 6.1 13 360 M M 1 20 330
27 94 75 85 6 0 20 0.00 0.0 0 6.0 15 210 M M 0 1 17 210
28 94 79 87 8 0 22 0.00 0.0 0 9.8 16 210 M M 0 21 200
29 92 81 87 9 0 22 0.01 0.0 0 13.1 26 230 M M 2 3 35 220
30 90 77 84 6 0 19 0.00 0.0 0 6.3 15 250 M M 2 18 250
31 89 76 83 5 0 18 0.06 0.0 0 7.7 20 100 M M 4 24 100
================================================================================
SM 2779 2328 0 545 8.49 0.0 183.9 M 80
================================================================================
AV 89.6 75.1 5.9 FASTST M M 3 MAX(MPH)
MISC ----> 47 140 73 140
================================================================================
NOTES:
# LAST OF SEVERAL OCCURRENCES
COLUMN 17 PEAK WIND IN M.P.H.
PRELIMINARY LOCAL CLIMATOLOGICAL DATA (WS FORM: F-6) , PAGE 2
STATION: WILMINGTON NORTH CAROLINA
MONTH: AUGUST
YEAR: 2020
LATITUDE: 34 16 N
LONGITUDE: 77 55 W
[TEMPERATURE DATA] [PRECIPITATION DATA] SYMBOLS USED IN COLUMN 16
AVERAGE MONTHLY: 82.4 TOTAL FOR MONTH: 8.49 1 = FOG OR MIST
DPTR FM NORMAL: 2.7 DPTR FM NORMAL: 1.08 2 = FOG REDUCING VISIBILITY
HIGHEST: 94 ON 28,27 GRTST 24HR 2.30 ON 3- 4 TO 1/4 MILE OR LESS
LOWEST: 72 ON 21,20 3 = THUNDER
SNOW, ICE PELLETS, HAIL 4 = ICE PELLETS
TOTAL MONTH: 0.0 INCH 5 = HAIL
GRTST 24HR 0.0 6 = FREEZING RAIN OR DRIZZLE
GRTST DEPTH: 0 7 = DUSTSTORM OR SANDSTORM:
VSBY 1/2 MILE OR LESS
8 = SMOKE OR HAZE
[NO. OF DAYS WITH] [WEATHER - DAYS WITH] 9 = BLOWING SNOW
X = TORNADO
MAX 32 OR BELOW: 0 0.01 INCH OR MORE: 17
MAX 90 OR ABOVE: 15 0.10 INCH OR MORE: 12
MIN 32 OR BELOW: 0 0.50 INCH OR MORE: 4
MIN 0 OR BELOW: 0 1.00 INCH OR MORE: 3
[HDD (BASE 65) ]
TOTAL THIS MO. 0 CLEAR (SCALE 0-3) 22
DPTR FM NORMAL 0 PTCLDY (SCALE 4-7) 9
TOTAL FM JUL 1 0 CLOUDY (SCALE 8-10) 0
DPTR FM NORMAL 0
[CDD (BASE 65) ]
TOTAL THIS MO. 545
DPTR FM NORMAL 89 [PRESSURE DATA]
TOTAL FM JAN 1 1790 HIGHEST SLP 30.19 ON 23
DPTR FM NORMAL 167 LOWEST SLP 29.30 ON 3
[REMARKS]
#FINAL-08-20#