000
CXUS53 KILX 012108
CLAILX
CLIMATE REPORT
NATIONAL WEATHER SERVICE LINCOLN IL
308 PM CST MON JAN 01 2024
...................................
...THE LINCOLN IL CLIMATE SUMMARY FOR THE YEAR OF 2023...
CLIMATE NORMAL PERIOD 1991 TO 2020
CLIMATE RECORD PERIOD 1905 TO 2023
WEATHER OBSERVED NORMAL DEPART LAST YEAR`S
VALUE DATE(S) VALUE FROM VALUE
NORMAL
..............................................................
TEMPERATURE (F)
RECORD
HIGH 113 07/15/1936
LOW -34 01/15/1927
HIGHEST 97 08/24 MM MM 96
LOWEST 4 02/01 MM MM -9
AVG. MAXIMUM 67.0 62.8 4.2 62.2
AVG. MINIMUM 44.3 41.7 2.6 40.3
MEAN 55.7 52.2 3.5 51.2
DAYS MAX >= 90 18 24.2 -6.2 15
DAYS MAX <= 32 7 32.7 -25.7 37
DAYS MIN <= 32 92 125.7 -33.7 127
DAYS MIN <= 0 0 6.9 -6.9 10
PRECIPITATION (INCHES)
RECORD
MAXIMUM 56.25 2008
MINIMUM 14.03 1988
TOTALS 34.30 39.83 -5.53 36.41
DAILY AVG. 0.10 0.10
DAYS >= .01 103 117.9 -14.9 109
DAYS >= .10 63 72.4 -9.4 67
DAYS >= .50 21 25.9 -4.9 27
DAYS >= 1.00 6 8.9 -2.9 7
GREATEST
24 HR. TOTAL 3.40 2.10
SNOWFALL (INCHES)
RECORDS
TOTAL 50.9 1914
24 HR TOTAL 13.0 02/23/1914 TO 02/23/1914
TOTALS 6.8 19.3 -12.5 28.5
DAYS >= TRACE 30 16.5 13.5 48
DAYS >= 1.0 2 6.6 -4.6 8
GREATEST
SNOW DEPTH 1 01/26 10
01/27
11/26
24 HR TOTAL 1.8 11/26 TO 11/26 8.3
DEGREE DAYS
HEATING TOTAL 3895 5624 -1729 5911
COOLING TOTAL 897 1014 -117 1025
FREEZE DATES
RECORD
EARLIEST 09/11/1917
LATEST 05/29/1925
EARLIEST 10/30
LATEST 04/26
..............................................................
SKY COVER
POSSIBLE SUNSHINE (PERCENT) MM
WEATHER CONDITIONS. NUMBER OF DAYS WITH
THUNDERSTORM 43 MIXED PRECIP 0
HEAVY RAIN 32 RAIN 56
LIGHT RAIN 121 FREEZING RAIN 0
LT FREEZING RAIN 1 HAIL 0
HEAVY SNOW 0 SNOW 2
LIGHT SNOW 27 SLEET 3
FOG 76 FOG W/VIS <= 1/4 MILE 9
HAZE 4
- INDICATES NEGATIVE NUMBERS.
R INDICATES RECORD WAS SET OR TIED.
MM INDICATES DATA IS MISSING.
T INDICATES TRACE AMOUNT.
$$